{"id":38,"date":"2014-09-18T12:34:08","date_gmt":"2014-09-18T11:34:08","guid":{"rendered":"http:\/\/agora.xtec.cat\/ceipsotdelcamp\/?page_id=38"},"modified":"2025-11-30T21:16:07","modified_gmt":"2025-11-30T20:16:07","slug":"salut","status":"publish","type":"page","link":"https:\/\/agora.xtec.cat\/ceipsotdelcamp\/lescola\/salut\/","title":{"rendered":"Protocols de Salut"},"content":{"rendered":"<h4>\ud83d\udccdAL.L\u00c8RGIES ALIMENT\u00c0RIES<\/h4>\n<p>Si el vostre fill\/a t\u00e9 alguna al\u00b7l\u00e8rgia aliment\u00e0ria s&#8217;ha d&#8217;informar al centre i al servei de menjador, si n&#8217;\u00e9s usuari.<\/p>\n<p>Podeu descarregar la fitxa i enviar-la a l&#8217;escola:<\/p>\n<h5><a href=\"https:\/\/agora.xtec.cat\/ceipsotdelcamp\/wp-content\/uploads\/usu1699\/2022\/02\/Fitxa-Alergies.pdf\">Fitxa Al\u00b7l\u00e8rgies<\/a><\/h5>\n<h4><\/h4>\n<h4><\/h4>\n<h4>\ud83d\udccdADMINISTRACI\u00d3 DE MEDICAMENTS AL CENTRE:<\/h4>\n<p>Si hem de subministrar algun medicament. S&#8217;ha de descarregar aquest document i adjuntar la recepta m\u00e8dica.<\/p>\n<h5><a href=\"https:\/\/agora.xtec.cat\/ceipsotdelcamp\/wp-content\/uploads\/usu1699\/2025\/07\/Administracio-de-paracetamol.pdf\">Administraci\u00f3 de paracetamol<\/a><\/h5>\n<h5>Administraci\u00f3 de medicaments<\/h5>\n<h4><\/h4>\n<h4>\ud83d\udccdDetecci\u00f3 de polls<\/h4>\n<p>Si es detecten polls, es important que es segueixen les recomanacions pertinents i no torni a l&#8217;escola fins haver fet el tractament de forma correcta.<\/p>\n<h5>Si voleu m\u00e9s informaci\u00f3 sobre el tema,<a href=\"http:\/\/canalsalut.gencat.cat\/ca\/detalls\/article\/Polls-00001\"> cliqueu el seg\u00fcent enlla\u00e7.<\/a><\/h5>\n<p>&nbsp;<\/p>\n<h4>\ud83d\udea9INFORMACIONS GENERALS DE SALUT:<\/h4>\n<h5>Per temes de Salut m\u00e9s general aqu\u00ed us deixem un enlla\u00e7 que us port ser de gran utilitat.<\/h5>\n<ol>\n<li><a href=\"https:\/\/canalsalut.gencat.cat\/ca\/vida-saludable\/etapes-de-la-vida\/infants-adolescencia\/index.html\">Canal Salut Inf\u00e0ncia i adolesc\u00e8ncia<\/a><\/li>\n<li><a href=\"https:\/\/educacio.gencat.cat\/ca\/arees-actuacio\/families\/families-escola\/escolaritat\/salut-seguretat-escola\/index.html\">Salut i seguretat a l&#8217;escola<\/a><\/li>\n<\/ol>\n<h4>\ud83d\udea9CRITERIS DE NO ASSIST\u00c8NCIA A L&#8217;ESCOLA:<\/h4>\n<p>L&#8217;Ag\u00e8ncia de Salut P\u00fablica de Catalunya ha publicat els criteris de no assist\u00e8ncia a l&#8217;escola en cas de malalties transmissibles.<\/p>\n<p>Podeu descarregar el document a l&#8217;enlla\u00e7: <a href=\"https:\/\/agora.xtec.cat\/ceipsotdelcamp\/wp-content\/uploads\/usu1699\/2025\/11\/Criteris-de-no-assistencia-a-lescola-per-motius-de-salut.pdf\">Criteris de no assist\u00e8ncia a l&#8217;escola per motius de salut<\/a><\/p>\n<p>&nbsp;<\/p>\n","protected":false},"excerpt":{"rendered":"<p>\ud83d\udccdAL.L\u00c8RGIES ALIMENT\u00c0RIES Si el vostre fill\/a t\u00e9 alguna al\u00b7l\u00e8rgia aliment\u00e0ria s&#8217;ha d&#8217;informar al centre i al servei de menjador, si n&#8217;\u00e9s usuari. Podeu descarregar la fitxa i enviar-la a l&#8217;escola: Fitxa Al\u00b7l\u00e8rgies \ud83d\udccdADMINISTRACI\u00d3 DE MEDICAMENTS AL CENTRE: Si hem de subministrar algun medicament. S&#8217;ha de descarregar aquest document i adjuntar la recepta m\u00e8dica. Administraci\u00f3 de [&hellip;]<\/p>\n","protected":false},"author":1,"featured_media":0,"parent":22,"menu_order":80,"comment_status":"closed","ping_status":"closed","template":"","meta":{"_bbp_topic_count":0,"_bbp_reply_count":0,"_bbp_total_topic_count":0,"_bbp_total_reply_count":0,"_bbp_voice_count":0,"_bbp_anonymous_reply_count":0,"_bbp_topic_count_hidden":0,"_bbp_reply_count_hidden":0,"_bbp_forum_subforum_count":0,"site-sidebar-layout":"default","site-content-layout":"","ast-site-content-layout":"default","site-content-style":"default","site-sidebar-style":"default","ast-global-header-display":"","ast-banner-title-visibility":"","ast-main-header-display":"","ast-hfb-above-header-display":"","ast-hfb-below-header-display":"","ast-hfb-mobile-header-display":"","site-post-title":"","ast-breadcrumbs-content":"","ast-featured-img":"","footer-sml-layout":"","theme-transparent-header-meta":"default","adv-header-id-meta":"","stick-header-meta":"","header-above-stick-meta":"","header-main-stick-meta":"","header-below-stick-meta":"","astra-migrate-meta-layouts":"set","ast-page-background-enabled":"default","ast-page-background-meta":{"desktop":{"background-color":"var(--ast-global-color-4)","background-image":"","background-repeat":"repeat","background-position":"center center","background-size":"auto","background-attachment":"scroll","background-type":"","background-media":"","overlay-type":"","overlay-color":"","overlay-opacity":"","overlay-gradient":""},"tablet":{"background-color":"","background-image":"","background-repeat":"repeat","background-position":"center center","background-size":"auto","background-attachment":"scroll","background-type":"","background-media":"","overlay-type":"","overlay-color":"","overlay-opacity":"","overlay-gradient":""},"mobile":{"background-color":"","background-image":"","background-repeat":"repeat","background-position":"center center","background-size":"auto","background-attachment":"scroll","background-type":"","background-media":"","overlay-type":"","overlay-color":"","overlay-opacity":"","overlay-gradient":""}},"ast-content-background-meta":{"desktop":{"background-color":"var(--ast-global-color-5)","background-image":"","background-repeat":"repeat","background-position":"center center","background-size":"auto","background-attachment":"scroll","background-type":"","background-media":"","overlay-type":"","overlay-color":"","overlay-opacity":"","overlay-gradient":""},"tablet":{"background-color":"var(--ast-global-color-5)","background-image":"","background-repeat":"repeat","background-position":"center center","background-size":"auto","background-attachment":"scroll","background-type":"","background-media":"","overlay-type":"","overlay-color":"","overlay-opacity":"","overlay-gradient":""},"mobile":{"background-color":"var(--ast-global-color-5)","background-image":"","background-repeat":"repeat","background-position":"center center","background-size":"auto","background-attachment":"scroll","background-type":"","background-media":"","overlay-type":"","overlay-color":"","overlay-opacity":"","overlay-gradient":""}},"footnotes":""},"class_list":["post-38","page","type-page","status-publish","hentry"],"post_mailing_queue_ids":[],"_links":{"self":[{"href":"https:\/\/agora.xtec.cat\/ceipsotdelcamp\/wp-json\/wp\/v2\/pages\/38","targetHints":{"allow":["GET"]}}],"collection":[{"href":"https:\/\/agora.xtec.cat\/ceipsotdelcamp\/wp-json\/wp\/v2\/pages"}],"about":[{"href":"https:\/\/agora.xtec.cat\/ceipsotdelcamp\/wp-json\/wp\/v2\/types\/page"}],"author":[{"embeddable":true,"href":"https:\/\/agora.xtec.cat\/ceipsotdelcamp\/wp-json\/wp\/v2\/users\/1"}],"replies":[{"embeddable":true,"href":"https:\/\/agora.xtec.cat\/ceipsotdelcamp\/wp-json\/wp\/v2\/comments?post=38"}],"version-history":[{"count":6,"href":"https:\/\/agora.xtec.cat\/ceipsotdelcamp\/wp-json\/wp\/v2\/pages\/38\/revisions"}],"predecessor-version":[{"id":9520,"href":"https:\/\/agora.xtec.cat\/ceipsotdelcamp\/wp-json\/wp\/v2\/pages\/38\/revisions\/9520"}],"up":[{"embeddable":true,"href":"https:\/\/agora.xtec.cat\/ceipsotdelcamp\/wp-json\/wp\/v2\/pages\/22"}],"wp:attachment":[{"href":"https:\/\/agora.xtec.cat\/ceipsotdelcamp\/wp-json\/wp\/v2\/media?parent=38"}],"curies":[{"name":"wp","href":"https:\/\/api.w.org\/{rel}","templated":true}]}}