{"id":28,"date":"2014-09-18T12:29:35","date_gmt":"2014-09-18T11:29:35","guid":{"rendered":"http:\/\/agora.xtec.cat\/ceipsotdelcamp\/?page_id=28"},"modified":"2025-10-12T13:14:18","modified_gmt":"2025-10-12T11:14:18","slug":"consell-escolar","status":"publish","type":"page","link":"https:\/\/agora.xtec.cat\/ceipsotdelcamp\/lescola\/consell-escolar\/","title":{"rendered":"Consell escolar"},"content":{"rendered":"<p>El Consell escolar est\u00e0 constitu\u00eft per:<\/p>\n<div class=\"wpb_text_column wpb_content_element \">\n<div class=\"wpb_wrapper\">\n<ul>\n<li><strong>Presidenta:<\/strong> Aurora Clemente<\/li>\n<li><strong>Secret\u00e0ria:<\/strong> N\u00faria Clofent<\/li>\n<li><strong>Cap d\u2019estudis:<\/strong> Eva Garc\u00eda<\/li>\n<li><strong>Representant Ajuntament:<\/strong> Mati P\u00e9rez<\/li>\n<li><strong>Representants mestres:<\/strong> Vanessa Costa, Eva G\u00f3mez, Laura Garc\u00eda,\u00a0 Susanna Mir i Mireia Romero<\/li>\n<li><strong>Representants fam\u00edlies:<\/strong> Nevena Marincic, Mireia Amat,\u00a0 Marta Canyes i Laura Malinverni<\/li>\n<li><strong>Representant AFA:<\/strong> Ana Claudia Dos Santos<\/li>\n<li><strong>PAS:<\/strong> Rosa Argel\u00e9s.<\/li>\n<\/ul>\n<p>Es reuneix de forma peri\u00f2dica i com a m\u00ednim un cop al trimestre.<\/p>\n<h5><strong>Qu\u00e8 \u00e9s el Consell Escolar de Centre?<\/strong><\/h5>\n<p>Podeu consultar la informaci\u00f3 en aquest enlla\u00e7 de la Generalitat de Catalunya. <strong><a href=\"https:\/\/educacio.gencat.cat\/ca\/arees-actuacio\/centres-serveis-educatius\/centres\/consells-escolars-centres\/\">CONSELL ESCOLAR<\/a><\/strong><\/p>\n<h5><strong>Vols contactar amb el sector fam\u00edlies del Consell Escolar?<\/strong><\/h5>\n<h6>Si voleu fer una consulta al consell escolar de l&#8217;escola podeu fer-ho al correu:\u00a0 consellescolarsdc@gmail.com<\/h6>\n<h5><\/h5>\n<h5><strong>Comissions del Consell Escolar de Centre:<\/strong><\/h5>\n<ul>\n<li>Comissi\u00f3 de menjador. Funci\u00f3 de supervisi\u00f3 i millora de l&#8217;espai del temps de migdia.<\/li>\n<li>Comissi\u00f3 de conviv\u00e8ncia. Funci\u00f3 de supervisi\u00f3 de la conviv\u00e8ncia al centre.<\/li>\n<li>Comissi\u00f3 permanent. Funci\u00f3 d&#8217;aprovaci\u00f3 de sortides i activitats escolars o altres requeriments.<\/li>\n<li>Comissi\u00f3 econ\u00f2mica. Funci\u00f3 d&#8217;aprovaci\u00f3 de modificacions econ\u00f2miques.<\/li>\n<\/ul>\n<p>Totes les funcions del consell escolar estan recollides a les NOFC del centre (veure Men\u00fa-projecte de conviv\u00e8ncia).<\/p>\n<p>A t\u00edtol gen\u00e8ric el Departament d&#8217;Educaci\u00f3 t\u00e9 aquesta <a href=\"http:\/\/familiaiescola.gencat.cat\/ca\/escolaritat\/participacio-compromis\/participacio-coresponsabilitzacio\/participacio-funcionament-centre\/consell-escolar\/\"><b>PUBLICACI\u00d3<\/b><\/a><\/p>\n<\/div>\n<\/div>\n","protected":false},"excerpt":{"rendered":"<p>El Consell escolar est\u00e0 constitu\u00eft per: Presidenta: Aurora Clemente Secret\u00e0ria: N\u00faria Clofent Cap d\u2019estudis: Eva Garc\u00eda Representant Ajuntament: Mati P\u00e9rez Representants mestres: Vanessa Costa, Eva G\u00f3mez, Laura Garc\u00eda,\u00a0 Susanna Mir i Mireia Romero Representants fam\u00edlies: Nevena Marincic, Mireia Amat,\u00a0 Marta Canyes i Laura Malinverni Representant AFA: Ana Claudia Dos Santos PAS: Rosa Argel\u00e9s. Es reuneix [&hellip;]<\/p>\n","protected":false},"author":1,"featured_media":0,"parent":22,"menu_order":30,"comment_status":"closed","ping_status":"closed","template":"","meta":{"_bbp_topic_count":0,"_bbp_reply_count":0,"_bbp_total_topic_count":0,"_bbp_total_reply_count":0,"_bbp_voice_count":0,"_bbp_anonymous_reply_count":0,"_bbp_topic_count_hidden":0,"_bbp_reply_count_hidden":0,"_bbp_forum_subforum_count":0,"site-sidebar-layout":"default","site-content-layout":"","ast-site-content-layout":"default","site-content-style":"default","site-sidebar-style":"default","ast-global-header-display":"","ast-banner-title-visibility":"","ast-main-header-display":"","ast-hfb-above-header-display":"","ast-hfb-below-header-display":"","ast-hfb-mobile-header-display":"","site-post-title":"","ast-breadcrumbs-content":"","ast-featured-img":"","footer-sml-layout":"","theme-transparent-header-meta":"default","adv-header-id-meta":"","stick-header-meta":"","header-above-stick-meta":"","header-main-stick-meta":"","header-below-stick-meta":"","astra-migrate-meta-layouts":"set","ast-page-background-enabled":"default","ast-page-background-meta":{"desktop":{"background-color":"var(--ast-global-color-4)","background-image":"","background-repeat":"repeat","background-position":"center center","background-size":"auto","background-attachment":"scroll","background-type":"","background-media":"","overlay-type":"","overlay-color":"","overlay-opacity":"","overlay-gradient":""},"tablet":{"background-color":"","background-image":"","background-repeat":"repeat","background-position":"center center","background-size":"auto","background-attachment":"scroll","background-type":"","background-media":"","overlay-type":"","overlay-color":"","overlay-opacity":"","overlay-gradient":""},"mobile":{"background-color":"","background-image":"","background-repeat":"repeat","background-position":"center center","background-size":"auto","background-attachment":"scroll","background-type":"","background-media":"","overlay-type":"","overlay-color":"","overlay-opacity":"","overlay-gradient":""}},"ast-content-background-meta":{"desktop":{"background-color":"var(--ast-global-color-5)","background-image":"","background-repeat":"repeat","background-position":"center center","background-size":"auto","background-attachment":"scroll","background-type":"","background-media":"","overlay-type":"","overlay-color":"","overlay-opacity":"","overlay-gradient":""},"tablet":{"background-color":"var(--ast-global-color-5)","background-image":"","background-repeat":"repeat","background-position":"center center","background-size":"auto","background-attachment":"scroll","background-type":"","background-media":"","overlay-type":"","overlay-color":"","overlay-opacity":"","overlay-gradient":""},"mobile":{"background-color":"var(--ast-global-color-5)","background-image":"","background-repeat":"repeat","background-position":"center center","background-size":"auto","background-attachment":"scroll","background-type":"","background-media":"","overlay-type":"","overlay-color":"","overlay-opacity":"","overlay-gradient":""}},"footnotes":""},"class_list":["post-28","page","type-page","status-publish","hentry"],"post_mailing_queue_ids":[],"_links":{"self":[{"href":"https:\/\/agora.xtec.cat\/ceipsotdelcamp\/wp-json\/wp\/v2\/pages\/28","targetHints":{"allow":["GET"]}}],"collection":[{"href":"https:\/\/agora.xtec.cat\/ceipsotdelcamp\/wp-json\/wp\/v2\/pages"}],"about":[{"href":"https:\/\/agora.xtec.cat\/ceipsotdelcamp\/wp-json\/wp\/v2\/types\/page"}],"author":[{"embeddable":true,"href":"https:\/\/agora.xtec.cat\/ceipsotdelcamp\/wp-json\/wp\/v2\/users\/1"}],"replies":[{"embeddable":true,"href":"https:\/\/agora.xtec.cat\/ceipsotdelcamp\/wp-json\/wp\/v2\/comments?post=28"}],"version-history":[{"count":6,"href":"https:\/\/agora.xtec.cat\/ceipsotdelcamp\/wp-json\/wp\/v2\/pages\/28\/revisions"}],"predecessor-version":[{"id":9371,"href":"https:\/\/agora.xtec.cat\/ceipsotdelcamp\/wp-json\/wp\/v2\/pages\/28\/revisions\/9371"}],"up":[{"embeddable":true,"href":"https:\/\/agora.xtec.cat\/ceipsotdelcamp\/wp-json\/wp\/v2\/pages\/22"}],"wp:attachment":[{"href":"https:\/\/agora.xtec.cat\/ceipsotdelcamp\/wp-json\/wp\/v2\/media?parent=28"}],"curies":[{"name":"wp","href":"https:\/\/api.w.org\/{rel}","templated":true}]}}

<p>El Consell escolar està constituït per:</p>
<div class="wpb_text_column wpb_content_element ">
<div class="wpb_wrapper">
<ul>
<li><strong>Presidenta:</strong> Aurora Clemente</li>
<li><strong>Secretària:</strong> Núria Clofent</li>
<li><strong>Cap d’estudis:</strong> Eva García</li>
<li><strong>Representant Ajuntament:</strong> Mati Pérez</li>
<li><strong>Representants mestres:</strong> Vanessa Costa, Eva Gómez, Laura García,  Susanna Mir i Mireia Romero</li>
<li><strong>Representants famílies:</strong> Nevena Marincic, Mireia Amat,  Marta Canyes i Laura Malinverni</li>
<li><strong>Representant AFA:</strong> Ana Claudia Dos Santos</li>
<li><strong>PAS:</strong> Rosa Argelés.</li>
</ul>
<p>Es reuneix de forma periòdica i com a mínim un cop al trimestre.</p>
<h5><strong>Què és el Consell Escolar de Centre?</strong></h5>
<p>Podeu consultar la informació en aquest enllaç de la Generalitat de Catalunya. <strong><a href="https://educacio.gencat.cat/ca/arees-actuacio/centres-serveis-educatius/centres/consells-escolars-centres/">CONSELL ESCOLAR</a></strong></p>
<h5><strong>Vols contactar amb el sector famílies del Consell Escolar?</strong></h5>
<h6>Si voleu fer una consulta al consell escolar de l&#8217;escola podeu fer-ho al correu:  consellescolarsdc@gmail.com</h6>
<h5></h5>
<h5><strong>Comissions del Consell Escolar de Centre:</strong></h5>
<ul>
<li>Comissió de menjador. Funció de supervisió i millora de l&#8217;espai del temps de migdia.</li>
<li>Comissió de convivència. Funció de supervisió de la convivència al centre.</li>
<li>Comissió permanent. Funció d&#8217;aprovació de sortides i activitats escolars o altres requeriments.</li>
<li>Comissió econòmica. Funció d&#8217;aprovació de modificacions econòmiques.</li>
</ul>
<p>Totes les funcions del consell escolar estan recollides a les NOFC del centre (veure Menú-projecte de convivència).</p>
<p>A títol genèric el Departament d&#8217;Educació té aquesta <a href="http://familiaiescola.gencat.cat/ca/escolaritat/participacio-compromis/participacio-coresponsabilitzacio/participacio-funcionament-centre/consell-escolar/"><b>PUBLICACIÓ</b></a></p>
</div>
</div>

<p>El Consell escolar està constituït per: Presidenta: Aurora Clemente Secretària: Núria Clofent Cap d’estudis: Eva García Representant Ajuntament: Mati Pérez Representants mestres: Vanessa Costa, Eva Gómez, Laura García,  Susanna Mir i Mireia Romero Representants famílies: Nevena Marincic, Mireia Amat,  Marta Canyes i Laura Malinverni Representant AFA: Ana Claudia Dos Santos PAS: Rosa Argelés. Es reuneix [&hellip;]</p>
