{"id":22,"date":"2014-09-18T12:19:57","date_gmt":"2014-09-18T11:19:57","guid":{"rendered":"http:\/\/agora.xtec.cat\/ceipsotdelcamp\/?page_id=22"},"modified":"2018-02-07T10:28:27","modified_gmt":"2018-02-07T09:28:27","slug":"lescola","status":"publish","type":"page","link":"https:\/\/agora.xtec.cat\/ceipsotdelcamp\/lescola\/","title":{"rendered":"L&#8217;escola"},"content":{"rendered":"<div class=\"vc_toggle_content\">\n<p><strong>QUI SOM?<\/strong><\/p>\n<p>L\u2019escola Sot del Camp \u00e9s un centre de la xarxa p\u00fablica del Departament d\u2019Ensenyament de la Generalitat de Catalunya que va comen\u00e7ar a funcionar el curs 2005-06.<\/p>\n<p>Al llarg de tots aquests anys ha anat creixent i actualment tenim 1 l\u00ednia A Educaci\u00f3 Infantil i 2 l\u00ednies a Educaci\u00f3 Prim\u00e0ria.<\/p>\n<p>&nbsp;<\/p>\n<p><strong>QU\u00c8 VOLEM?<\/strong><\/p>\n<p>Ideol\u00f2gicament \u00e9s una escola pluralista, tant en la vessant pol\u00edtica com religiosa. L\u2019escola \u00e9s respectuosa envers totes les ideologies i creences, sempre dins l\u2019\u00e0mbit dels drets humans.<\/p>\n<p>&nbsp;<\/p>\n<p>\u00c9s una escola activa en el tractament dels continguts i que d\u00f3na les eines b\u00e0siques i necess\u00e0ries perqu\u00e8 mitjan\u00e7ant l\u2019experimentaci\u00f3, l\u2019estudi i l\u2019observaci\u00f3, s\u2019arribi a l\u2019adquisici\u00f3 dels coneixements.<\/p>\n<p>&nbsp;<\/p>\n<p>Tamb\u00e9 \u00e9s una escola oberta i integrada en la vida social i cultural del poble.<\/p>\n<p>&nbsp;<\/p>\n<p>En definitiva el que pret\u00e9n \u00e9s desenvolupar les compet\u00e8ncies b\u00e0siques de l\u2019alumnat perqu\u00e8 els nois i noies siguin persones responsables, aut\u00f2nomes i solid\u00e0ries per a ser capaces d\u2019adaptar-se a noves situacions i consolidar les bases per desenvolupar un aprenentatge permanent al llarg de la vida.<\/p>\n<p>&nbsp;<\/p>\n<p><strong>FAM\u00cdLIA I ESCOLA<\/strong><\/p>\n<p>L\u2019escola ofereix canals de participaci\u00f3 i atenci\u00f3 perqu\u00e8 entenem que la col.laboraci\u00f3 i confian\u00e7a entre les fam\u00edlies i l\u2019Equip de mestres fomenta l\u2019acci\u00f3 educativa.<\/p>\n<p>Els canals de comunicaci\u00f3 s\u00f3n les reunions de les fam\u00edlies, els informes i les entrevistes peri\u00f2diques que es poden fer al llarg del curs. Tamb\u00e9 compartim festes escolars.<\/p>\n<p>&nbsp;<br \/>\n&nbsp;<\/p>\n<p><strong>AMPA<\/strong><\/p>\n<p>L\u2019Associaci\u00f3 de mares i pares de l\u2019escola \u00e9s una entitat sense \u00e0nim de lucre. L\u2019objectiu \u00e9s el de contribuir a la qualitat de l\u2019ensenyament que rep l\u2019alumnat del centre.<\/p>\n<p>Per tal de portar-ho a terme, les fam\u00edlies fan una aportaci\u00f3 de 40\u20ac per fam\u00edlia i per tot el curs escolar.<\/p>\n<p>&nbsp;<\/p>\n<p><strong>SERVEIS I ACTIVITATS EXTRAESCOLARS<\/strong><\/p>\n<p>Les activitats extraescolars volen oferir un complement a la tasca educativa del centre, essent sempre de car\u00e0cter voluntari per l\u2019alumnat del centre. Annex.<\/p>\n<p>En estreta col.laboraci\u00f3 amb l\u2019AMPA, l\u2019escola ofereix tot un seguit d\u2019activitats extraescolars i serveis.<\/p>\n<p><em><u>Servei de menjador<\/u><\/em><\/p>\n<p>L\u2019escola disposa d\u2019un servei de menjador que pret\u00e9n que els alumnes s\u2019alimentin adequadament i utilitzin uns bons h\u00e0bits. Alhora ajudar-los a conviure durant l\u2019\u00e0pat i en els moments de les activitats programades al migdia.<\/p>\n<p>Els menus s\u00f3n elaborats a la cuina pr\u00f2pia de l\u2019escola.<\/p>\n<p>Aquest servei el gestiona l\u2019Empresa Set i Tria.<\/p>\n<p>El preu del tiquet diari pels alumnes fixes \u00e9s de 6,20\u20ac, i els espor\u00e0dics 6,80\u20ac.<br \/>\n<strong>\u00c0REA D\u2019INFLU\u00c8NCIA<\/strong><\/p>\n<p>La nostra \u00e0rea d\u2019influ\u00e8ncia \u00e9s tot el poble de Sant Vicen\u00e7 de Montalt, i el nostre centre est\u00e0 adscrit a l\u2019Institut Esteve Albert de Sant Vicen\u00e7 de Montalt.<\/p>\n<p>&nbsp;<\/p>\n<p><strong>ADAPTACIONS F\u00cdSIQUES<\/strong><\/p>\n<p>L\u2019edifici de la nostra escola compta amb ascensor per a accedir al 1r pis. Tamb\u00e9 compta amb una rampa per accedir de les pistes poliesportives al sorral del pati de Prim\u00e0ria.<\/p>\n<p>&nbsp;<\/p>\n<p><strong>SOCIALITZACI\u00d3 DE LLIBRES DE TEXT<\/strong><\/p>\n<p>La nostra escola porta a terme a partir de 3r de Prim\u00e0ria el projecte de socialitzaci\u00f3 de llibres de text. Quota de manteniment a partir de 3r: 30\u20ac.<\/p>\n<\/div>\n","protected":false},"excerpt":{"rendered":"<p>QUI SOM? L\u2019escola Sot del Camp \u00e9s un centre de la xarxa p\u00fablica del Departament d\u2019Ensenyament de la Generalitat de Catalunya que va comen\u00e7ar a funcionar el curs 2005-06. Al llarg de tots aquests anys ha anat creixent i actualment tenim 1 l\u00ednia A Educaci\u00f3 Infantil i 2 l\u00ednies a Educaci\u00f3 Prim\u00e0ria. &nbsp; QU\u00c8 VOLEM? [&hellip;]<\/p>\n","protected":false},"author":1,"featured_media":0,"parent":0,"menu_order":0,"comment_status":"closed","ping_status":"closed","template":"page-templates\/side-menu.php","meta":{"_bbp_topic_count":0,"_bbp_reply_count":0,"_bbp_total_topic_count":0,"_bbp_total_reply_count":0,"_bbp_voice_count":0,"_bbp_anonymous_reply_count":0,"_bbp_topic_count_hidden":0,"_bbp_reply_count_hidden":0,"_bbp_forum_subforum_count":0,"site-sidebar-layout":"default","site-content-layout":"","ast-site-content-layout":"","site-content-style":"default","site-sidebar-style":"default","ast-global-header-display":"","ast-banner-title-visibility":"","ast-main-header-display":"","ast-hfb-above-header-display":"","ast-hfb-below-header-display":"","ast-hfb-mobile-header-display":"","site-post-title":"","ast-breadcrumbs-content":"","ast-featured-img":"","footer-sml-layout":"","theme-transparent-header-meta":"","adv-header-id-meta":"","stick-header-meta":"","header-above-stick-meta":"","header-main-stick-meta":"","header-below-stick-meta":"","astra-migrate-meta-layouts":"default","ast-page-background-enabled":"default","ast-page-background-meta":{"desktop":{"background-color":"var(--ast-global-color-4)","background-image":"","background-repeat":"repeat","background-position":"center center","background-size":"auto","background-attachment":"scroll","background-type":"","background-media":"","overlay-type":"","overlay-color":"","overlay-opacity":"","overlay-gradient":""},"tablet":{"background-color":"","background-image":"","background-repeat":"repeat","background-position":"center center","background-size":"auto","background-attachment":"scroll","background-type":"","background-media":"","overlay-type":"","overlay-color":"","overlay-opacity":"","overlay-gradient":""},"mobile":{"background-color":"","background-image":"","background-repeat":"repeat","background-position":"center center","background-size":"auto","background-attachment":"scroll","background-type":"","background-media":"","overlay-type":"","overlay-color":"","overlay-opacity":"","overlay-gradient":""}},"ast-content-background-meta":{"desktop":{"background-color":"var(--ast-global-color-5)","background-image":"","background-repeat":"repeat","background-position":"center center","background-size":"auto","background-attachment":"scroll","background-type":"","background-media":"","overlay-type":"","overlay-color":"","overlay-opacity":"","overlay-gradient":""},"tablet":{"background-color":"var(--ast-global-color-5)","background-image":"","background-repeat":"repeat","background-position":"center center","background-size":"auto","background-attachment":"scroll","background-type":"","background-media":"","overlay-type":"","overlay-color":"","overlay-opacity":"","overlay-gradient":""},"mobile":{"background-color":"var(--ast-global-color-5)","background-image":"","background-repeat":"repeat","background-position":"center center","background-size":"auto","background-attachment":"scroll","background-type":"","background-media":"","overlay-type":"","overlay-color":"","overlay-opacity":"","overlay-gradient":""}},"footnotes":""},"class_list":["post-22","page","type-page","status-publish","hentry"],"post_mailing_queue_ids":[],"_links":{"self":[{"href":"https:\/\/agora.xtec.cat\/ceipsotdelcamp\/wp-json\/wp\/v2\/pages\/22","targetHints":{"allow":["GET"]}}],"collection":[{"href":"https:\/\/agora.xtec.cat\/ceipsotdelcamp\/wp-json\/wp\/v2\/pages"}],"about":[{"href":"https:\/\/agora.xtec.cat\/ceipsotdelcamp\/wp-json\/wp\/v2\/types\/page"}],"author":[{"embeddable":true,"href":"https:\/\/agora.xtec.cat\/ceipsotdelcamp\/wp-json\/wp\/v2\/users\/1"}],"replies":[{"embeddable":true,"href":"https:\/\/agora.xtec.cat\/ceipsotdelcamp\/wp-json\/wp\/v2\/comments?post=22"}],"version-history":[{"count":3,"href":"https:\/\/agora.xtec.cat\/ceipsotdelcamp\/wp-json\/wp\/v2\/pages\/22\/revisions"}],"predecessor-version":[{"id":515,"href":"https:\/\/agora.xtec.cat\/ceipsotdelcamp\/wp-json\/wp\/v2\/pages\/22\/revisions\/515"}],"wp:attachment":[{"href":"https:\/\/agora.xtec.cat\/ceipsotdelcamp\/wp-json\/wp\/v2\/media?parent=22"}],"curies":[{"name":"wp","href":"https:\/\/api.w.org\/{rel}","templated":true}]}}

<div class="vc_toggle_content">
<p><strong>QUI SOM?</strong></p>
<p>L’escola Sot del Camp és un centre de la xarxa pública del Departament d’Ensenyament de la Generalitat de Catalunya que va començar a funcionar el curs 2005-06.</p>
<p>Al llarg de tots aquests anys ha anat creixent i actualment tenim 1 línia A Educació Infantil i 2 línies a Educació Primària.</p>
<p>&nbsp;</p>
<p><strong>QUÈ VOLEM?</strong></p>
<p>Ideològicament és una escola pluralista, tant en la vessant política com religiosa. L’escola és respectuosa envers totes les ideologies i creences, sempre dins l’àmbit dels drets humans.</p>
<p>&nbsp;</p>
<p>És una escola activa en el tractament dels continguts i que dóna les eines bàsiques i necessàries perquè mitjançant l’experimentació, l’estudi i l’observació, s’arribi a l’adquisició dels coneixements.</p>
<p>&nbsp;</p>
<p>També és una escola oberta i integrada en la vida social i cultural del poble.</p>
<p>&nbsp;</p>
<p>En definitiva el que pretén és desenvolupar les competències bàsiques de l’alumnat perquè els nois i noies siguin persones responsables, autònomes i solidàries per a ser capaces d’adaptar-se a noves situacions i consolidar les bases per desenvolupar un aprenentatge permanent al llarg de la vida.</p>
<p>&nbsp;</p>
<p><strong>FAMÍLIA I ESCOLA</strong></p>
<p>L’escola ofereix canals de participació i atenció perquè entenem que la col.laboració i confiança entre les famílies i l’Equip de mestres fomenta l’acció educativa.</p>
<p>Els canals de comunicació són les reunions de les famílies, els informes i les entrevistes periòdiques que es poden fer al llarg del curs. També compartim festes escolars.</p>
<p>&nbsp;<br />
&nbsp;</p>
<p><strong>AMPA</strong></p>
<p>L’Associació de mares i pares de l’escola és una entitat sense ànim de lucre. L’objectiu és el de contribuir a la qualitat de l’ensenyament que rep l’alumnat del centre.</p>
<p>Per tal de portar-ho a terme, les famílies fan una aportació de 40€ per família i per tot el curs escolar.</p>
<p>&nbsp;</p>
<p><strong>SERVEIS I ACTIVITATS EXTRAESCOLARS</strong></p>
<p>Les activitats extraescolars volen oferir un complement a la tasca educativa del centre, essent sempre de caràcter voluntari per l’alumnat del centre. Annex.</p>
<p>En estreta col.laboració amb l’AMPA, l’escola ofereix tot un seguit d’activitats extraescolars i serveis.</p>
<p><em><u>Servei de menjador</u></em></p>
<p>L’escola disposa d’un servei de menjador que pretén que els alumnes s’alimentin adequadament i utilitzin uns bons hàbits. Alhora ajudar-los a conviure durant l’àpat i en els moments de les activitats programades al migdia.</p>
<p>Els menus són elaborats a la cuina pròpia de l’escola.</p>
<p>Aquest servei el gestiona l’Empresa Set i Tria.</p>
<p>El preu del tiquet diari pels alumnes fixes és de 6,20€, i els esporàdics 6,80€.<br />
<strong>ÀREA D’INFLUÈNCIA</strong></p>
<p>La nostra àrea d’influència és tot el poble de Sant Vicenç de Montalt, i el nostre centre està adscrit a l’Institut Esteve Albert de Sant Vicenç de Montalt.</p>
<p>&nbsp;</p>
<p><strong>ADAPTACIONS FÍSIQUES</strong></p>
<p>L’edifici de la nostra escola compta amb ascensor per a accedir al 1r pis. També compta amb una rampa per accedir de les pistes poliesportives al sorral del pati de Primària.</p>
<p>&nbsp;</p>
<p><strong>SOCIALITZACIÓ DE LLIBRES DE TEXT</strong></p>
<p>La nostra escola porta a terme a partir de 3r de Primària el projecte de socialització de llibres de text. Quota de manteniment a partir de 3r: 30€.</p>
</div>

<p>QUI SOM? L’escola Sot del Camp és un centre de la xarxa pública del Departament d’Ensenyament de la Generalitat de Catalunya que va començar a funcionar el curs 2005-06. Al llarg de tots aquests anys ha anat creixent i actualment tenim 1 línia A Educació Infantil i 2 línies a Educació Primària. &nbsp; QUÈ VOLEM? [&hellip;]</p>
