{"id":8734,"date":"2024-12-13T09:35:38","date_gmt":"2024-12-13T08:35:38","guid":{"rendered":"https:\/\/agora.xtec.cat\/ceipsorianomontagut\/?page_id=8734"},"modified":"2024-12-13T12:48:47","modified_gmt":"2024-12-13T11:48:47","slug":"aula-sensorial","status":"publish","type":"page","link":"https:\/\/agora.xtec.cat\/ceipsorianomontagut\/aula-sensorial\/","title":{"rendered":"Aula sensorial"},"content":{"rendered":"<p>La sala Snoezelen o aula multisensorial, que est\u00e0 preparada per proporcionar experi\u00e8ncies sensorials a trav\u00e9s de sons, interaccions t\u00e0ctils, olors, sensacions de llum, gust\u2026 L\u2019aula t\u00e9 diverses zones en funci\u00f3 dels sentits que es vol estimular, encara que hi ha elements de la sala que serveixen per estimular diversos sentits alhora.<\/p>\n<p>Funcions que es poden promoure en una sala Snoezelen:<\/p>\n<ul>\n<li>Relaxaci\u00f3.<\/li>\n<li>Desenvolupament de la confian\u00e7a en un mateix.<\/li>\n<li>Incentivar l&#8217;exploraci\u00f3 i les capacitats creatives.<\/li>\n<li>Establir una bona comunicaci\u00f3.<\/li>\n<li>Proporcionar sensaci\u00f3 de benestar i lleure.<\/li>\n<li>Promoure la capacitat d\u2019elecci\u00f3.<\/li>\n<li>Augmentar el temps d\u2019atenci\u00f3 i concentraci\u00f3.<\/li>\n<li>Reduir canvis i alteracions conductuals.<img loading=\"lazy\" decoding=\"async\" class=\"aligncenter size-medium wp-image-8759\" src=\"https:\/\/agora.xtec.cat\/ceipsorianomontagut\/wp-content\/uploads\/usu1929\/2024\/12\/aulasensorial-225x300.jpg\" alt=\"\" width=\"225\" height=\"300\" srcset=\"https:\/\/agora.xtec.cat\/ceipsorianomontagut\/wp-content\/uploads\/usu1929\/2024\/12\/aulasensorial-225x300.jpg 225w, https:\/\/agora.xtec.cat\/ceipsorianomontagut\/wp-content\/uploads\/usu1929\/2024\/12\/aulasensorial-768x1024.jpg 768w, https:\/\/agora.xtec.cat\/ceipsorianomontagut\/wp-content\/uploads\/usu1929\/2024\/12\/aulasensorial-1152x1536.jpg 1152w, https:\/\/agora.xtec.cat\/ceipsorianomontagut\/wp-content\/uploads\/usu1929\/2024\/12\/aulasensorial-1536x2048.jpg 1536w, https:\/\/agora.xtec.cat\/ceipsorianomontagut\/wp-content\/uploads\/usu1929\/2024\/12\/aulasensorial-scaled.jpg 1920w\" sizes=\"auto, (max-width: 225px) 100vw, 225px\" \/><\/li>\n<\/ul>\n","protected":false},"excerpt":{"rendered":"<p>La sala Snoezelen o aula multisensorial, que est\u00e0 preparada per proporcionar experi\u00e8ncies sensorials a trav\u00e9s de sons, interaccions t\u00e0ctils, olors, sensacions de llum, gust\u2026 L\u2019aula t\u00e9 diverses zones en funci\u00f3 dels sentits que es vol estimular, encara que hi ha elements de la sala que serveixen per estimular diversos sentits alhora. Funcions que es poden [&hellip;]<\/p>\n","protected":false},"author":1,"featured_media":0,"parent":0,"menu_order":0,"comment_status":"closed","ping_status":"closed","template":"","meta":{"_bbp_topic_count":0,"_bbp_reply_count":0,"_bbp_total_topic_count":0,"_bbp_total_reply_count":0,"_bbp_voice_count":0,"_bbp_anonymous_reply_count":0,"_bbp_topic_count_hidden":0,"_bbp_reply_count_hidden":0,"_bbp_forum_subforum_count":0,"site-sidebar-layout":"default","site-content-layout":"","ast-site-content-layout":"","site-content-style":"default","site-sidebar-style":"default","ast-global-header-display":"","ast-banner-title-visibility":"","ast-main-header-display":"","ast-hfb-above-header-display":"","ast-hfb-below-header-display":"","ast-hfb-mobile-header-display":"","site-post-title":"","ast-breadcrumbs-content":"","ast-featured-img":"","footer-sml-layout":"","theme-transparent-header-meta":"","adv-header-id-meta":"","stick-header-meta":"","header-above-stick-meta":"","header-main-stick-meta":"","header-below-stick-meta":"","astra-migrate-meta-layouts":"default","ast-page-background-enabled":"default","ast-page-background-meta":{"desktop":{"background-color":"var(--ast-global-color-4)","background-image":"","background-repeat":"repeat","background-position":"center center","background-size":"auto","background-attachment":"scroll","background-type":"","background-media":"","overlay-type":"","overlay-color":"","overlay-opacity":"","overlay-gradient":""},"tablet":{"background-color":"","background-image":"","background-repeat":"repeat","background-position":"center center","background-size":"auto","background-attachment":"scroll","background-type":"","background-media":"","overlay-type":"","overlay-color":"","overlay-opacity":"","overlay-gradient":""},"mobile":{"background-color":"","background-image":"","background-repeat":"repeat","background-position":"center center","background-size":"auto","background-attachment":"scroll","background-type":"","background-media":"","overlay-type":"","overlay-color":"","overlay-opacity":"","overlay-gradient":""}},"ast-content-background-meta":{"desktop":{"background-color":"var(--ast-global-color-5)","background-image":"","background-repeat":"repeat","background-position":"center center","background-size":"auto","background-attachment":"scroll","background-type":"","background-media":"","overlay-type":"","overlay-color":"","overlay-opacity":"","overlay-gradient":""},"tablet":{"background-color":"var(--ast-global-color-5)","background-image":"","background-repeat":"repeat","background-position":"center center","background-size":"auto","background-attachment":"scroll","background-type":"","background-media":"","overlay-type":"","overlay-color":"","overlay-opacity":"","overlay-gradient":""},"mobile":{"background-color":"var(--ast-global-color-5)","background-image":"","background-repeat":"repeat","background-position":"center center","background-size":"auto","background-attachment":"scroll","background-type":"","background-media":"","overlay-type":"","overlay-color":"","overlay-opacity":"","overlay-gradient":""}},"footnotes":""},"class_list":["post-8734","page","type-page","status-publish","hentry"],"post_mailing_queue_ids":[],"_links":{"self":[{"href":"https:\/\/agora.xtec.cat\/ceipsorianomontagut\/wp-json\/wp\/v2\/pages\/8734","targetHints":{"allow":["GET"]}}],"collection":[{"href":"https:\/\/agora.xtec.cat\/ceipsorianomontagut\/wp-json\/wp\/v2\/pages"}],"about":[{"href":"https:\/\/agora.xtec.cat\/ceipsorianomontagut\/wp-json\/wp\/v2\/types\/page"}],"author":[{"embeddable":true,"href":"https:\/\/agora.xtec.cat\/ceipsorianomontagut\/wp-json\/wp\/v2\/users\/1"}],"replies":[{"embeddable":true,"href":"https:\/\/agora.xtec.cat\/ceipsorianomontagut\/wp-json\/wp\/v2\/comments?post=8734"}],"version-history":[{"count":3,"href":"https:\/\/agora.xtec.cat\/ceipsorianomontagut\/wp-json\/wp\/v2\/pages\/8734\/revisions"}],"predecessor-version":[{"id":8760,"href":"https:\/\/agora.xtec.cat\/ceipsorianomontagut\/wp-json\/wp\/v2\/pages\/8734\/revisions\/8760"}],"wp:attachment":[{"href":"https:\/\/agora.xtec.cat\/ceipsorianomontagut\/wp-json\/wp\/v2\/media?parent=8734"}],"curies":[{"name":"wp","href":"https:\/\/api.w.org\/{rel}","templated":true}]}}

<p>La sala Snoezelen o aula multisensorial, que està preparada per proporcionar experiències sensorials a través de sons, interaccions tàctils, olors, sensacions de llum, gust… L’aula té diverses zones en funció dels sentits que es vol estimular, encara que hi ha elements de la sala que serveixen per estimular diversos sentits alhora.</p>
<p>Funcions que es poden promoure en una sala Snoezelen:</p>
<ul>
<li>Relaxació.</li>
<li>Desenvolupament de la confiança en un mateix.</li>
<li>Incentivar l&#8217;exploració i les capacitats creatives.</li>
<li>Establir una bona comunicació.</li>
<li>Proporcionar sensació de benestar i lleure.</li>
<li>Promoure la capacitat d’elecció.</li>
<li>Augmentar el temps d’atenció i concentració.</li>
<li>Reduir canvis i alteracions conductuals.<img loading="lazy" decoding="async" class="aligncenter size-medium wp-image-8759" src="https://agora.xtec.cat/ceipsorianomontagut/wp-content/uploads/usu1929/2024/12/aulasensorial-225x300.jpg" alt="" width="225" height="300" srcset="https://agora.xtec.cat/ceipsorianomontagut/wp-content/uploads/usu1929/2024/12/aulasensorial-225x300.jpg 225w, https://agora.xtec.cat/ceipsorianomontagut/wp-content/uploads/usu1929/2024/12/aulasensorial-768x1024.jpg 768w, https://agora.xtec.cat/ceipsorianomontagut/wp-content/uploads/usu1929/2024/12/aulasensorial-1152x1536.jpg 1152w, https://agora.xtec.cat/ceipsorianomontagut/wp-content/uploads/usu1929/2024/12/aulasensorial-1536x2048.jpg 1536w, https://agora.xtec.cat/ceipsorianomontagut/wp-content/uploads/usu1929/2024/12/aulasensorial-scaled.jpg 1920w" sizes="auto, (max-width: 225px) 100vw, 225px" /></li>
</ul>

<p>La sala Snoezelen o aula multisensorial, que està preparada per proporcionar experiències sensorials a través de sons, interaccions tàctils, olors, sensacions de llum, gust… L’aula té diverses zones en funció dels sentits que es vol estimular, encara que hi ha elements de la sala que serveixen per estimular diversos sentits alhora. Funcions que es poden [&hellip;]</p>
