{"id":8733,"date":"2024-12-13T09:35:38","date_gmt":"2024-12-13T08:35:38","guid":{"rendered":"https:\/\/agora.xtec.cat\/ceipsorianomontagut\/?page_id=8733"},"modified":"2024-12-13T09:49:25","modified_gmt":"2024-12-13T08:49:25","slug":"connectat-al-cercle","status":"publish","type":"page","link":"https:\/\/agora.xtec.cat\/ceipsorianomontagut\/connectat-al-cercle\/","title":{"rendered":"Connecta&#8217;t al cercle"},"content":{"rendered":"<p>EL projecte CONNECTA&#8217;T AL CERCLE, el realitzem des d&#8217; EI3 a 6\u00e8.<\/p>\n<p>Amb aquest projecte pretenem endinsar-nos al m\u00f3n de les emocions per tal d\u2019ajudar-los a desenvolupar la <strong>compet\u00e8ncia emocional.<\/strong> Mitjan\u00e7ant diferents din\u00e0miques i materials que hem preparat, pretenem que aprenguin a con\u00e8ixer i recon\u00e8ixer les pr\u00f2pies emocions i sentiments, i desenvolupin aspectes tant importants com l\u2019autoestima i l\u2019autoconeixement, el respecte i la cohesi\u00f3 de grup, l\u2019empatia, la resoluci\u00f3 de conflictes de forma assertiva\u2026 ja que totes aquestes habilitats faciliten millors aprenentatges i major benestar personal.<\/p>\n<p>&nbsp;<\/p>\n<p><img loading=\"lazy\" decoding=\"async\" class=\"aligncenter wp-image-8254\" src=\"https:\/\/agora.xtec.cat\/ceipsorianomontagut\/wp-content\/uploads\/usu1929\/2023\/10\/be5cc05b-371a-4f9a-8c80-5a153118f7e2.jpg\" sizes=\"auto, (max-width: 1773px) 100vw, 1773px\" srcset=\"https:\/\/agora.xtec.cat\/ceipsorianomontagut\/wp-content\/uploads\/usu1929\/2023\/10\/be5cc05b-371a-4f9a-8c80-5a153118f7e2.jpg 1773w, https:\/\/agora.xtec.cat\/ceipsorianomontagut\/wp-content\/uploads\/usu1929\/2023\/10\/be5cc05b-371a-4f9a-8c80-5a153118f7e2-300x250.jpg 300w, https:\/\/agora.xtec.cat\/ceipsorianomontagut\/wp-content\/uploads\/usu1929\/2023\/10\/be5cc05b-371a-4f9a-8c80-5a153118f7e2-1024x848.jpg 1024w, https:\/\/agora.xtec.cat\/ceipsorianomontagut\/wp-content\/uploads\/usu1929\/2023\/10\/be5cc05b-371a-4f9a-8c80-5a153118f7e2-768x636.jpg 768w, https:\/\/agora.xtec.cat\/ceipsorianomontagut\/wp-content\/uploads\/usu1929\/2023\/10\/be5cc05b-371a-4f9a-8c80-5a153118f7e2-1536x1273.jpg 1536w\" alt=\"\" width=\"513\" height=\"425\" \/><\/p>\n","protected":false},"excerpt":{"rendered":"<p>EL projecte CONNECTA&#8217;T AL CERCLE, el realitzem des d&#8217; EI3 a 6\u00e8. Amb aquest projecte pretenem endinsar-nos al m\u00f3n de les emocions per tal d\u2019ajudar-los a desenvolupar la compet\u00e8ncia emocional. Mitjan\u00e7ant diferents din\u00e0miques i materials que hem preparat, pretenem que aprenguin a con\u00e8ixer i recon\u00e8ixer les pr\u00f2pies emocions i sentiments, i desenvolupin aspectes tant importants [&hellip;]<\/p>\n","protected":false},"author":1,"featured_media":0,"parent":0,"menu_order":0,"comment_status":"closed","ping_status":"closed","template":"","meta":{"_bbp_topic_count":0,"_bbp_reply_count":0,"_bbp_total_topic_count":0,"_bbp_total_reply_count":0,"_bbp_voice_count":0,"_bbp_anonymous_reply_count":0,"_bbp_topic_count_hidden":0,"_bbp_reply_count_hidden":0,"_bbp_forum_subforum_count":0,"site-sidebar-layout":"default","site-content-layout":"","ast-site-content-layout":"","site-content-style":"default","site-sidebar-style":"default","ast-global-header-display":"","ast-banner-title-visibility":"","ast-main-header-display":"","ast-hfb-above-header-display":"","ast-hfb-below-header-display":"","ast-hfb-mobile-header-display":"","site-post-title":"","ast-breadcrumbs-content":"","ast-featured-img":"","footer-sml-layout":"","theme-transparent-header-meta":"","adv-header-id-meta":"","stick-header-meta":"","header-above-stick-meta":"","header-main-stick-meta":"","header-below-stick-meta":"","astra-migrate-meta-layouts":"default","ast-page-background-enabled":"default","ast-page-background-meta":{"desktop":{"background-color":"var(--ast-global-color-4)","background-image":"","background-repeat":"repeat","background-position":"center center","background-size":"auto","background-attachment":"scroll","background-type":"","background-media":"","overlay-type":"","overlay-color":"","overlay-opacity":"","overlay-gradient":""},"tablet":{"background-color":"","background-image":"","background-repeat":"repeat","background-position":"center center","background-size":"auto","background-attachment":"scroll","background-type":"","background-media":"","overlay-type":"","overlay-color":"","overlay-opacity":"","overlay-gradient":""},"mobile":{"background-color":"","background-image":"","background-repeat":"repeat","background-position":"center center","background-size":"auto","background-attachment":"scroll","background-type":"","background-media":"","overlay-type":"","overlay-color":"","overlay-opacity":"","overlay-gradient":""}},"ast-content-background-meta":{"desktop":{"background-color":"var(--ast-global-color-5)","background-image":"","background-repeat":"repeat","background-position":"center center","background-size":"auto","background-attachment":"scroll","background-type":"","background-media":"","overlay-type":"","overlay-color":"","overlay-opacity":"","overlay-gradient":""},"tablet":{"background-color":"var(--ast-global-color-5)","background-image":"","background-repeat":"repeat","background-position":"center center","background-size":"auto","background-attachment":"scroll","background-type":"","background-media":"","overlay-type":"","overlay-color":"","overlay-opacity":"","overlay-gradient":""},"mobile":{"background-color":"var(--ast-global-color-5)","background-image":"","background-repeat":"repeat","background-position":"center center","background-size":"auto","background-attachment":"scroll","background-type":"","background-media":"","overlay-type":"","overlay-color":"","overlay-opacity":"","overlay-gradient":""}},"footnotes":""},"class_list":["post-8733","page","type-page","status-publish","hentry"],"post_mailing_queue_ids":[],"_links":{"self":[{"href":"https:\/\/agora.xtec.cat\/ceipsorianomontagut\/wp-json\/wp\/v2\/pages\/8733","targetHints":{"allow":["GET"]}}],"collection":[{"href":"https:\/\/agora.xtec.cat\/ceipsorianomontagut\/wp-json\/wp\/v2\/pages"}],"about":[{"href":"https:\/\/agora.xtec.cat\/ceipsorianomontagut\/wp-json\/wp\/v2\/types\/page"}],"author":[{"embeddable":true,"href":"https:\/\/agora.xtec.cat\/ceipsorianomontagut\/wp-json\/wp\/v2\/users\/1"}],"replies":[{"embeddable":true,"href":"https:\/\/agora.xtec.cat\/ceipsorianomontagut\/wp-json\/wp\/v2\/comments?post=8733"}],"version-history":[{"count":4,"href":"https:\/\/agora.xtec.cat\/ceipsorianomontagut\/wp-json\/wp\/v2\/pages\/8733\/revisions"}],"predecessor-version":[{"id":8756,"href":"https:\/\/agora.xtec.cat\/ceipsorianomontagut\/wp-json\/wp\/v2\/pages\/8733\/revisions\/8756"}],"wp:attachment":[{"href":"https:\/\/agora.xtec.cat\/ceipsorianomontagut\/wp-json\/wp\/v2\/media?parent=8733"}],"curies":[{"name":"wp","href":"https:\/\/api.w.org\/{rel}","templated":true}]}}

<p>EL projecte CONNECTA&#8217;T AL CERCLE, el realitzem des d&#8217; EI3 a 6è.</p>
<p>Amb aquest projecte pretenem endinsar-nos al món de les emocions per tal d’ajudar-los a desenvolupar la <strong>competència emocional.</strong> Mitjançant diferents dinàmiques i materials que hem preparat, pretenem que aprenguin a conèixer i reconèixer les pròpies emocions i sentiments, i desenvolupin aspectes tant importants com l’autoestima i l’autoconeixement, el respecte i la cohesió de grup, l’empatia, la resolució de conflictes de forma assertiva… ja que totes aquestes habilitats faciliten millors aprenentatges i major benestar personal.</p>
<p>&nbsp;</p>
<p><img loading="lazy" decoding="async" class="aligncenter wp-image-8254" src="https://agora.xtec.cat/ceipsorianomontagut/wp-content/uploads/usu1929/2023/10/be5cc05b-371a-4f9a-8c80-5a153118f7e2.jpg" sizes="auto, (max-width: 1773px) 100vw, 1773px" srcset="https://agora.xtec.cat/ceipsorianomontagut/wp-content/uploads/usu1929/2023/10/be5cc05b-371a-4f9a-8c80-5a153118f7e2.jpg 1773w, https://agora.xtec.cat/ceipsorianomontagut/wp-content/uploads/usu1929/2023/10/be5cc05b-371a-4f9a-8c80-5a153118f7e2-300x250.jpg 300w, https://agora.xtec.cat/ceipsorianomontagut/wp-content/uploads/usu1929/2023/10/be5cc05b-371a-4f9a-8c80-5a153118f7e2-1024x848.jpg 1024w, https://agora.xtec.cat/ceipsorianomontagut/wp-content/uploads/usu1929/2023/10/be5cc05b-371a-4f9a-8c80-5a153118f7e2-768x636.jpg 768w, https://agora.xtec.cat/ceipsorianomontagut/wp-content/uploads/usu1929/2023/10/be5cc05b-371a-4f9a-8c80-5a153118f7e2-1536x1273.jpg 1536w" alt="" width="513" height="425" /></p>

<p>EL projecte CONNECTA&#8217;T AL CERCLE, el realitzem des d&#8217; EI3 a 6è. Amb aquest projecte pretenem endinsar-nos al món de les emocions per tal d’ajudar-los a desenvolupar la competència emocional. Mitjançant diferents dinàmiques i materials que hem preparat, pretenem que aprenguin a conèixer i reconèixer les pròpies emocions i sentiments, i desenvolupin aspectes tant importants [&hellip;]</p>
