{"id":835,"date":"2019-02-20T11:34:32","date_gmt":"2019-02-20T10:34:32","guid":{"rendered":"https:\/\/agora.xtec.cat\/ceipsorianomontagut\/?page_id=835"},"modified":"2026-01-22T22:58:55","modified_gmt":"2026-01-22T21:58:55","slug":"ampa","status":"publish","type":"page","link":"https:\/\/agora.xtec.cat\/ceipsorianomontagut\/ampa\/","title":{"rendered":"AFA"},"content":{"rendered":"<p>&nbsp;<\/p>\n<h1><img loading=\"lazy\" decoding=\"async\" class=\"aligncenter size-medium wp-image-8842\" src=\"https:\/\/agora.xtec.cat\/ceipsorianomontagut\/wp-content\/uploads\/usu1929\/2025\/03\/IMG-20250227-WA0006-300x107.jpg\" alt=\"\" width=\"300\" height=\"107\" srcset=\"https:\/\/agora.xtec.cat\/ceipsorianomontagut\/wp-content\/uploads\/usu1929\/2025\/03\/IMG-20250227-WA0006-300x107.jpg 300w, https:\/\/agora.xtec.cat\/ceipsorianomontagut\/wp-content\/uploads\/usu1929\/2025\/03\/IMG-20250227-WA0006-1024x365.jpg 1024w, https:\/\/agora.xtec.cat\/ceipsorianomontagut\/wp-content\/uploads\/usu1929\/2025\/03\/IMG-20250227-WA0006-768x274.jpg 768w, https:\/\/agora.xtec.cat\/ceipsorianomontagut\/wp-content\/uploads\/usu1929\/2025\/03\/IMG-20250227-WA0006-1536x548.jpg 1536w, https:\/\/agora.xtec.cat\/ceipsorianomontagut\/wp-content\/uploads\/usu1929\/2025\/03\/IMG-20250227-WA0006.jpg 1600w\" sizes=\"auto, (max-width: 300px) 100vw, 300px\" \/><\/h1>\n<h1 style=\"text-align: center;\"><a href=\"https:\/\/agora.xtec.cat\/ceipsorianomontagut\/wp-content\/uploads\/usu1929\/2025\/11\/ESTATUTS-AFA-SORIANO-MONTAGUT.pdf\">NOUS ESTATUTS AFA SORIANO MONTAGUT<\/a><\/h1>\n<p>&nbsp;<\/p>\n<p>L&#8217;AMPA del Soriano- Montagut , com a part de la comunitat educativa, t\u00e9 com a funci\u00f3 principal ser un actor de supervisi\u00f3 i control de l\u2019educaci\u00f3 dels infants i reivindicar la qualitat educativa en l\u2019\u00e0mbit local, auton\u00f2mic i estatal. Defensa una educaci\u00f3 p\u00fablica, de qualitat, catalana, laica, equitativa, inclusiva, gratu\u00efta, democr\u00e0tica, coeducativa&#8230;Entre altres funcions estan:<\/p>\n<p>1. Assistir i ajudar a tots aquells pares, mares o tutors que ho requereixin, en qualsevol assumpte que concerneixi a l&#8217;educaci\u00f3 i als drets i deures dels seus fills, filles o pupils.<\/p>\n<p>2.\u00a0 Col\u00b7laborar en les diferents activitats educatives dels centres escolars. Realitzar activitats que consolidin el Projecte Educatiu del Centre.<\/p>\n<p>3. Potenciar i desenvolupar accions formatives que promoguin la participaci\u00f3 de les fam\u00edlies en el centre escolar i en els \u00f2rgans de govern.<\/p>\n<p>4.\u00a0 Promocionar i promoure la participaci\u00f3 activa dels pares i mares dels estudiants pel que fa a la gesti\u00f3 del centre.<\/p>\n<p>5. Tractar i donar suport adequadament a aquelles fam\u00edlies que tinguis necessitats pedag\u00f2giques espec\u00edfiques o de car\u00e0cter social.<\/p>\n<p>6. Assistir i ajudar els pares i mares d&#8217;alumnes que vulguin exercir els seus drets d&#8217;intervenci\u00f3 pel que fa a la gesti\u00f3 i el control dels centres que se sostenen amb fons p\u00fablics ..<\/p>\n<p>7.\u00a0 Promoure i promocionar la qualitat en l&#8217;educaci\u00f3 impartida.<\/p>\n<p>8.\u00a0 Posar tots els mecanismes necessaris per facilitar la participaci\u00f3 i la representaci\u00f3 dels pares i mares d&#8217;alumnes que vulguin participar en els Consells Escolars de centres\u00a0 p\u00fablics, i qualsevol altre \u00f2rgan col\u00b7legiat.<\/p>\n<p>9.\u00a0 Treballar al costat del professorat del centre per assegurar el bon funcionament del mateix.<\/p>\n<p>10. Implantar mecanismes que fomentin una conviv\u00e8ncia de qualitat dins el centre.<\/p>\n<p>11. Venda de llibres i material.<\/p>\n<p>12. Tamb\u00e9 assumeix responsabilitats que corresponen al Departament d\u2019Ensenyament, i t\u00e9 cedides mitjan\u00e7ant conveni, com:<\/p>\n<p>a) La gesti\u00f3 del menjador escolar, vetlladora per al menjador escolar, acollida matinal de migdia i tarda, extraescolars&#8230;<\/p>\n<p>L\u2019 AMPA dinamitza i d\u00f3na vida i color a aquelles activitats que donen un toc de festa i alegria a l\u2019escola en dates assenyalades i concretes. L&#8217;AMPA \u00e9s la millor eina que tenen els pares i mares per a participar de la vida educativa del nostre centre.<\/p>\n<p>Per poder portar a terme totes aquestes tasques i en benefici de l&#8217;alumnat es recull una quota per alumne i any.<\/p>\n<p><strong>Quota:<\/strong><\/p>\n<p>11\u20ac per alumne.<\/p>\n<p><strong>Membres de l&#8217;AMPA:<\/strong><\/p>\n<p>Presidenta: Neus Marco<\/p>\n<p>Sots-presidenta: Helena Drago<\/p>\n<p>Vocal: M\u00edriam Serrano<\/p>\n<p>Vocal: Vicent Regolf<\/p>\n<p>Vocal: Virginia Maria Reyes<\/p>\n<p>Vocal:<\/p>\n<p>Vocal:<\/p>\n<p>&nbsp;<\/p>\n<p>Contacte: Classdojo<\/p>\n<p>Contacte correu electr\u00f2nic: <a href=\"mailto:ampasorianomontagut@gmail.com\">ampasorianomontagut@gmail.comous<\/a><\/p>\n<p>&nbsp;<\/p>\n<p>&nbsp;<\/p>\n","protected":false},"excerpt":{"rendered":"<p>&nbsp; NOUS ESTATUTS AFA SORIANO MONTAGUT &nbsp; L&#8217;AMPA del Soriano- Montagut , com a part de la comunitat educativa, t\u00e9 com a funci\u00f3 principal ser un actor de supervisi\u00f3 i control de l\u2019educaci\u00f3 dels infants i reivindicar la qualitat educativa en l\u2019\u00e0mbit local, auton\u00f2mic i estatal. Defensa una educaci\u00f3 p\u00fablica, de qualitat, catalana, laica, equitativa, [&hellip;]<\/p>\n","protected":false},"author":1,"featured_media":0,"parent":0,"menu_order":0,"comment_status":"closed","ping_status":"closed","template":"","meta":{"_bbp_topic_count":0,"_bbp_reply_count":0,"_bbp_total_topic_count":0,"_bbp_total_reply_count":0,"_bbp_voice_count":0,"_bbp_anonymous_reply_count":0,"_bbp_topic_count_hidden":0,"_bbp_reply_count_hidden":0,"_bbp_forum_subforum_count":0,"site-sidebar-layout":"default","site-content-layout":"","ast-site-content-layout":"default","site-content-style":"default","site-sidebar-style":"default","ast-global-header-display":"","ast-banner-title-visibility":"","ast-main-header-display":"","ast-hfb-above-header-display":"","ast-hfb-below-header-display":"","ast-hfb-mobile-header-display":"","site-post-title":"","ast-breadcrumbs-content":"","ast-featured-img":"","footer-sml-layout":"","theme-transparent-header-meta":"default","adv-header-id-meta":"","stick-header-meta":"","header-above-stick-meta":"","header-main-stick-meta":"","header-below-stick-meta":"","astra-migrate-meta-layouts":"set","ast-page-background-enabled":"default","ast-page-background-meta":{"desktop":{"background-color":"var(--ast-global-color-4)","background-image":"","background-repeat":"repeat","background-position":"center center","background-size":"auto","background-attachment":"scroll","background-type":"","background-media":"","overlay-type":"","overlay-color":"","overlay-opacity":"","overlay-gradient":""},"tablet":{"background-color":"","background-image":"","background-repeat":"repeat","background-position":"center center","background-size":"auto","background-attachment":"scroll","background-type":"","background-media":"","overlay-type":"","overlay-color":"","overlay-opacity":"","overlay-gradient":""},"mobile":{"background-color":"","background-image":"","background-repeat":"repeat","background-position":"center center","background-size":"auto","background-attachment":"scroll","background-type":"","background-media":"","overlay-type":"","overlay-color":"","overlay-opacity":"","overlay-gradient":""}},"ast-content-background-meta":{"desktop":{"background-color":"var(--ast-global-color-5)","background-image":"","background-repeat":"repeat","background-position":"center center","background-size":"auto","background-attachment":"scroll","background-type":"","background-media":"","overlay-type":"","overlay-color":"","overlay-opacity":"","overlay-gradient":""},"tablet":{"background-color":"var(--ast-global-color-5)","background-image":"","background-repeat":"repeat","background-position":"center center","background-size":"auto","background-attachment":"scroll","background-type":"","background-media":"","overlay-type":"","overlay-color":"","overlay-opacity":"","overlay-gradient":""},"mobile":{"background-color":"var(--ast-global-color-5)","background-image":"","background-repeat":"repeat","background-position":"center center","background-size":"auto","background-attachment":"scroll","background-type":"","background-media":"","overlay-type":"","overlay-color":"","overlay-opacity":"","overlay-gradient":""}},"footnotes":""},"class_list":["post-835","page","type-page","status-publish","hentry"],"post_mailing_queue_ids":[],"_links":{"self":[{"href":"https:\/\/agora.xtec.cat\/ceipsorianomontagut\/wp-json\/wp\/v2\/pages\/835","targetHints":{"allow":["GET"]}}],"collection":[{"href":"https:\/\/agora.xtec.cat\/ceipsorianomontagut\/wp-json\/wp\/v2\/pages"}],"about":[{"href":"https:\/\/agora.xtec.cat\/ceipsorianomontagut\/wp-json\/wp\/v2\/types\/page"}],"author":[{"embeddable":true,"href":"https:\/\/agora.xtec.cat\/ceipsorianomontagut\/wp-json\/wp\/v2\/users\/1"}],"replies":[{"embeddable":true,"href":"https:\/\/agora.xtec.cat\/ceipsorianomontagut\/wp-json\/wp\/v2\/comments?post=835"}],"version-history":[{"count":6,"href":"https:\/\/agora.xtec.cat\/ceipsorianomontagut\/wp-json\/wp\/v2\/pages\/835\/revisions"}],"predecessor-version":[{"id":9116,"href":"https:\/\/agora.xtec.cat\/ceipsorianomontagut\/wp-json\/wp\/v2\/pages\/835\/revisions\/9116"}],"wp:attachment":[{"href":"https:\/\/agora.xtec.cat\/ceipsorianomontagut\/wp-json\/wp\/v2\/media?parent=835"}],"curies":[{"name":"wp","href":"https:\/\/api.w.org\/{rel}","templated":true}]}}