{"id":6619,"date":"2021-11-15T19:28:14","date_gmt":"2021-11-15T18:28:14","guid":{"rendered":"https:\/\/agora.xtec.cat\/ceipsorianomontagut\/?page_id=6619"},"modified":"2023-11-02T12:19:04","modified_gmt":"2023-11-02T11:19:04","slug":"acolliment-digital","status":"publish","type":"page","link":"https:\/\/agora.xtec.cat\/ceipsorianomontagut\/lescola\/documents-de-centre\/estrategia-digital-de-centre\/cultura-digital\/acolliment-digital\/","title":{"rendered":"ACOLLIMENT DIGITAL"},"content":{"rendered":"<p>El document que presentem forma part del proc\u00e9s de definici\u00f3 de criteris i orientacions per a configurar el model de centre digital de l\u2019escola Soriano-Montagut.<\/p>\n<p>T\u00e9 l\u2019objectiu com\u00fa d\u2019unificar criteris d\u2019actuaci\u00f3 per a l\u2019acolliment del nou professorat que s\u2019incorpora al centre en mat\u00e8ria de tecnologies de la informaci\u00f3 i les comunicacions (TIC) i de l\u2019alumnat.<\/p>\n<p>En el moment de la incorporaci\u00f3 al centre la\u00a0<strong>direcci\u00f3<\/strong>\u00a0explicar\u00e0 al nou professor\/a el protocol d\u2019acolliment TAC, les actuacions que es descriuen a continuaci\u00f3 i els responsables a executar-les. Tamb\u00e9 li facilitar\u00e0 una c\u00f2pia del \u201cPla d\u2019acollida digital\u201d.<\/p>\n<p><a href=\"https:\/\/agora.xtec.cat\/ceipsorianomontagut\/wp-content\/uploads\/usu1929\/2023\/11\/Acollida-digital-docent.docx.pdf\">Acollida digital docent<\/a><\/p>\n<p><a href=\"https:\/\/agora.xtec.cat\/ceipsorianomontagut\/wp-content\/uploads\/usu1929\/2023\/11\/Acollida-digital-alumnat.docx.pdf\">Acollida digital alumnat<\/a><\/p>\n<p><a href=\"https:\/\/agora.xtec.cat\/ceipsorianomontagut\/wp-content\/uploads\/usu1929\/2022\/11\/Acollida-digital-families.pdf\">Acollida digital fam\u00edlies<\/a><\/p>\n","protected":false},"excerpt":{"rendered":"<p>El document que presentem forma part del proc\u00e9s de definici\u00f3 de criteris i orientacions per a configurar el model de centre digital de l\u2019escola Soriano-Montagut. T\u00e9 l\u2019objectiu com\u00fa d\u2019unificar criteris d\u2019actuaci\u00f3 per a l\u2019acolliment del nou professorat que s\u2019incorpora al centre en mat\u00e8ria de tecnologies de la informaci\u00f3 i les comunicacions (TIC) i de l\u2019alumnat. [&hellip;]<\/p>\n","protected":false},"author":1,"featured_media":0,"parent":6604,"menu_order":0,"comment_status":"closed","ping_status":"closed","template":"","meta":{"_bbp_topic_count":0,"_bbp_reply_count":0,"_bbp_total_topic_count":0,"_bbp_total_reply_count":0,"_bbp_voice_count":0,"_bbp_anonymous_reply_count":0,"_bbp_topic_count_hidden":0,"_bbp_reply_count_hidden":0,"_bbp_forum_subforum_count":0,"site-sidebar-layout":"default","site-content-layout":"","ast-site-content-layout":"","site-content-style":"default","site-sidebar-style":"default","ast-global-header-display":"","ast-banner-title-visibility":"","ast-main-header-display":"","ast-hfb-above-header-display":"","ast-hfb-below-header-display":"","ast-hfb-mobile-header-display":"","site-post-title":"","ast-breadcrumbs-content":"","ast-featured-img":"","footer-sml-layout":"","theme-transparent-header-meta":"","adv-header-id-meta":"","stick-header-meta":"","header-above-stick-meta":"","header-main-stick-meta":"","header-below-stick-meta":"","astra-migrate-meta-layouts":"default","ast-page-background-enabled":"default","ast-page-background-meta":{"desktop":{"background-color":"var(--ast-global-color-4)","background-image":"","background-repeat":"repeat","background-position":"center center","background-size":"auto","background-attachment":"scroll","background-type":"","background-media":"","overlay-type":"","overlay-color":"","overlay-opacity":"","overlay-gradient":""},"tablet":{"background-color":"","background-image":"","background-repeat":"repeat","background-position":"center center","background-size":"auto","background-attachment":"scroll","background-type":"","background-media":"","overlay-type":"","overlay-color":"","overlay-opacity":"","overlay-gradient":""},"mobile":{"background-color":"","background-image":"","background-repeat":"repeat","background-position":"center center","background-size":"auto","background-attachment":"scroll","background-type":"","background-media":"","overlay-type":"","overlay-color":"","overlay-opacity":"","overlay-gradient":""}},"ast-content-background-meta":{"desktop":{"background-color":"var(--ast-global-color-5)","background-image":"","background-repeat":"repeat","background-position":"center center","background-size":"auto","background-attachment":"scroll","background-type":"","background-media":"","overlay-type":"","overlay-color":"","overlay-opacity":"","overlay-gradient":""},"tablet":{"background-color":"var(--ast-global-color-5)","background-image":"","background-repeat":"repeat","background-position":"center center","background-size":"auto","background-attachment":"scroll","background-type":"","background-media":"","overlay-type":"","overlay-color":"","overlay-opacity":"","overlay-gradient":""},"mobile":{"background-color":"var(--ast-global-color-5)","background-image":"","background-repeat":"repeat","background-position":"center center","background-size":"auto","background-attachment":"scroll","background-type":"","background-media":"","overlay-type":"","overlay-color":"","overlay-opacity":"","overlay-gradient":""}},"footnotes":""},"class_list":["post-6619","page","type-page","status-publish","hentry"],"post_mailing_queue_ids":[],"_links":{"self":[{"href":"https:\/\/agora.xtec.cat\/ceipsorianomontagut\/wp-json\/wp\/v2\/pages\/6619","targetHints":{"allow":["GET"]}}],"collection":[{"href":"https:\/\/agora.xtec.cat\/ceipsorianomontagut\/wp-json\/wp\/v2\/pages"}],"about":[{"href":"https:\/\/agora.xtec.cat\/ceipsorianomontagut\/wp-json\/wp\/v2\/types\/page"}],"author":[{"embeddable":true,"href":"https:\/\/agora.xtec.cat\/ceipsorianomontagut\/wp-json\/wp\/v2\/users\/1"}],"replies":[{"embeddable":true,"href":"https:\/\/agora.xtec.cat\/ceipsorianomontagut\/wp-json\/wp\/v2\/comments?post=6619"}],"version-history":[{"count":6,"href":"https:\/\/agora.xtec.cat\/ceipsorianomontagut\/wp-json\/wp\/v2\/pages\/6619\/revisions"}],"predecessor-version":[{"id":8275,"href":"https:\/\/agora.xtec.cat\/ceipsorianomontagut\/wp-json\/wp\/v2\/pages\/6619\/revisions\/8275"}],"up":[{"embeddable":true,"href":"https:\/\/agora.xtec.cat\/ceipsorianomontagut\/wp-json\/wp\/v2\/pages\/6604"}],"wp:attachment":[{"href":"https:\/\/agora.xtec.cat\/ceipsorianomontagut\/wp-json\/wp\/v2\/media?parent=6619"}],"curies":[{"name":"wp","href":"https:\/\/api.w.org\/{rel}","templated":true}]}}

<p>El document que presentem forma part del procés de definició de criteris i orientacions per a configurar el model de centre digital de l’escola Soriano-Montagut.</p>
<p>Té l’objectiu comú d’unificar criteris d’actuació per a l’acolliment del nou professorat que s’incorpora al centre en matèria de tecnologies de la informació i les comunicacions (TIC) i de l’alumnat.</p>
<p>En el moment de la incorporació al centre la <strong>direcció</strong> explicarà al nou professor/a el protocol d’acolliment TAC, les actuacions que es descriuen a continuació i els responsables a executar-les. També li facilitarà una còpia del “Pla d’acollida digital”.</p>
<p><a href="https://agora.xtec.cat/ceipsorianomontagut/wp-content/uploads/usu1929/2023/11/Acollida-digital-docent.docx.pdf">Acollida digital docent</a></p>
<p><a href="https://agora.xtec.cat/ceipsorianomontagut/wp-content/uploads/usu1929/2023/11/Acollida-digital-alumnat.docx.pdf">Acollida digital alumnat</a></p>
<p><a href="https://agora.xtec.cat/ceipsorianomontagut/wp-content/uploads/usu1929/2022/11/Acollida-digital-families.pdf">Acollida digital famílies</a></p>

<p>El document que presentem forma part del procés de definició de criteris i orientacions per a configurar el model de centre digital de l’escola Soriano-Montagut. Té l’objectiu comú d’unificar criteris d’actuació per a l’acolliment del nou professorat que s’incorpora al centre en matèria de tecnologies de la informació i les comunicacions (TIC) i de l’alumnat. [&hellip;]</p>
