{"id":647,"date":"2019-01-25T19:33:18","date_gmt":"2019-01-25T18:33:18","guid":{"rendered":"https:\/\/agora.xtec.cat\/ceipsorianomontagut\/?page_id=647"},"modified":"2019-03-11T11:52:28","modified_gmt":"2019-03-11T10:52:28","slug":"programa-desport-a-lescola","status":"publish","type":"page","link":"https:\/\/agora.xtec.cat\/ceipsorianomontagut\/projectes\/programa-desport-a-lescola\/","title":{"rendered":"Programa d&#8217;esport a l&#8217;escola"},"content":{"rendered":"<p>Programa d\u2019esport a l\u2019escola: els cicles mitj\u00e0 i superior tenen programada l\u2019activitat de curset de nataci\u00f3 un dia setmanal en l\u2019horari d\u2019educaci\u00f3 f\u00edsica. L\u2019escola participa en la cursa solid\u00e0ria\u00a0 organitzada per l\u2019IES Montsi\u00e0 i a les Jornades multiesportives. Participem en l\u2019organitzaci\u00f3 dels jocs tradicionals dins del programa de la Festa al mercat, en qu\u00e8 tamb\u00e9 participen els alumnes.<\/p>\n<p><a href=\"https:\/\/agora.xtec.cat\/ceipsorianomontagut\/wp-content\/uploads\/usu1929\/2019\/03\/foto-esport.jpg\"><img loading=\"lazy\" decoding=\"async\" class=\" wp-image-888 aligncenter\" src=\"https:\/\/agora.xtec.cat\/ceipsorianomontagut\/wp-content\/uploads\/usu1929\/2019\/03\/foto-esport.jpg\" alt=\"\" width=\"695\" height=\"353\" srcset=\"https:\/\/agora.xtec.cat\/ceipsorianomontagut\/wp-content\/uploads\/usu1929\/2019\/03\/foto-esport.jpg 640w, https:\/\/agora.xtec.cat\/ceipsorianomontagut\/wp-content\/uploads\/usu1929\/2019\/03\/foto-esport-300x152.jpg 300w\" sizes=\"auto, (max-width: 695px) 100vw, 695px\" \/><\/a><\/p>\n","protected":false},"excerpt":{"rendered":"<p>Programa d\u2019esport a l\u2019escola: els cicles mitj\u00e0 i superior tenen programada l\u2019activitat de curset de nataci\u00f3 un dia setmanal en l\u2019horari d\u2019educaci\u00f3 f\u00edsica. L\u2019escola participa en la cursa solid\u00e0ria\u00a0 organitzada per l\u2019IES Montsi\u00e0 i a les Jornades multiesportives. Participem en l\u2019organitzaci\u00f3 dels jocs tradicionals dins del programa de la Festa al mercat, en qu\u00e8 tamb\u00e9 [&hellip;]<\/p>\n","protected":false},"author":1,"featured_media":0,"parent":515,"menu_order":0,"comment_status":"closed","ping_status":"closed","template":"","meta":{"_bbp_topic_count":0,"_bbp_reply_count":0,"_bbp_total_topic_count":0,"_bbp_total_reply_count":0,"_bbp_voice_count":0,"_bbp_anonymous_reply_count":0,"_bbp_topic_count_hidden":0,"_bbp_reply_count_hidden":0,"_bbp_forum_subforum_count":0,"site-sidebar-layout":"default","site-content-layout":"","ast-site-content-layout":"","site-content-style":"default","site-sidebar-style":"default","ast-global-header-display":"","ast-banner-title-visibility":"","ast-main-header-display":"","ast-hfb-above-header-display":"","ast-hfb-below-header-display":"","ast-hfb-mobile-header-display":"","site-post-title":"","ast-breadcrumbs-content":"","ast-featured-img":"","footer-sml-layout":"","theme-transparent-header-meta":"","adv-header-id-meta":"","stick-header-meta":"","header-above-stick-meta":"","header-main-stick-meta":"","header-below-stick-meta":"","astra-migrate-meta-layouts":"default","ast-page-background-enabled":"default","ast-page-background-meta":{"desktop":{"background-color":"var(--ast-global-color-4)","background-image":"","background-repeat":"repeat","background-position":"center center","background-size":"auto","background-attachment":"scroll","background-type":"","background-media":"","overlay-type":"","overlay-color":"","overlay-opacity":"","overlay-gradient":""},"tablet":{"background-color":"","background-image":"","background-repeat":"repeat","background-position":"center center","background-size":"auto","background-attachment":"scroll","background-type":"","background-media":"","overlay-type":"","overlay-color":"","overlay-opacity":"","overlay-gradient":""},"mobile":{"background-color":"","background-image":"","background-repeat":"repeat","background-position":"center center","background-size":"auto","background-attachment":"scroll","background-type":"","background-media":"","overlay-type":"","overlay-color":"","overlay-opacity":"","overlay-gradient":""}},"ast-content-background-meta":{"desktop":{"background-color":"var(--ast-global-color-5)","background-image":"","background-repeat":"repeat","background-position":"center center","background-size":"auto","background-attachment":"scroll","background-type":"","background-media":"","overlay-type":"","overlay-color":"","overlay-opacity":"","overlay-gradient":""},"tablet":{"background-color":"var(--ast-global-color-5)","background-image":"","background-repeat":"repeat","background-position":"center center","background-size":"auto","background-attachment":"scroll","background-type":"","background-media":"","overlay-type":"","overlay-color":"","overlay-opacity":"","overlay-gradient":""},"mobile":{"background-color":"var(--ast-global-color-5)","background-image":"","background-repeat":"repeat","background-position":"center center","background-size":"auto","background-attachment":"scroll","background-type":"","background-media":"","overlay-type":"","overlay-color":"","overlay-opacity":"","overlay-gradient":""}},"footnotes":""},"class_list":["post-647","page","type-page","status-publish","hentry"],"post_mailing_queue_ids":[],"_links":{"self":[{"href":"https:\/\/agora.xtec.cat\/ceipsorianomontagut\/wp-json\/wp\/v2\/pages\/647","targetHints":{"allow":["GET"]}}],"collection":[{"href":"https:\/\/agora.xtec.cat\/ceipsorianomontagut\/wp-json\/wp\/v2\/pages"}],"about":[{"href":"https:\/\/agora.xtec.cat\/ceipsorianomontagut\/wp-json\/wp\/v2\/types\/page"}],"author":[{"embeddable":true,"href":"https:\/\/agora.xtec.cat\/ceipsorianomontagut\/wp-json\/wp\/v2\/users\/1"}],"replies":[{"embeddable":true,"href":"https:\/\/agora.xtec.cat\/ceipsorianomontagut\/wp-json\/wp\/v2\/comments?post=647"}],"version-history":[{"count":3,"href":"https:\/\/agora.xtec.cat\/ceipsorianomontagut\/wp-json\/wp\/v2\/pages\/647\/revisions"}],"predecessor-version":[{"id":892,"href":"https:\/\/agora.xtec.cat\/ceipsorianomontagut\/wp-json\/wp\/v2\/pages\/647\/revisions\/892"}],"up":[{"embeddable":true,"href":"https:\/\/agora.xtec.cat\/ceipsorianomontagut\/wp-json\/wp\/v2\/pages\/515"}],"wp:attachment":[{"href":"https:\/\/agora.xtec.cat\/ceipsorianomontagut\/wp-json\/wp\/v2\/media?parent=647"}],"curies":[{"name":"wp","href":"https:\/\/api.w.org\/{rel}","templated":true}]}}

<p>Programa d’esport a l’escola: els cicles mitjà i superior tenen programada l’activitat de curset de natació un dia setmanal en l’horari d’educació física. L’escola participa en la cursa solidària  organitzada per l’IES Montsià i a les Jornades multiesportives. Participem en l’organització dels jocs tradicionals dins del programa de la Festa al mercat, en què també participen els alumnes.</p>
<p><a href="https://agora.xtec.cat/ceipsorianomontagut/wp-content/uploads/usu1929/2019/03/foto-esport.jpg"><img loading="lazy" decoding="async" class=" wp-image-888 aligncenter" src="https://agora.xtec.cat/ceipsorianomontagut/wp-content/uploads/usu1929/2019/03/foto-esport.jpg" alt="" width="695" height="353" srcset="https://agora.xtec.cat/ceipsorianomontagut/wp-content/uploads/usu1929/2019/03/foto-esport.jpg 640w, https://agora.xtec.cat/ceipsorianomontagut/wp-content/uploads/usu1929/2019/03/foto-esport-300x152.jpg 300w" sizes="auto, (max-width: 695px) 100vw, 695px" /></a></p>

<p>Programa d’esport a l’escola: els cicles mitjà i superior tenen programada l’activitat de curset de natació un dia setmanal en l’horari d’educació física. L’escola participa en la cursa solidària  organitzada per l’IES Montsià i a les Jornades multiesportives. Participem en l’organització dels jocs tradicionals dins del programa de la Festa al mercat, en què també [&hellip;]</p>
