{"id":4426,"date":"2020-05-21T10:23:45","date_gmt":"2020-05-21T08:23:45","guid":{"rendered":"https:\/\/agora.xtec.cat\/ceipsorianomontagut\/?page_id=4426"},"modified":"2023-03-13T16:32:32","modified_gmt":"2023-03-13T15:32:32","slug":"inclusio-i-atencio-a-la-diversitat","status":"publish","type":"page","link":"https:\/\/agora.xtec.cat\/ceipsorianomontagut\/com-treballem-metodologies\/inclusio-i-atencio-a-la-diversitat\/","title":{"rendered":"Inclusi\u00f3 i atenci\u00f3 a la diversitat"},"content":{"rendered":"<p>L\u2019Escola\u00a0 Soriano-Montagut seguint les directrius del Departament d\u2019Educaci\u00f3, aposta per una educaci\u00f3 inclusiva, afavorint l\u2019aprenentatge i participaci\u00f3 de tot l\u2019alumnat.<\/p>\n<p>Tot l&#8217;alumnat est\u00e0 integrat al grup classe, i defugim de treure als infants del seu grup. L&#8217;atenci\u00f3 a l&#8217;alumnat es fa a trav\u00e9s de la <strong>doc\u00e8ncia compartida<\/strong> en <strong>grups heterogenis<\/strong>, no fem grups per nivells d&#8217;aprenentatge.<\/p>\n<p>Disposem\u00a0 de la <strong>unitat de suport intensiu per a l\u2019educaci\u00f3 inclusiva (SIEI<\/strong>), amb la dotaci\u00f3 d\u2019una mestra i una educadora, que treballen dins les aules ordin\u00e0ries, conjuntament amb les mestres de suport a la inclusi\u00f3. L\u2019objectiu \u00e9s ajudar\u00a0 l\u2019alumnat, el professorat i les fam\u00edlies, per a que rebin la m\u00e0xima atenci\u00f3 possible, valorant i respectant la individualitat de totes\u00a0 les persones.<\/p>\n<p>Per a l&#8217;alumnat nouvingut tenim una <strong>Aula d&#8217;acollida<\/strong> on es treballa la llengua durant unes sessions a la setmana.<\/p>\n","protected":false},"excerpt":{"rendered":"<p>L\u2019Escola\u00a0 Soriano-Montagut seguint les directrius del Departament d\u2019Educaci\u00f3, aposta per una educaci\u00f3 inclusiva, afavorint l\u2019aprenentatge i participaci\u00f3 de tot l\u2019alumnat. Tot l&#8217;alumnat est\u00e0 integrat al grup classe, i defugim de treure als infants del seu grup. L&#8217;atenci\u00f3 a l&#8217;alumnat es fa a trav\u00e9s de la doc\u00e8ncia compartida en grups heterogenis, no fem grups per nivells [&hellip;]<\/p>\n","protected":false},"author":1,"featured_media":0,"parent":1377,"menu_order":0,"comment_status":"closed","ping_status":"closed","template":"","meta":{"_bbp_topic_count":0,"_bbp_reply_count":0,"_bbp_total_topic_count":0,"_bbp_total_reply_count":0,"_bbp_voice_count":0,"_bbp_anonymous_reply_count":0,"_bbp_topic_count_hidden":0,"_bbp_reply_count_hidden":0,"_bbp_forum_subforum_count":0,"site-sidebar-layout":"default","site-content-layout":"","ast-site-content-layout":"","site-content-style":"default","site-sidebar-style":"default","ast-global-header-display":"","ast-banner-title-visibility":"","ast-main-header-display":"","ast-hfb-above-header-display":"","ast-hfb-below-header-display":"","ast-hfb-mobile-header-display":"","site-post-title":"","ast-breadcrumbs-content":"","ast-featured-img":"","footer-sml-layout":"","theme-transparent-header-meta":"","adv-header-id-meta":"","stick-header-meta":"","header-above-stick-meta":"","header-main-stick-meta":"","header-below-stick-meta":"","astra-migrate-meta-layouts":"default","ast-page-background-enabled":"default","ast-page-background-meta":{"desktop":{"background-color":"var(--ast-global-color-4)","background-image":"","background-repeat":"repeat","background-position":"center center","background-size":"auto","background-attachment":"scroll","background-type":"","background-media":"","overlay-type":"","overlay-color":"","overlay-opacity":"","overlay-gradient":""},"tablet":{"background-color":"","background-image":"","background-repeat":"repeat","background-position":"center center","background-size":"auto","background-attachment":"scroll","background-type":"","background-media":"","overlay-type":"","overlay-color":"","overlay-opacity":"","overlay-gradient":""},"mobile":{"background-color":"","background-image":"","background-repeat":"repeat","background-position":"center center","background-size":"auto","background-attachment":"scroll","background-type":"","background-media":"","overlay-type":"","overlay-color":"","overlay-opacity":"","overlay-gradient":""}},"ast-content-background-meta":{"desktop":{"background-color":"var(--ast-global-color-5)","background-image":"","background-repeat":"repeat","background-position":"center center","background-size":"auto","background-attachment":"scroll","background-type":"","background-media":"","overlay-type":"","overlay-color":"","overlay-opacity":"","overlay-gradient":""},"tablet":{"background-color":"var(--ast-global-color-5)","background-image":"","background-repeat":"repeat","background-position":"center center","background-size":"auto","background-attachment":"scroll","background-type":"","background-media":"","overlay-type":"","overlay-color":"","overlay-opacity":"","overlay-gradient":""},"mobile":{"background-color":"var(--ast-global-color-5)","background-image":"","background-repeat":"repeat","background-position":"center center","background-size":"auto","background-attachment":"scroll","background-type":"","background-media":"","overlay-type":"","overlay-color":"","overlay-opacity":"","overlay-gradient":""}},"footnotes":""},"class_list":["post-4426","page","type-page","status-publish","hentry"],"post_mailing_queue_ids":[],"_links":{"self":[{"href":"https:\/\/agora.xtec.cat\/ceipsorianomontagut\/wp-json\/wp\/v2\/pages\/4426","targetHints":{"allow":["GET"]}}],"collection":[{"href":"https:\/\/agora.xtec.cat\/ceipsorianomontagut\/wp-json\/wp\/v2\/pages"}],"about":[{"href":"https:\/\/agora.xtec.cat\/ceipsorianomontagut\/wp-json\/wp\/v2\/types\/page"}],"author":[{"embeddable":true,"href":"https:\/\/agora.xtec.cat\/ceipsorianomontagut\/wp-json\/wp\/v2\/users\/1"}],"replies":[{"embeddable":true,"href":"https:\/\/agora.xtec.cat\/ceipsorianomontagut\/wp-json\/wp\/v2\/comments?post=4426"}],"version-history":[{"count":3,"href":"https:\/\/agora.xtec.cat\/ceipsorianomontagut\/wp-json\/wp\/v2\/pages\/4426\/revisions"}],"predecessor-version":[{"id":7887,"href":"https:\/\/agora.xtec.cat\/ceipsorianomontagut\/wp-json\/wp\/v2\/pages\/4426\/revisions\/7887"}],"up":[{"embeddable":true,"href":"https:\/\/agora.xtec.cat\/ceipsorianomontagut\/wp-json\/wp\/v2\/pages\/1377"}],"wp:attachment":[{"href":"https:\/\/agora.xtec.cat\/ceipsorianomontagut\/wp-json\/wp\/v2\/media?parent=4426"}],"curies":[{"name":"wp","href":"https:\/\/api.w.org\/{rel}","templated":true}]}}

Inclusió i atenció a la diversitat

<p>L’Escola  Soriano-Montagut seguint les directrius del Departament d’Educació, aposta per una educació inclusiva, afavorint l’aprenentatge i participació de tot l’alumnat.</p>
<p>Tot l&#8217;alumnat està integrat al grup classe, i defugim de treure als infants del seu grup. L&#8217;atenció a l&#8217;alumnat es fa a través de la <strong>docència compartida</strong> en <strong>grups heterogenis</strong>, no fem grups per nivells d&#8217;aprenentatge.</p>
<p>Disposem  de la <strong>unitat de suport intensiu per a l’educació inclusiva (SIEI</strong>), amb la dotació d’una mestra i una educadora, que treballen dins les aules ordinàries, conjuntament amb les mestres de suport a la inclusió. L’objectiu és ajudar  l’alumnat, el professorat i les famílies, per a que rebin la màxima atenció possible, valorant i respectant la individualitat de totes  les persones.</p>
<p>Per a l&#8217;alumnat nouvingut tenim una <strong>Aula d&#8217;acollida</strong> on es treballa la llengua durant unes sessions a la setmana.</p>

<p>L’Escola  Soriano-Montagut seguint les directrius del Departament d’Educació, aposta per una educació inclusiva, afavorint l’aprenentatge i participació de tot l’alumnat. Tot l&#8217;alumnat està integrat al grup classe, i defugim de treure als infants del seu grup. L&#8217;atenció a l&#8217;alumnat es fa a través de la docència compartida en grups heterogenis, no fem grups per nivells [&hellip;]</p>
