{"id":1380,"date":"2019-10-11T13:44:24","date_gmt":"2019-10-11T11:44:24","guid":{"rendered":"https:\/\/agora.xtec.cat\/ceipsorianomontagut\/?page_id=1380"},"modified":"2026-02-21T13:18:57","modified_gmt":"2026-02-21T12:18:57","slug":"metodologia-infantil","status":"publish","type":"page","link":"https:\/\/agora.xtec.cat\/ceipsorianomontagut\/com-treballem-metodologies\/metodologia-infantil\/","title":{"rendered":"Metodologia infantil"},"content":{"rendered":"<h2 align=\"center\"><span style=\"color: #000000;\">ESPAIS<\/span><\/h2>\n<p align=\"center\">Els espais estan destinats a l\u2019activitat l\u00fadica que demanen als infants una participaci\u00f3 lliure,imaginativa i creadora; afavoreixen la interrelaci\u00f3 i la comunicaci\u00f3 i s\u00f3n el primer pas cap a la socialitzaci\u00f3. Els infants necessiten compartir espais, jocs, joguines, posar-se d&#8217;acord els uns amb els altres, establir normes de comportament, de conviv\u00e8ncia i de joc. Els espais responen a la necessitat que t\u00e9 l&#8217; infant de con\u00e8ixer els companys\/es, de reviure l\u00fadicament unes situacions quotidianes i poder experimentar, amb la seva pr\u00f2pia activitat, els diversos rols que hi ha el seu entorn.<br \/>\nEsta metodologia permet que cada infant s\u2019expressi en diferents llenguatges, tot potenciant les intel.lig\u00e8ncies m\u00faltiples. El mestre actua com a guia, promovent les diferents situacions d\u2019aprenentatge.<\/p>\n<p align=\"center\">Els espais es realitzen barrejant alumnes de P3, P4 i P5. Aquesta interacci\u00f3 promou que els m\u00e9s petits aprenguin dels m\u00e9s grans, i en els m\u00e9s grans fomentem valors de responsabilitat cuidant i compartint amb els m\u00e9s petits. Es realitzen dos tardes a la setmana. S\u00f3n de lliure circulaci\u00f3, cada alumne escull si vol anar als ambients del pis de dalt o del pis de baix. Una vegada es finalitzen cada alumne torna a la seua classe i es fa una explicaci\u00f3 i valoraci\u00f3 de l\u2019ambient que ha anat.<br \/>\nEls ambients d\u2019aquest curs s\u00f3n: disfresses i teatre, restaurant\/ hospital, invents i construccions, art\u00edstic, biblioteca, titelles, llum i ombres, dom\u00e8stic i mec\u00e0nics i cotxes.<\/p>\n<h2 align=\"center\"><strong>RACONS<\/strong><\/h2>\n<p style=\"text-align: center;\">Els racons s\u00f3n aquelles activitats que es treballen de forma continuada al llarg de tot el curs, per\u00f2 augmentant la seva dificultat, a mesura que els alumnes van avan\u00e7ant. Els racons s\u00f3n una alternativa que ajuda a l&#8217;infant a alternar el treball individual organitzat amb el treball individual lliure. Demanen als infants una participaci\u00f3 activa, organitzada i estructurada, un proc\u00e9s d&#8217;elaboraci\u00f3 i reflexi\u00f3 per part de l&#8217;infant.<br \/>\nEls materials i les propostes de treball que troba en ells possibiliten la interacci\u00f3 entre ell i l&#8217;entorn, que fa que la seva experimentaci\u00f3 es basi en el bagatge que t\u00e9 per poder adquirir nous aprenentatges.<br \/>\nEls racons de treball responen a la necessitat que t\u00e9 l&#8217;infant de con\u00e8ixer i utilitzar diferents objectes i material, manipular i experimentar amb els materials que li oferim.<br \/>\nDins dels racons que treballem al llarg del curs trobem racons de matem\u00e0tiques i de llengua. A P3 tamb\u00e9 es fan activitats per desenvolupar la motricitat fina.<br \/>\nEn el moment dels racons sempre hi ha dos mestres a l\u2019aula. Es realitzen dos sessions setmanals.<\/p>\n<h2><a href=\"http:\/\/www.xtec.cat\/ceipsorianomontagut\/RaconsP3.html\"><strong>I3<\/strong>\u00a0<\/a><\/h2>\n<h2><a href=\"http:\/\/www.xtec.cat\/ceipsorianomontagut\/RaconsP4.html\">I4\u00a0<\/a><\/h2>\n<h2><a href=\"http:\/\/www.xtec.cat\/ceipsorianomontagut\/RaconsP5.html\"><strong>I5<\/strong>\u00a0<\/a><\/h2>\n<p>&nbsp;<\/p>\n","protected":false},"excerpt":{"rendered":"<p>ESPAIS Els espais estan destinats a l\u2019activitat l\u00fadica que demanen als infants una participaci\u00f3 lliure,imaginativa i creadora; afavoreixen la interrelaci\u00f3 i la comunicaci\u00f3 i s\u00f3n el primer pas cap a la socialitzaci\u00f3. Els infants necessiten compartir espais, jocs, joguines, posar-se d&#8217;acord els uns amb els altres, establir normes de comportament, de conviv\u00e8ncia i de joc. [&hellip;]<\/p>\n","protected":false},"author":1,"featured_media":0,"parent":1377,"menu_order":1,"comment_status":"closed","ping_status":"closed","template":"","meta":{"_bbp_topic_count":0,"_bbp_reply_count":0,"_bbp_total_topic_count":0,"_bbp_total_reply_count":0,"_bbp_voice_count":0,"_bbp_anonymous_reply_count":0,"_bbp_topic_count_hidden":0,"_bbp_reply_count_hidden":0,"_bbp_forum_subforum_count":0,"site-sidebar-layout":"default","site-content-layout":"","ast-site-content-layout":"default","site-content-style":"default","site-sidebar-style":"default","ast-global-header-display":"","ast-banner-title-visibility":"","ast-main-header-display":"","ast-hfb-above-header-display":"","ast-hfb-below-header-display":"","ast-hfb-mobile-header-display":"","site-post-title":"","ast-breadcrumbs-content":"","ast-featured-img":"","footer-sml-layout":"","theme-transparent-header-meta":"default","adv-header-id-meta":"","stick-header-meta":"","header-above-stick-meta":"","header-main-stick-meta":"","header-below-stick-meta":"","astra-migrate-meta-layouts":"set","ast-page-background-enabled":"default","ast-page-background-meta":{"desktop":{"background-color":"var(--ast-global-color-4)","background-image":"","background-repeat":"repeat","background-position":"center center","background-size":"auto","background-attachment":"scroll","background-type":"","background-media":"","overlay-type":"","overlay-color":"","overlay-opacity":"","overlay-gradient":""},"tablet":{"background-color":"","background-image":"","background-repeat":"repeat","background-position":"center center","background-size":"auto","background-attachment":"scroll","background-type":"","background-media":"","overlay-type":"","overlay-color":"","overlay-opacity":"","overlay-gradient":""},"mobile":{"background-color":"","background-image":"","background-repeat":"repeat","background-position":"center center","background-size":"auto","background-attachment":"scroll","background-type":"","background-media":"","overlay-type":"","overlay-color":"","overlay-opacity":"","overlay-gradient":""}},"ast-content-background-meta":{"desktop":{"background-color":"var(--ast-global-color-5)","background-image":"","background-repeat":"repeat","background-position":"center center","background-size":"auto","background-attachment":"scroll","background-type":"","background-media":"","overlay-type":"","overlay-color":"","overlay-opacity":"","overlay-gradient":""},"tablet":{"background-color":"var(--ast-global-color-5)","background-image":"","background-repeat":"repeat","background-position":"center center","background-size":"auto","background-attachment":"scroll","background-type":"","background-media":"","overlay-type":"","overlay-color":"","overlay-opacity":"","overlay-gradient":""},"mobile":{"background-color":"var(--ast-global-color-5)","background-image":"","background-repeat":"repeat","background-position":"center center","background-size":"auto","background-attachment":"scroll","background-type":"","background-media":"","overlay-type":"","overlay-color":"","overlay-opacity":"","overlay-gradient":""}},"footnotes":""},"class_list":["post-1380","page","type-page","status-publish","hentry"],"post_mailing_queue_ids":[],"_links":{"self":[{"href":"https:\/\/agora.xtec.cat\/ceipsorianomontagut\/wp-json\/wp\/v2\/pages\/1380","targetHints":{"allow":["GET"]}}],"collection":[{"href":"https:\/\/agora.xtec.cat\/ceipsorianomontagut\/wp-json\/wp\/v2\/pages"}],"about":[{"href":"https:\/\/agora.xtec.cat\/ceipsorianomontagut\/wp-json\/wp\/v2\/types\/page"}],"author":[{"embeddable":true,"href":"https:\/\/agora.xtec.cat\/ceipsorianomontagut\/wp-json\/wp\/v2\/users\/1"}],"replies":[{"embeddable":true,"href":"https:\/\/agora.xtec.cat\/ceipsorianomontagut\/wp-json\/wp\/v2\/comments?post=1380"}],"version-history":[{"count":5,"href":"https:\/\/agora.xtec.cat\/ceipsorianomontagut\/wp-json\/wp\/v2\/pages\/1380\/revisions"}],"predecessor-version":[{"id":9155,"href":"https:\/\/agora.xtec.cat\/ceipsorianomontagut\/wp-json\/wp\/v2\/pages\/1380\/revisions\/9155"}],"up":[{"embeddable":true,"href":"https:\/\/agora.xtec.cat\/ceipsorianomontagut\/wp-json\/wp\/v2\/pages\/1377"}],"wp:attachment":[{"href":"https:\/\/agora.xtec.cat\/ceipsorianomontagut\/wp-json\/wp\/v2\/media?parent=1380"}],"curies":[{"name":"wp","href":"https:\/\/api.w.org\/{rel}","templated":true}]}}

<h2 align="center"><span style="color: #000000;">ESPAIS</span></h2>
<p align="center">Els espais estan destinats a l’activitat lúdica que demanen als infants una participació lliure,imaginativa i creadora; afavoreixen la interrelació i la comunicació i són el primer pas cap a la socialització. Els infants necessiten compartir espais, jocs, joguines, posar-se d&#8217;acord els uns amb els altres, establir normes de comportament, de convivència i de joc. Els espais responen a la necessitat que té l&#8217; infant de conèixer els companys/es, de reviure lúdicament unes situacions quotidianes i poder experimentar, amb la seva pròpia activitat, els diversos rols que hi ha el seu entorn.<br />
Esta metodologia permet que cada infant s’expressi en diferents llenguatges, tot potenciant les intel.ligències múltiples. El mestre actua com a guia, promovent les diferents situacions d’aprenentatge.</p>
<p align="center">Els espais es realitzen barrejant alumnes de P3, P4 i P5. Aquesta interacció promou que els més petits aprenguin dels més grans, i en els més grans fomentem valors de responsabilitat cuidant i compartint amb els més petits. Es realitzen dos tardes a la setmana. Són de lliure circulació, cada alumne escull si vol anar als ambients del pis de dalt o del pis de baix. Una vegada es finalitzen cada alumne torna a la seua classe i es fa una explicació i valoració de l’ambient que ha anat.<br />
Els ambients d’aquest curs són: disfresses i teatre, restaurant/ hospital, invents i construccions, artístic, biblioteca, titelles, llum i ombres, domèstic i mecànics i cotxes.</p>
<h2 align="center"><strong>RACONS</strong></h2>
<p style="text-align: center;">Els racons són aquelles activitats que es treballen de forma continuada al llarg de tot el curs, però augmentant la seva dificultat, a mesura que els alumnes van avançant. Els racons són una alternativa que ajuda a l&#8217;infant a alternar el treball individual organitzat amb el treball individual lliure. Demanen als infants una participació activa, organitzada i estructurada, un procés d&#8217;elaboració i reflexió per part de l&#8217;infant.<br />
Els materials i les propostes de treball que troba en ells possibiliten la interacció entre ell i l&#8217;entorn, que fa que la seva experimentació es basi en el bagatge que té per poder adquirir nous aprenentatges.<br />
Els racons de treball responen a la necessitat que té l&#8217;infant de conèixer i utilitzar diferents objectes i material, manipular i experimentar amb els materials que li oferim.<br />
Dins dels racons que treballem al llarg del curs trobem racons de matemàtiques i de llengua. A P3 també es fan activitats per desenvolupar la motricitat fina.<br />
En el moment dels racons sempre hi ha dos mestres a l’aula. Es realitzen dos sessions setmanals.</p>
<h2><a href="http://www.xtec.cat/ceipsorianomontagut/RaconsP3.html"><strong>I3</strong> </a></h2>
<h2><a href="http://www.xtec.cat/ceipsorianomontagut/RaconsP4.html">I4 </a></h2>
<h2><a href="http://www.xtec.cat/ceipsorianomontagut/RaconsP5.html"><strong>I5</strong> </a></h2>
<p>&nbsp;</p>

<p>ESPAIS Els espais estan destinats a l’activitat lúdica que demanen als infants una participació lliure,imaginativa i creadora; afavoreixen la interrelació i la comunicació i són el primer pas cap a la socialització. Els infants necessiten compartir espais, jocs, joguines, posar-se d&#8217;acord els uns amb els altres, establir normes de comportament, de convivència i de joc. [&hellip;]</p>
