{"id":9817,"date":"2019-11-07T13:30:00","date_gmt":"2019-11-07T12:30:00","guid":{"rendered":"https:\/\/agora.xtec.cat\/ceipsolilluna\/?page_id=9817"},"modified":"2025-02-09T20:08:13","modified_gmt":"2025-02-09T19:08:13","slug":"acords-consell-escolar","status":"publish","type":"page","link":"https:\/\/agora.xtec.cat\/ceipsolilluna\/dinteres\/acords-consell-escolar\/","title":{"rendered":"Acords Consell Escolar"},"content":{"rendered":"<h2><span style=\"background-color: #3366ff; color: #ffffff;\"><em><strong>Curs 2024-2025\u00a0<\/strong><\/em><\/span><\/h2>\n<p>&nbsp;<\/p>\n<ul style=\"list-style-type: circle;\">\n<li>28-01-2025, Es presenta la <strong>liquidaci\u00f3 econ\u00f2mica de l\u2019exercici de 2024 i la proposta per al pressupost del 2025<\/strong>. Tots els membres del Consell Escolar hi estan d\u2019acord i la directora aprova la liquidaci\u00f3 i el pressupost. S\u2019informa dels dies en qu\u00e8 es faran les jornades de <strong>portes obertes<\/strong>: el 27 de febrer a les 15:10h (modificat posteriorment al <strong>4 de mar\u00e7<\/strong>) i el <strong>8 de mar\u00e7<\/strong> a les 10:00h. S&#8217;aposta per donar continu\u00eftat al <strong>projecte d&#8217;acompanyament al canvi 6\u00e8-ESO<\/strong> amb intervenci\u00f3 de la <strong>Sabina Negro<\/strong> amb fam\u00edlies i infants, tenint en compte les bones valoracions del curs passat. Es presenta llistat de <strong>material digital obsolet<\/strong> i s&#8217;aprova portar-ho a la deixalleria o reutilitzar les peces per a diferents activitats: tallers, projectes STEAM&#8230;<\/li>\n<\/ul>\n<p>&nbsp;<\/p>\n<ul style=\"list-style-type: circle;\">\n<li>30-10-2024 <span style=\"font-weight: 400;\">Es presenta i s\u2019aprova la <strong>Programaci\u00f3 General Anual de centre<\/strong>. <\/span><span style=\"font-weight: 400;\">Es comenta que s\u2019ha incorporat la mestra que cobreix la vacant de la <strong>nova dotaci\u00f3 de SIEI<\/strong> a jornada completa. S\u2019informa de la <strong>dotaci\u00f3 digital<\/strong> que el departament va fer a finals del curs passat, les pantalles a les aules. Com a acord de claustre nom\u00e9s s\u2019utilitzen a les aules quan \u00e9s necessari. A m\u00e9s, tamb\u00e9 s\u2019ha rebut una altra <strong>dotaci\u00f3 de material audiovisual<\/strong> com c\u00e0meres, micr\u00f2fons, focus\u2026<\/span><\/li>\n<\/ul>\n<p>&nbsp;<\/p>\n<h2><span style=\"background-color: #3366ff; color: #ffffff;\"><em><strong>Curs 2023-2024\u00a0<\/strong><\/em><\/span><\/h2>\n<ul style=\"list-style-type: circle;\">\n<li>Es comenten els resultats de la preinscripci\u00f3 pel curs 24-25. Es fa una valoraci\u00f3 sobre les col\u00f2nies escolars, que pr\u00e8viament s&#8217;havia fet en el claustre. S&#8217;acorda ampliar les col\u00f2nies a I4. Els cursos de 1r a 3r i els de 4t i 5\u00e8 faran les col\u00f2nies a l&#8217;octubre, I4 i I5 al tercer treimestre i 6\u00e8 a final de curs. S&#8217;informa que es portar\u00e0\u00a0 terme la II Festa de la comunitat educativa, el dia 15 de juny. (8-5-24)<\/li>\n<\/ul>\n<p>&nbsp;<\/p>\n<ul style=\"list-style-type: circle;\">\n<li>Es presenta la liquidaci\u00f3 econ\u00f2mica de l&#8217;exercici de 2023 i el pressupost pel 2024. Escoltat el Consell Escolar, la directora aprova la liquidaci\u00f3 i el pressupost. S&#8217;informa dels dies en qu\u00e8 es faran les jornades de portes obertes. Tamb\u00e9 es comunica el calendari de preinscripci\u00f3 pel curs vinent. L&#8217;acompanyament a les fa,\u00edlies i alumnes de sis\u00e8 cap al seu pas a secund\u00e0ria, el portar\u00e0 a terme aquest any la Sabina Negro. (30-1-24)<\/li>\n<\/ul>\n<p>&nbsp;<\/p>\n<ul style=\"list-style-type: circle;\">\n<li>Es constitueix formalment el <a href=\"https:\/\/agora.xtec.cat\/ceipsolilluna\/lescola\/consell-escolar\/\">nou consell escolar<\/a>, despr\u00e9s de la renovaci\u00f3 parcial dels membres dels diferents sector. (13-12-2023)<\/li>\n<\/ul>\n<p>&nbsp;<\/p>\n<ul style=\"list-style-type: circle;\">\n<li>Es presenta i s&#8217;aprova la Programaci\u00f3 General Anual de centre. S&#8217;informa del proc\u00e9s de renovaci\u00f3 parcial dels diferents sectors del CE, que s&#8217;haur\u00e0 de constituir no m\u00e9s tard del 19 de desembre.\u00a0 S&#8217;acorda enviar un escrit a l&#8217;ajuntament pel fet d&#8217;haver tret el pas de vianants del carrer Sant Feliu (25-10-2023).<\/li>\n<\/ul>\n<h2><span style=\"background-color: #3366ff; color: #ffffff;\"><em><strong>Curs 2022-2023\u00a0<\/strong><\/em><\/span><\/h2>\n<ul style=\"list-style-type: circle;\">\n<li>Es presenta la mem\u00f2ria del curs i \u00e9s aprovada per consens pel CE. La directora presenta el seu nou projecte de direcci\u00f3 pel per\u00edode 23-27. Finalment es presenta la nova cap d&#8217;estudis i es reconeix la feina feta al cap d&#8217;estudis sortint. (6-7-23)<\/li>\n<\/ul>\n<p>&nbsp;<\/p>\n<ul style=\"list-style-type: circle;\">\n<li>S&#8217;informa de la proposta de calendari pel curs vinent: dies festius, periodes de vacances, inci i final de curs, jornada continuada, adaptaci\u00f3 dels alumnes d&#8217;I3, dies de lliure disposici\u00f3 etc. El CE ho aprova per consens i s&#8217;enviar\u00e0 a SSTT peru`q la directora aprovi els per\u00edode d&#8217;adaptaci\u00f3 dels nous alumnes i la jornada continuada al juny i l&#8217;\u00faltim dia del primer trimestre. (7-6-23)<\/li>\n<\/ul>\n<p>&nbsp;<\/p>\n<ul style=\"list-style-type: circle;\">\n<li>S&#8217;informa de com ha anat el proc\u00e9s de preinscripci\u00f3 pel curs vinent. S&#8217;informa de la valoraci\u00f3 que han fet les fam\u00edlies sobre el nou informe trimestral a prim\u00e0ria. Es crea la comissi\u00f3 de valoraci\u00f3 del mandat de direcci\u00f3 19-23. Es concreta les data de la festa final de curs i de la primera festa de la comunitat educativa, que seran el 17 de juny. (3-5-23)<\/li>\n<\/ul>\n<p>&nbsp;<\/p>\n<ul style=\"list-style-type: circle;\">\n<li>Es presenta la liquidaci\u00f3 econ\u00f2mica de l&#8217;exercici de 2022 i el pressupost pel 2023. Escoltat el Consell Escolar, la directora aprova la liquidaci\u00f3 i el pressupost. S&#8217;informa que finalment el Departament ha comunicat que el centre no ser\u00e0 institut escola el curs vinent. (1-2-23)<\/li>\n<\/ul>\n<p>&nbsp;<\/p>\n<ul style=\"list-style-type: circle;\">\n<li>Es presenta i s&#8217;aprova les modificacions del nou model d&#8217;informe d&#8217;educaci\u00f3 infantil. S&#8217;informa que la direcci\u00f3 del centre presentar\u00e0 la continu\u00eftat d&#8217;un segon mandat. (1-12-22)<\/li>\n<\/ul>\n<p>&nbsp;<\/p>\n<ul style=\"list-style-type: circle;\">\n<li>Es presenta i s&#8217;aprova la Programaci\u00f3 General Anual de centre. S&#8217;informa de com ha anat el funcionament de les tardes de lleure educatiu, de l&#8217;augment d&#8217;una dotaci\u00f3 a jornada sencera a partir de gener perqu\u00e8 els docents puguin tenir una segona hora no lectiva, de l&#8217;assignaci\u00f3 de 12 hores d&#8217;auxiliar de conversa i de la participaci\u00f3 novament dels alumnes i les fam\u00edlies de sis\u00e8 al projecte ASEF de l&#8217;ajuntament.\u00a0 \u00a0(29-09-22)<\/li>\n<\/ul>\n<h2><span style=\"background-color: #3366ff; color: #ffffff;\"><em><strong>Curs 2021-2022\u00a0<\/strong><\/em><\/span><\/h2>\n<ul style=\"list-style-type: circle;\">\n<li>Es presenta la mem\u00f2ria del curs 21-22, de la qual tots els membres del CE en tenien una c\u00f2pia per la seva lectura. Es fa una breu valoraci\u00f3 dels diferents apartats i finalment \u00e9s aprovada sense esmenes per unanimitat. Tamb\u00e9 es presenta una modificaci\u00f3 al pressupost del 2022 arran dels diners que rebrem pel monitoratge del lleure educatiu. S&#8217;expliquen les partides d&#8217;ingressos i despeses i el CE aprova la modificaci\u00f3 pressupost\u00e0ria per unanimitat. (13-7-2022)<\/li>\n<\/ul>\n<p>&nbsp;<\/p>\n<ul style=\"list-style-type: circle;\">\n<li style=\"text-align: justify;\">Es comenta la proposta de calendari escolar pel curs vinent: inici i finalitzaci\u00f3 de classes amb alumnes, per\u00edodes de vacances, dies festius, festes locals, dies amb possibilitat de jornada intensiva. Tindrem quatre dies de lliure disposici\u00f3 que coincideixen amb la resta d\u2019escoles del poble: 31 d\u2019octubre i 9 de desembre de 2022, 20 de febrer i 15 de maig de 2023. Dies d\u2019entrada progressiva pels nous alumnes de P3: 5, 6, 7 i 8 de setembre de 2022. El Consell Escolar <strong style=\"font-family: inherit; font-size: 1em;\"><em>decideix aprovar per consens<\/em><\/strong><span style=\"font-family: inherit; font-size: 1em;\"> les peticions de jornada d\u2019adaptaci\u00f3 dels nous alumnes de P3, la demanda de jornada intensiva el 21-12-2022 i del 5 al 22 de juny de 2023, i els dies de lliure disposici\u00f3 proposats, aix\u00ed com mantenir l\u2019horari escolar, tant per infantil com per prim\u00e0ria, de 9:00-12:30 h i\u00a0 de 15:00-16:30 h. (29-6-22)<\/span><\/li>\n<\/ul>\n<p>&nbsp;<\/p>\n<ul style=\"list-style-type: circle;\">\n<li style=\"text-align: justify;\">Es revisa el Projecte Ling\u00fc\u00edstic del centre i s&#8217;aproven les esmenes que es presenten perqu\u00e8 reculli expl\u00edcitament els indicadors que demana el Departament perqu\u00e8 se\u2019n faci responsable del mateix. El nou projecte ling\u00fc\u00edstic est\u00e0 publicat a la web de l\u2019escola. Es comenta com va anar el congr\u00e9s i la jornada pedag\u00f2gica d\u2019enguany, que aquest curs ha tingut com a tema la <strong><em>Coeducaci\u00f3<\/em><\/strong>. S\u2019exposen els acords sorgits al congr\u00e9s que s\u2019inclouran al projecte de conviv\u00e8ncia del centre. S&#8217;informa com quedar\u00e0 la plantilla del curs vinent i els grups que tindrem, tamb\u00e9 del calendari pel curs vinent que comen\u00e7ar\u00e0 el 5 de setembre en horari intensiu i a les tardes de lleure educatiu. (22-6-22)<\/li>\n<\/ul>\n<p>&nbsp;<\/p>\n<ul style=\"list-style-type: circle;\">\n<li style=\"text-align: justify;\">Es presenta la liquidaci\u00f3 de comptes de l&#8217;exercici 2021 i s&#8217;aprova. Tamb\u00e9 es presenta la proposta incial de pressupost per l&#8217;exercici 2022 i tamb\u00e9 s&#8217;aprova. Tant la liquidaci\u00f3 com el pressupost estan disponibles en la web del centre per consultar-los. S&#8217;informa de les dates de portes obertes i de la preinscripci\u00f3 pel curs vinent 2022-2023. S&#8217;informa de la visita el pr\u00f2xim dimecres dia 9 de febrer de la Secretaria de Pol\u00edtiques Educatives del Departament i altres c\u00e0rrecs juntament amb la directora de SSTT i el regidor de l\u2019ajuntament, per parlar amb l\u2019equip directiu i altres membres de la comissi\u00f3 mixta de la possibilitat que l\u2019escola esdevingui Institut-escola. (2-2-22)<\/li>\n<\/ul>\n<p>&nbsp;<\/p>\n<ul style=\"list-style-type: circle;\">\n<li>Es constitueix el nou consell escolar, despr\u00e9s de la renovaci\u00f3 parcial dels diferents sectors. Es constitueixen les diferents comissions. S&#8217;informa dels casos dels grups confinats al centre. El consell escolar dona suport al manifest del CE de Catalunya a favor del model ling\u00fc\u00edstic de l&#8217;escola catalana. (15-12-21)<\/li>\n<\/ul>\n<p>&nbsp;<\/p>\n<ul style=\"list-style-type: circle;\">\n<li>Es presenta i s&#8217;aprova la Programaci\u00f3 General Anual de centre. Es presenta a votaci\u00f3 i el Consell Escolar dona suport a la proposta de l&#8217;AFA que l&#8217;escola esdevingui institut-escola. Es continuaran fent accions. S&#8217;informa dels resultats de la votaci\u00f3 per renovar els membres del sector mestres i PAE. S&#8217;informa del confinament de dos grups del centre. (24-11-21)<\/li>\n<\/ul>\n<p>&nbsp;<\/p>\n<ul style=\"list-style-type: circle;\">\n<li style=\"text-align: justify;\">Es presenta i s&#8217;aprova el Projecte de conviv\u00e8ncia. Es presenta i s&#8217;aprova un punt nou al POC que fa refer\u00e8ncia als confinaments individuals, parcials, grupals o total del grup de conviv\u00e8ncia estable. S&#8217;informa de les eleccions per renovar els diferents sectors del consell escolar. Tota la informaci\u00f3 est\u00e0 publicitada al web i al taulell d&#8217;anuncis; tamb\u00e9 s&#8217;ha enviat a totes les fam\u00edlies del centre un mail amb una infografia informativa. (3-11-21)<\/li>\n<\/ul>\n<p>&nbsp;<\/p>\n<ul style=\"list-style-type: circle;\">\n<li>Es presenta i s&#8217;aprova el Pla d&#8217;Obertura de centre (POC) pel curs 21-22 (6-9-2021)<\/li>\n<\/ul>\n<p>&nbsp;<\/p>\n<h2><span style=\"background-color: #3366ff; color: #ffffff;\"><em><strong>Curs 2020-2021\u00a0<\/strong><\/em><\/span><\/h2>\n<ul style=\"list-style-type: circle;\">\n<li>S&#8217;aprova la Mem\u00f2ria de la Programaci\u00f3 General Anual del curs 19-20. Es presenta i s&#8217;aprova el Pla d&#8217;Obertura de centre (POC) pel curs 20-21 (4-9-2020).<\/li>\n<\/ul>\n<p>&nbsp;<\/p>\n<ul style=\"list-style-type: circle;\">\n<li>S&#8217;aprova la Programaci\u00f3 General Anual del curs i el document d&#8217;activitats, sortides i col\u00f2nies pel curs 20-21 (18-11-2020)<\/li>\n<\/ul>\n<p>&nbsp;<\/p>\n<ul style=\"list-style-type: circle;\">\n<li style=\"text-align: justify;\">S&#8217;aprova el tancament de l&#8217;exercici econ\u00f2mic de l&#8217;any natural 2020 i la proposta de pressupost pel 2021. S&#8217;informa dels tres annexos que s&#8217;inclouran al POC arran de les noves instruccions per l&#8217;evoluci\u00f3 de la pand\u00e8mia. S&#8217;informa de les dates de les portes obertes, el 3 i el 13 de mar\u00e7, que aquest any per acord de les direccions de les escoles p\u00fabliques, seran en format telem\u00e0tic. (4-2-21)<\/li>\n<\/ul>\n<p>&nbsp;<\/p>\n<ul style=\"list-style-type: circle;\">\n<li style=\"text-align: justify;\">S&#8217;aprova la participaci\u00f3 del centre en els programes d&#8217;innovaci\u00f3 STEAMCat i Erasmus+. Els projectes es presentaran abans del 12 de maig i haurem d&#8217;esperar si som seleccionats o no. Es recorda que el proper dijous 13 de maig es far\u00e0 la XII Trobada Pedag\u00f2gica amb les fam\u00edlies, el lloc ser\u00e0 l&#8217;Auditori i es respectaran al m\u00e0xim les mesures sanit\u00e0ries. Aquest curs el tema \u00e9s el treball de la perspectiva STEAM al centre. Finalment, s&#8217;informa que la setmana del 17 al 22 de maig activaran la nova LAN del centre. (4-5-21)<\/li>\n<\/ul>\n<p>&nbsp;<\/p>\n<ul style=\"list-style-type: circle;\">\n<li style=\"text-align: justify;\">S&#8217;aprova el calendari escolar del curs vinent 2021-2022, amb els dies de lliure disposici\u00f3, l&#8217;entrada progressiva dels nous alumnes de P3 i les dates de les col\u00f2nies. Es fa una primera aproximaci\u00f3 de com quedar\u00e0 la distribuci\u00f3 dels cursos. S&#8217;informa que la LAN de l&#8217;escola ja est\u00e0 en ple funcionament. Tamb\u00e9 es recorda que el 20 de juliol es far\u00e0 un consell escolar per aprovar el projecte de conviv\u00e8ncia. Finalment, des de l&#8217;ajuntament es vol fer una menci\u00f3 honor\u00edfica a tota la comunitat educativa de les diferents escoles pel sobreesfor\u00e7 fet aquest curs. (28-6-21)<\/li>\n<\/ul>\n<h2><span style=\"background-color: #3366ff; color: #ffffff;\"><em><strong>Curs 2019-2020\u00a0<\/strong><\/em><\/span><\/h2>\n<ul style=\"list-style-type: circle;\">\n<li style=\"text-align: justify;\">S&#8217;aprova el nou pla de menjador presentat per l&#8217;AFA i la signatura del conveni amb SSTT (9-10-2019)<\/li>\n<\/ul>\n<p>&nbsp;<\/p>\n<ul style=\"list-style-type: circle;\">\n<li style=\"text-align: justify;\">S&#8217;aprova la Programaci\u00f3 General Anual (PGA) i les sortides i activitats pel curs 19-20. Es contempla que en alguna sortida es pugui sortir i\/o arribar fora de l&#8217;horari lectiu del centre. (6-11-2019)<\/li>\n<\/ul>\n<p>&nbsp;<\/p>\n<ul style=\"list-style-type: circle;\">\n<li style=\"text-align: justify;\">S&#8217;aprova la liquidaci\u00f3 de l&#8217;exercici 2019 i el pressupost per l&#8217;any 2020. Tamb\u00e9 s&#8217;informa que la jornada de portes obertes ser\u00e0 el dijous 12 de mar\u00e7 a les 15:00\u202fh i el dissabte 14 de mar\u00e7 a les 10:00\u202fh (29-01-2020).<\/li>\n<\/ul>\n<p>&nbsp;<\/p>\n<ul style=\"list-style-type: circle;\">\n<li style=\"text-align: justify;\">S&#8217;acorda que es retornar\u00e0 la part de la quota de material corresponent a l&#8217;\u00faltim trimestre del curs, pel tancament de l&#8217;escola a causa del Covid-19, nom\u00e9s als alumnes de sis\u00e8, als que ho reclamin expl\u00edcitament i a les baixes que es produeixin. A la resta d&#8217;alumnes se li compensar\u00e0 a la quota del pr\u00f2xim curs. Tamb\u00e9 es retornaran els diners de les col\u00f2nies de sis\u00e8 i sortides ja contractades i pagades de diferents cursos. Quant a les col\u00f2nies de P5 i 2n, s&#8217;han ajornat pel mes d&#8217;octubre i, de moment no es retornen els diners. Tamb\u00e9 s&#8217;acorda mantenir el mateix horari lectiu pel curs vinent. (12-5-2020)<\/li>\n<\/ul>\n<p>&nbsp;<\/p>\n<ul style=\"list-style-type: circle;\">\n<li style=\"text-align: justify;\">S&#8217;informa del Pla de Reobertura del centre a partir del 8 de juny (fase 2), dels resultats de la preinscripci\u00f3 i de la plantilla pel curs vinent, tindrem la reducci\u00f3 d&#8217;un grup de 1r\u00a0 i d&#8217;un mestre (3-6-2020)<\/li>\n<\/ul>\n<p>&nbsp;<\/p>\n<ul style=\"list-style-type: circle;\">\n<li style=\"text-align: justify;\">S&#8217;aprova la revisi\u00f3 del Projecte Ling\u00fc\u00edstic de Centre fins a l&#8217;any 2024. Tamb\u00e9 s&#8217;aprova el calendari del curs vinent: les peticions de jornada d\u2019adaptaci\u00f3 dels nous alumnes de P3 del 15 al 18 de setembre, la demanda de jornada intensiva el 21-12-2020 i del 7 al 22 de juny de 2021, i els dies de lliure disposici\u00f3 proposats pel claustre de professors que coincideixen amb la proposta municipal: 7 de desembre de 2020, 15 de febrer de 2021 i 10 de maig de 2021. Ara ser\u00e0 el director de SSTT qui haur\u00e0 de ratificar el calendari proposat. Tamb\u00e9 s&#8217;acorda que continu\u00ef l&#8217;AFA assumint la gesti\u00f3 del servei escolar de menjador mantenint el contracte de la prestaci\u00f3 d&#8217;aquest servei amb una empresa del sector. (14-7-2020)<\/li>\n<\/ul>\n","protected":false},"excerpt":{"rendered":"<p>Curs 2024-2025\u00a0 &nbsp; 28-01-2025, Es presenta la liquidaci\u00f3 econ\u00f2mica de l\u2019exercici de 2024 i la proposta per al pressupost del 2025. Tots els membres del Consell Escolar hi estan d\u2019acord i la directora aprova la liquidaci\u00f3 i el pressupost. S\u2019informa dels dies en qu\u00e8 es faran les jornades de portes obertes: el 27 de febrer [&hellip;]<\/p>\n","protected":false},"author":1,"featured_media":0,"parent":359,"menu_order":0,"comment_status":"closed","ping_status":"closed","template":"page-templates\/side-menu.php","meta":{"_bbp_topic_count":0,"_bbp_reply_count":0,"_bbp_total_topic_count":0,"_bbp_total_reply_count":0,"_bbp_voice_count":0,"_bbp_anonymous_reply_count":0,"_bbp_topic_count_hidden":0,"_bbp_reply_count_hidden":0,"_bbp_forum_subforum_count":0,"site-sidebar-layout":"default","site-content-layout":"","ast-site-content-layout":"","site-content-style":"default","site-sidebar-style":"default","ast-global-header-display":"","ast-banner-title-visibility":"","ast-main-header-display":"","ast-hfb-above-header-display":"","ast-hfb-below-header-display":"","ast-hfb-mobile-header-display":"","site-post-title":"","ast-breadcrumbs-content":"","ast-featured-img":"","footer-sml-layout":"","theme-transparent-header-meta":"","adv-header-id-meta":"","stick-header-meta":"","header-above-stick-meta":"","header-main-stick-meta":"","header-below-stick-meta":"","astra-migrate-meta-layouts":"default","ast-page-background-enabled":"default","ast-page-background-meta":{"desktop":{"background-color":"var(--ast-global-color-4)","background-image":"","background-repeat":"repeat","background-position":"center center","background-size":"auto","background-attachment":"scroll","background-type":"","background-media":"","overlay-type":"","overlay-color":"","overlay-opacity":"","overlay-gradient":""},"tablet":{"background-color":"","background-image":"","background-repeat":"repeat","background-position":"center center","background-size":"auto","background-attachment":"scroll","background-type":"","background-media":"","overlay-type":"","overlay-color":"","overlay-opacity":"","overlay-gradient":""},"mobile":{"background-color":"","background-image":"","background-repeat":"repeat","background-position":"center center","background-size":"auto","background-attachment":"scroll","background-type":"","background-media":"","overlay-type":"","overlay-color":"","overlay-opacity":"","overlay-gradient":""}},"ast-content-background-meta":{"desktop":{"background-color":"var(--ast-global-color-5)","background-image":"","background-repeat":"repeat","background-position":"center center","background-size":"auto","background-attachment":"scroll","background-type":"","background-media":"","overlay-type":"","overlay-color":"","overlay-opacity":"","overlay-gradient":""},"tablet":{"background-color":"var(--ast-global-color-5)","background-image":"","background-repeat":"repeat","background-position":"center center","background-size":"auto","background-attachment":"scroll","background-type":"","background-media":"","overlay-type":"","overlay-color":"","overlay-opacity":"","overlay-gradient":""},"mobile":{"background-color":"var(--ast-global-color-5)","background-image":"","background-repeat":"repeat","background-position":"center center","background-size":"auto","background-attachment":"scroll","background-type":"","background-media":"","overlay-type":"","overlay-color":"","overlay-opacity":"","overlay-gradient":""}},"footnotes":""},"class_list":["post-9817","page","type-page","status-publish","hentry"],"post_mailing_queue_ids":[],"_links":{"self":[{"href":"https:\/\/agora.xtec.cat\/ceipsolilluna\/wp-json\/wp\/v2\/pages\/9817","targetHints":{"allow":["GET"]}}],"collection":[{"href":"https:\/\/agora.xtec.cat\/ceipsolilluna\/wp-json\/wp\/v2\/pages"}],"about":[{"href":"https:\/\/agora.xtec.cat\/ceipsolilluna\/wp-json\/wp\/v2\/types\/page"}],"author":[{"embeddable":true,"href":"https:\/\/agora.xtec.cat\/ceipsolilluna\/wp-json\/wp\/v2\/users\/1"}],"replies":[{"embeddable":true,"href":"https:\/\/agora.xtec.cat\/ceipsolilluna\/wp-json\/wp\/v2\/comments?post=9817"}],"version-history":[{"count":6,"href":"https:\/\/agora.xtec.cat\/ceipsolilluna\/wp-json\/wp\/v2\/pages\/9817\/revisions"}],"predecessor-version":[{"id":11665,"href":"https:\/\/agora.xtec.cat\/ceipsolilluna\/wp-json\/wp\/v2\/pages\/9817\/revisions\/11665"}],"up":[{"embeddable":true,"href":"https:\/\/agora.xtec.cat\/ceipsolilluna\/wp-json\/wp\/v2\/pages\/359"}],"wp:attachment":[{"href":"https:\/\/agora.xtec.cat\/ceipsolilluna\/wp-json\/wp\/v2\/media?parent=9817"}],"curies":[{"name":"wp","href":"https:\/\/api.w.org\/{rel}","templated":true}]}}