{"id":36,"date":"2014-09-18T12:33:11","date_gmt":"2014-09-18T11:33:11","guid":{"rendered":"http:\/\/agora.xtec.cat\/ceipsfamiliascg\/?page_id=36"},"modified":"2026-01-22T12:53:28","modified_gmt":"2026-01-22T11:53:28","slug":"material-escolar","status":"publish","type":"page","link":"https:\/\/agora.xtec.cat\/ceipsfamiliascg\/lescola\/material-escolar\/","title":{"rendered":"Material escolar"},"content":{"rendered":"<h3 id=\"sites-page-title-header\" align=\"left\"><\/h3>\n<div id=\"sites-canvas-main\" class=\"sites-canvas-main\">\n<div id=\"sites-canvas-main-content\">\n<table class=\"sites-layout-name-one-column sites-layout-hbox\" cellspacing=\"0\">\n<tbody>\n<tr>\n<td class=\"sites-layout-tile sites-tile-name-content-1\">\n<div dir=\"ltr\">\n<h3 id=\"sites-page-title-header\" style=\"font-style: normal;\" align=\"left\"><span id=\"sites-page-title\" dir=\"ltr\" style=\"font-size: 24px;\" tabindex=\"-1\">(En proc\u00e9s d&#8217;actualitzaci\u00f3)<\/span><\/h3>\n<p><span style=\"color: #0b5394; font-size: large;\">Quota de material i sortides<\/span><\/p>\n<p><span style=\"font-size: medium;\">La quota de material escolar tamb\u00e9 inclou totes les sortides i activitats complement\u00e0ries.<\/span><\/p>\n<p><span style=\"font-size: medium;\">Per tal de facilitar l&#8217;economia dom\u00e8stica a les fam\u00edlies, es realitza l&#8217;abonament en dues quotes, i per tant es passen dos rebuts bancaris al llarg del curs (juliol i novembre)<\/span><\/p>\n<p>Les quotes s\u00f3n les seg\u00fcents:<\/p>\n<p><span style=\"font-size: medium;\">Infantil:________________ 145 \u20ac<\/span><\/p>\n<p><span style=\"font-size: medium;\">Prim\u00e0ria_______________ 150 \u20ac<\/span><\/p>\n<p><span style=\"font-size: medium;\">Fraccionada en dos pagaments serien les seg\u00fcents:<\/span><\/p>\n<p><span style=\"font-size: medium;\">Infantil:____________70 \u20ac (juliol) i 75 \u20ac (novembre)<\/span><\/p>\n<p><span style=\"font-size: medium;\">Prim\u00e0ria_________ _ 70 \u20ac (juliol) i 80\u20ac (novembre)<\/span><\/p>\n<p><strong>\u00a0<\/strong>Quota de llibres de text<\/p>\n<p><span lang=\"ca\">Com ja sabeu la majoria de vosaltres, l\u2019Ajuntament subvenciona els llibres de text i el material did\u00e0ctic sempre que ens acollim al programa de reutilitzaci\u00f3.<\/span><\/p>\n<p>Si desitgeu realitzar algun canvi, ho haureu de notificar a secretaria com a m\u00e0xim quinze dies abans del cobrament<\/p>\n<p><span lang=\"ca\">Per cada rebut retornat, el banc cobra una quantitat que haur\u00e0 d\u2019assumir el titular del compte bancari.<\/span><\/p>\n<p>Les fam\u00edlies que no han donat cap n\u00famero de compte, ho han de fer en efectiu passant per secretaria a pagar a comen\u00e7ament del mes de setembre\u00a0 i del mes de novembre. Per qualsevol dubte heu de passar a parlar amb la Secret\u00e0ria.<\/p>\n<p>Quan es produeixi una situaci\u00f3 particular (justificada per serveis socials), la fam\u00edlia ha de passar per secretaria a comen\u00e7ament de curs per estudiar la manera com poden assumir el pagament de la quota fraccionant-la tant com calgui.<\/p>\n<p><span lang=\"ca\">Si n\u2019hi hagu\u00e9s alg<\/span><span lang=\"ca\">u<\/span><span lang=\"ca\">n cas (pr\u00e0cticament inexistents) en que la fam\u00edlia no assumeixi la seva responsabilitat al respecte, la Junta Econ\u00f2mica ho ha de fer p\u00fablic en Consell Escolar per prendre les mesures oportunes.<\/span><\/p>\n<p><span lang=\"ca\">\u00a0<\/span><\/p>\n<p><span style=\"font-size: large;\"><span style=\"color: #0b5394;\">Materials que s\u2019han de portar de casa<\/span><\/span><\/p>\n<p><span lang=\"ca\"><span style=\"color: #e06666;\">Infantil i 1r:<\/span>\u00a0<\/span><span lang=\"ca\">Bata, bosseta de roba per a l\u2019esmorzar, tovall\u00f3 de roba i got de pl\u00e0stic.<\/span><span lang=\"ca\">\u00a0<\/span><span lang=\"ca\">Una capsa de mocadors de paper (100 u), un rotllo de paper de cuina, un paquet de\u00a0 tovalloletes humides.<\/span><span lang=\"ca\">\u00a0<\/span><\/p>\n<p>Una muda completa de roba de recanvi (pantalons,\u00a0\u00a0\u00a0jersei, mitjons, calces o cal\u00e7otets, etc.) i una tovallola. Tot degudament marcat i ficat a dins d&#8217;una bossa de roba.<span lang=\"ca\">\u00a0<\/span><\/p>\n<p><span lang=\"ca\"><span style=\"color: #6aa84f;\">Prim\u00e0ria:<\/span><\/span><\/p>\n<p><span lang=\"ca\">Cicle inicial, Cicle Mitj\u00e0 i Cicle Superior<\/span><span lang=\"ca\">: Una capsa de mocadors de paper, un rotllo de paper de cuina i un paquet de tovalloletes humides.<\/span><\/p>\n<p><span lang=\"ca\">En el sup\u00f2sit de que al llarg del curs, s\u2019acab\u00e9s el material de consum habitual, es tornaria a demanar a les fam\u00edlies per reposar-lo.<\/span><\/p>\n<p>Els dies d\u2019Educaci\u00f3 F\u00edsica, tots\/es els\/les nens i nenes hauran de venir de casa equipats amb roba i cal\u00e7at esportiu. Tots\/es portaran un necesser que contingui: una samarreta de recanvi i una tovallola petita de lavabo. Opcionalment poden portar una pinta, col\u00f2nia en recipient de pl\u00e0stic i desodorant que no sigui en esprai.<\/p>\n<p><span lang=\"ca\">Quan un\/a alumne\/a trenca deliberadament el material ofert pel Centre, la seva fam\u00edlia es far\u00e0 c\u00e0rrec de reposar-lo.<\/span><\/p>\n<p><span lang=\"ca\">Els nens i nenes\u00a0<\/span><span lang=\"ca\">no han de portar res de casa<\/span><span lang=\"ca\">, ni material escolar ni joguines a part del que demanem.<\/span><span lang=\"ca\">\u00a0<\/span><\/p>\n<p><span lang=\"ca\">L\u2019escola disposa de tot el que poden necessitar i a m\u00e9s, dotem els patis de recursos pel lleure que es van reposant al llarg del curs.<\/span><span lang=\"ca\">\u00a0<\/span><\/p>\n<p><span lang=\"ca\">Donats els conflictes que es produeixen a conseq\u00fc\u00e8ncia dels materials i joguines que porten alguns infants de casa, la normativa estableix que:\u00a0<\/span><span lang=\"ca\">quan un\/a nen\/a porti material personal a l\u2019escola, li requisarem\u00a0<\/span><span lang=\"ca\">fins al final de trimestre<\/span><span lang=\"ca\">\u00a0quan haur\u00e0 de venir la fam\u00edlia a recollir-ho al\/la seu\/va tutor\/a.<\/span><span lang=\"ca\">\u00a0<\/span><\/p>\n<p><span lang=\"ca\">No ens fem responsables del material que porten els\/les nens\/es\u00a0 desobeint les normes (si es trenca, si es perd&#8230;).<\/span><\/p>\n<\/div>\n<\/td>\n<\/tr>\n<\/tbody>\n<\/table>\n<\/div>\n<\/div>\n","protected":false},"excerpt":{"rendered":"<p>(En proc\u00e9s d&#8217;actualitzaci\u00f3) Quota de material i sortides La quota de material escolar tamb\u00e9 inclou totes les sortides i activitats complement\u00e0ries. Per tal de facilitar l&#8217;economia dom\u00e8stica a les fam\u00edlies, es realitza l&#8217;abonament en dues quotes, i per tant es passen dos rebuts bancaris al llarg del curs (juliol i novembre) Les quotes s\u00f3n les [&hellip;]<\/p>\n","protected":false},"author":1,"featured_media":0,"parent":22,"menu_order":70,"comment_status":"closed","ping_status":"closed","template":"","meta":{"_bbp_topic_count":0,"_bbp_reply_count":0,"_bbp_total_topic_count":0,"_bbp_total_reply_count":0,"_bbp_voice_count":0,"_bbp_anonymous_reply_count":0,"_bbp_topic_count_hidden":0,"_bbp_reply_count_hidden":0,"_bbp_forum_subforum_count":0,"site-sidebar-layout":"no-sidebar","site-content-layout":"","ast-site-content-layout":"default","site-content-style":"default","site-sidebar-style":"default","ast-global-header-display":"","ast-banner-title-visibility":"","ast-main-header-display":"","ast-hfb-above-header-display":"","ast-hfb-below-header-display":"","ast-hfb-mobile-header-display":"","site-post-title":"","ast-breadcrumbs-content":"","ast-featured-img":"","footer-sml-layout":"","theme-transparent-header-meta":"default","adv-header-id-meta":"","stick-header-meta":"","header-above-stick-meta":"","header-main-stick-meta":"","header-below-stick-meta":"","astra-migrate-meta-layouts":"set","ast-page-background-enabled":"default","ast-page-background-meta":{"desktop":{"background-color":"var(--ast-global-color-4)","background-image":"","background-repeat":"repeat","background-position":"center center","background-size":"auto","background-attachment":"scroll","background-type":"","background-media":"","overlay-type":"","overlay-color":"","overlay-opacity":"","overlay-gradient":""},"tablet":{"background-color":"","background-image":"","background-repeat":"repeat","background-position":"center center","background-size":"auto","background-attachment":"scroll","background-type":"","background-media":"","overlay-type":"","overlay-color":"","overlay-opacity":"","overlay-gradient":""},"mobile":{"background-color":"","background-image":"","background-repeat":"repeat","background-position":"center center","background-size":"auto","background-attachment":"scroll","background-type":"","background-media":"","overlay-type":"","overlay-color":"","overlay-opacity":"","overlay-gradient":""}},"ast-content-background-meta":{"desktop":{"background-color":"var(--ast-global-color-5)","background-image":"","background-repeat":"repeat","background-position":"center center","background-size":"auto","background-attachment":"scroll","background-type":"","background-media":"","overlay-type":"","overlay-color":"","overlay-opacity":"","overlay-gradient":""},"tablet":{"background-color":"var(--ast-global-color-5)","background-image":"","background-repeat":"repeat","background-position":"center center","background-size":"auto","background-attachment":"scroll","background-type":"","background-media":"","overlay-type":"","overlay-color":"","overlay-opacity":"","overlay-gradient":""},"mobile":{"background-color":"var(--ast-global-color-5)","background-image":"","background-repeat":"repeat","background-position":"center center","background-size":"auto","background-attachment":"scroll","background-type":"","background-media":"","overlay-type":"","overlay-color":"","overlay-opacity":"","overlay-gradient":""}},"footnotes":""},"class_list":["post-36","page","type-page","status-publish","hentry"],"post_mailing_queue_ids":[],"_links":{"self":[{"href":"https:\/\/agora.xtec.cat\/ceipsfamiliascg\/wp-json\/wp\/v2\/pages\/36","targetHints":{"allow":["GET"]}}],"collection":[{"href":"https:\/\/agora.xtec.cat\/ceipsfamiliascg\/wp-json\/wp\/v2\/pages"}],"about":[{"href":"https:\/\/agora.xtec.cat\/ceipsfamiliascg\/wp-json\/wp\/v2\/types\/page"}],"author":[{"embeddable":true,"href":"https:\/\/agora.xtec.cat\/ceipsfamiliascg\/wp-json\/wp\/v2\/users\/1"}],"replies":[{"embeddable":true,"href":"https:\/\/agora.xtec.cat\/ceipsfamiliascg\/wp-json\/wp\/v2\/comments?post=36"}],"version-history":[{"count":7,"href":"https:\/\/agora.xtec.cat\/ceipsfamiliascg\/wp-json\/wp\/v2\/pages\/36\/revisions"}],"predecessor-version":[{"id":3321,"href":"https:\/\/agora.xtec.cat\/ceipsfamiliascg\/wp-json\/wp\/v2\/pages\/36\/revisions\/3321"}],"up":[{"embeddable":true,"href":"https:\/\/agora.xtec.cat\/ceipsfamiliascg\/wp-json\/wp\/v2\/pages\/22"}],"wp:attachment":[{"href":"https:\/\/agora.xtec.cat\/ceipsfamiliascg\/wp-json\/wp\/v2\/media?parent=36"}],"curies":[{"name":"wp","href":"https:\/\/api.w.org\/{rel}","templated":true}]}}

<h3 id="sites-page-title-header" align="left"></h3>
<div id="sites-canvas-main" class="sites-canvas-main">
<div id="sites-canvas-main-content">
<table class="sites-layout-name-one-column sites-layout-hbox" cellspacing="0">
<tbody>
<tr>
<td class="sites-layout-tile sites-tile-name-content-1">
<div dir="ltr">
<h3 id="sites-page-title-header" style="font-style: normal;" align="left"><span id="sites-page-title" dir="ltr" style="font-size: 24px;" tabindex="-1">(En procés d&#8217;actualització)</span></h3>
<p><span style="color: #0b5394; font-size: large;">Quota de material i sortides</span></p>
<p><span style="font-size: medium;">La quota de material escolar també inclou totes les sortides i activitats complementàries.</span></p>
<p><span style="font-size: medium;">Per tal de facilitar l&#8217;economia domèstica a les famílies, es realitza l&#8217;abonament en dues quotes, i per tant es passen dos rebuts bancaris al llarg del curs (juliol i novembre)</span></p>
<p>Les quotes són les següents:</p>
<p><span style="font-size: medium;">Infantil:________________ 145 €</span></p>
<p><span style="font-size: medium;">Primària_______________ 150 €</span></p>
<p><span style="font-size: medium;">Fraccionada en dos pagaments serien les següents:</span></p>
<p><span style="font-size: medium;">Infantil:____________70 € (juliol) i 75 € (novembre)</span></p>
<p><span style="font-size: medium;">Primària_________ _ 70 € (juliol) i 80€ (novembre)</span></p>
<p><strong> </strong>Quota de llibres de text</p>
<p><span lang="ca">Com ja sabeu la majoria de vosaltres, l’Ajuntament subvenciona els llibres de text i el material didàctic sempre que ens acollim al programa de reutilització.</span></p>
<p>Si desitgeu realitzar algun canvi, ho haureu de notificar a secretaria com a màxim quinze dies abans del cobrament</p>
<p><span lang="ca">Per cada rebut retornat, el banc cobra una quantitat que haurà d’assumir el titular del compte bancari.</span></p>
<p>Les famílies que no han donat cap número de compte, ho han de fer en efectiu passant per secretaria a pagar a començament del mes de setembre  i del mes de novembre. Per qualsevol dubte heu de passar a parlar amb la Secretària.</p>
<p>Quan es produeixi una situació particular (justificada per serveis socials), la família ha de passar per secretaria a començament de curs per estudiar la manera com poden assumir el pagament de la quota fraccionant-la tant com calgui.</p>
<p><span lang="ca">Si n’hi hagués alg</span><span lang="ca">u</span><span lang="ca">n cas (pràcticament inexistents) en que la família no assumeixi la seva responsabilitat al respecte, la Junta Econòmica ho ha de fer públic en Consell Escolar per prendre les mesures oportunes.</span></p>
<p><span lang="ca"> </span></p>
<p><span style="font-size: large;"><span style="color: #0b5394;">Materials que s’han de portar de casa</span></span></p>
<p><span lang="ca"><span style="color: #e06666;">Infantil i 1r:</span> </span><span lang="ca">Bata, bosseta de roba per a l’esmorzar, tovalló de roba i got de plàstic.</span><span lang="ca"> </span><span lang="ca">Una capsa de mocadors de paper (100 u), un rotllo de paper de cuina, un paquet de  tovalloletes humides.</span><span lang="ca"> </span></p>
<p>Una muda completa de roba de recanvi (pantalons,   jersei, mitjons, calces o calçotets, etc.) i una tovallola. Tot degudament marcat i ficat a dins d&#8217;una bossa de roba.<span lang="ca"> </span></p>
<p><span lang="ca"><span style="color: #6aa84f;">Primària:</span></span></p>
<p><span lang="ca">Cicle inicial, Cicle Mitjà i Cicle Superior</span><span lang="ca">: Una capsa de mocadors de paper, un rotllo de paper de cuina i un paquet de tovalloletes humides.</span></p>
<p><span lang="ca">En el supòsit de que al llarg del curs, s’acabés el material de consum habitual, es tornaria a demanar a les famílies per reposar-lo.</span></p>
<p>Els dies d’Educació Física, tots/es els/les nens i nenes hauran de venir de casa equipats amb roba i calçat esportiu. Tots/es portaran un necesser que contingui: una samarreta de recanvi i una tovallola petita de lavabo. Opcionalment poden portar una pinta, colònia en recipient de plàstic i desodorant que no sigui en esprai.</p>
<p><span lang="ca">Quan un/a alumne/a trenca deliberadament el material ofert pel Centre, la seva família es farà càrrec de reposar-lo.</span></p>
<p><span lang="ca">Els nens i nenes </span><span lang="ca">no han de portar res de casa</span><span lang="ca">, ni material escolar ni joguines a part del que demanem.</span><span lang="ca"> </span></p>
<p><span lang="ca">L’escola disposa de tot el que poden necessitar i a més, dotem els patis de recursos pel lleure que es van reposant al llarg del curs.</span><span lang="ca"> </span></p>
<p><span lang="ca">Donats els conflictes que es produeixen a conseqüència dels materials i joguines que porten alguns infants de casa, la normativa estableix que: </span><span lang="ca">quan un/a nen/a porti material personal a l’escola, li requisarem </span><span lang="ca">fins al final de trimestre</span><span lang="ca"> quan haurà de venir la família a recollir-ho al/la seu/va tutor/a.</span><span lang="ca"> </span></p>
<p><span lang="ca">No ens fem responsables del material que porten els/les nens/es  desobeint les normes (si es trenca, si es perd&#8230;).</span></p>
</div>
</td>
</tr>
</tbody>
</table>
</div>
</div>

<p>(En procés d&#8217;actualització) Quota de material i sortides La quota de material escolar també inclou totes les sortides i activitats complementàries. Per tal de facilitar l&#8217;economia domèstica a les famílies, es realitza l&#8217;abonament en dues quotes, i per tant es passen dos rebuts bancaris al llarg del curs (juliol i novembre) Les quotes són les [&hellip;]</p>
