{"id":9927,"date":"2025-01-08T18:08:51","date_gmt":"2025-01-08T17:08:51","guid":{"rendered":"https:\/\/agora.xtec.cat\/ceipsesmondolo\/?page_id=9927"},"modified":"2025-03-31T23:02:47","modified_gmt":"2025-03-31T21:02:47","slug":"sensor-de-temperatura-iii","status":"publish","type":"page","link":"https:\/\/agora.xtec.cat\/ceipsesmondolo\/steam\/microbit\/sensor-de-temperatura-iii\/","title":{"rendered":"Temperatura &#8211; Radio"},"content":{"rendered":"<p>Este ejercicio es de suma importancia en el proyecto &#8220;Lluitadors del foc&#8221;.<\/p>\n<p>El ejercicio consistir\u00e1 en que todas las placas micro:bit de los alumnos reportar\u00e1n su temperatura a las placas micro:bit de las profesoras.<\/p>\n<p>Las placas micro:bit de las profesoras actuaran de concentradoras recibiendo informaci\u00f3n de todos los alumnos.<\/p>\n<p>Las placas de los alumnos simularan ser diferentes comarcas de Catalunya que est\u00e1n reportando la temperatura, por lo tanto a cada alumno se le asignar\u00e1 un n\u00famero diferente.<\/p>\n<p><strong>1. Programa de las estaciones remotas. <\/strong><\/p>\n<p>Las estaciones remotas son micro:bit que pueden funcionar sin necesidad de estar conectadas al ordenador (stand alone), solo se requiere haber cargado el peque\u00f1o programa mostrado a continuaci\u00f3n en la placa micro:bit y tener conectada una bater\u00eda a la placa procesadora.<\/p>\n<p><a href=\"https:\/\/agora.xtec.cat\/ceipsesmondolo\/wp-content\/uploads\/usu311\/2025\/01\/emisor-1.png\"><img loading=\"lazy\" decoding=\"async\" class=\"wp-image-9984 aligncenter\" src=\"https:\/\/agora.xtec.cat\/ceipsesmondolo\/wp-content\/uploads\/usu311\/2025\/01\/emisor-1.png\" alt=\"\" width=\"481\" height=\"434\" srcset=\"https:\/\/agora.xtec.cat\/ceipsesmondolo\/wp-content\/uploads\/usu311\/2025\/01\/emisor-1.png 972w, https:\/\/agora.xtec.cat\/ceipsesmondolo\/wp-content\/uploads\/usu311\/2025\/01\/emisor-1-300x271.png 300w, https:\/\/agora.xtec.cat\/ceipsesmondolo\/wp-content\/uploads\/usu311\/2025\/01\/emisor-1-768x693.png 768w\" sizes=\"auto, (max-width: 481px) 100vw, 481px\" \/><\/a><\/p>\n<p><span style=\"font-family: inherit; font-size: 1em;\">En las estaciones remotas se seguir\u00e1 el siguiente procedimiento:<\/span><\/p>\n<ul>\n<li>Activaremos al inicio un grupo determinado de radio, el mismo para todas las estaciones remotas y concentradores, y as\u00ed las estaciones remotas y concentradores podr\u00e1n entenderse.<\/li>\n<li><span style=\"font-family: inherit; font-size: 1em;\">Cada estaci\u00f3n remota indicar\u00e1 en su mensaje quien es y esto consistir\u00e1 en que cada estaci\u00f3n tendra un n\u00famero diferente. Ejemplos:<\/span>\n<ul>\n<li>&#8220;T01&#8221; para el Moian\u00e8s<\/li>\n<li>&#8220;T02&#8221; para el Llu\u00e7an\u00e8s, etc.<\/li>\n<\/ul>\n<\/li>\n<li>Cada vez que se realice un envio, de cada placa emisora saldr\u00e1 un mensaje que estar\u00e1 compuesto por dos partes,\n<ul>\n<li>name y value\n<ul>\n<li>el &#8220;name&#8221; indica que se est\u00e1 enviando la temperatura y el numero de la estaci\u00f3n remota. Ejemplo &#8220;T05&#8221;<\/li>\n<li>el &#8220;value&#8221;, es la temperatura de la placa remota<\/li>\n<\/ul>\n<\/li>\n<\/ul>\n<\/li>\n<\/ul>\n<p><strong>2. Concentrador de temperaturas. <\/strong><\/p>\n<p>El concentrador de temperaturas consistir\u00e1 en una placa micro:bit que tendra almacenado un peque\u00f1o programa y realizar\u00e1 dos funciones (store and forward \/ almacenamiento y reenvio), para ello la micro:bit&#8230;<\/p>\n<ul>\n<li>Estar\u00e1 escuchando la radio y si en el aire detecta un mensaje, lo captura y lo almacena en la placa de forma autom\u00e1tica.<\/li>\n<li>Una vez se ha recibido la informaci\u00f3n v\u00eda radio y almacenada en una memoria temporal de la micro:bit, en nuestro caso \u201cname:value\u201d, se construir\u00e1 otro mensaje para lanzarlo por el puerto serie (USB, universal serial bus) al ordenador, y al tener el programa de recepci\u00f3n activo en el entorno de desarrollo integrado (IDE, makecode.microbit.org) la informaci\u00f3n recibida se guardar\u00e1 en un fichero del tipo .csv (Valores separados por comas).<\/li>\n<\/ul>\n<p><a href=\"https:\/\/agora.xtec.cat\/ceipsesmondolo\/wp-content\/uploads\/usu311\/2025\/01\/RadioEscrituraExcel-1.png\"><img loading=\"lazy\" decoding=\"async\" class=\"alignnone wp-image-9982 aligncenter\" src=\"https:\/\/agora.xtec.cat\/ceipsesmondolo\/wp-content\/uploads\/usu311\/2025\/01\/RadioEscrituraExcel-1.png\" alt=\"\" width=\"537\" height=\"403\" srcset=\"https:\/\/agora.xtec.cat\/ceipsesmondolo\/wp-content\/uploads\/usu311\/2025\/01\/RadioEscrituraExcel-1.png 925w, https:\/\/agora.xtec.cat\/ceipsesmondolo\/wp-content\/uploads\/usu311\/2025\/01\/RadioEscrituraExcel-1-300x225.png 300w, https:\/\/agora.xtec.cat\/ceipsesmondolo\/wp-content\/uploads\/usu311\/2025\/01\/RadioEscrituraExcel-1-768x576.png 768w, https:\/\/agora.xtec.cat\/ceipsesmondolo\/wp-content\/uploads\/usu311\/2025\/01\/RadioEscrituraExcel-1-200x150.png 200w\" sizes=\"auto, (max-width: 537px) 100vw, 537px\" \/><\/a><\/p>\n<p>Nota, en el caso del concentrador, la placa micro:bit, obligatoriamente, ha de estar sincronizada con el programa makecode.microbit.org.<\/p>\n<p>Aqu\u00ed podem visualitzar el que es vol fer:<\/p>\n<p><iframe loading=\"lazy\" title=\"YouTube video player\" src=\"https:\/\/www.youtube.com\/embed\/79yEKSfR_hg?si=9vA3ECUTibZ3ugJk\" width=\"560\" height=\"315\" frameborder=\"0\" allowfullscreen=\"allowfullscreen\"><\/iframe><\/p>\n<p>Los datos recogidos en el fichero del tipo .csv pueden ser exportados a hojas de c\u00e1lculo tal como hemos visto en la pr\u00e1ctica <a href=\"https:\/\/agora.xtec.cat\/ceipsesmondolo\/steam\/microbit\/sensor-de-temperatura-ii\/\">Sensor de temperatura- II.\u00a0<\/a><\/p>\n","protected":false},"excerpt":{"rendered":"<p>Este ejercicio es de suma importancia en el proyecto &#8220;Lluitadors del foc&#8221;.<br \/>\nEl ejercicio consistir\u00e1 en que todas las placas micro:bit de los alumnos reportar\u00e1n su temperatura a las placas micro:bit de las profesoras.<br \/>\nLas placas micro:bit de las profesoras actuaran de concentradoras recibiendo informaci\u00f3n de todos&hellip;  <a href=\"https:\/\/agora.xtec.cat\/ceipsesmondolo\/steam\/microbit\/sensor-de-temperatura-iii\/\" title=\"Read Temperatura &#8211; Radio\">Llegeix m\u00e9s\u00bb<\/a><\/p>\n","protected":false},"author":36,"featured_media":0,"parent":8960,"menu_order":32,"comment_status":"closed","ping_status":"closed","template":"page-templates\/side-menu.php","meta":{"_bbp_topic_count":0,"_bbp_reply_count":0,"_bbp_total_topic_count":0,"_bbp_total_reply_count":0,"_bbp_voice_count":0,"_bbp_anonymous_reply_count":0,"_bbp_topic_count_hidden":0,"_bbp_reply_count_hidden":0,"_bbp_forum_subforum_count":0,"footnotes":""},"class_list":["post-9927","page","type-page","status-publish","hentry"],"post_mailing_queue_ids":[],"_links":{"self":[{"href":"https:\/\/agora.xtec.cat\/ceipsesmondolo\/wp-json\/wp\/v2\/pages\/9927","targetHints":{"allow":["GET"]}}],"collection":[{"href":"https:\/\/agora.xtec.cat\/ceipsesmondolo\/wp-json\/wp\/v2\/pages"}],"about":[{"href":"https:\/\/agora.xtec.cat\/ceipsesmondolo\/wp-json\/wp\/v2\/types\/page"}],"author":[{"embeddable":true,"href":"https:\/\/agora.xtec.cat\/ceipsesmondolo\/wp-json\/wp\/v2\/users\/36"}],"replies":[{"embeddable":true,"href":"https:\/\/agora.xtec.cat\/ceipsesmondolo\/wp-json\/wp\/v2\/comments?post=9927"}],"version-history":[{"count":7,"href":"https:\/\/agora.xtec.cat\/ceipsesmondolo\/wp-json\/wp\/v2\/pages\/9927\/revisions"}],"predecessor-version":[{"id":10200,"href":"https:\/\/agora.xtec.cat\/ceipsesmondolo\/wp-json\/wp\/v2\/pages\/9927\/revisions\/10200"}],"up":[{"embeddable":true,"href":"https:\/\/agora.xtec.cat\/ceipsesmondolo\/wp-json\/wp\/v2\/pages\/8960"}],"wp:attachment":[{"href":"https:\/\/agora.xtec.cat\/ceipsesmondolo\/wp-json\/wp\/v2\/media?parent=9927"}],"curies":[{"name":"wp","href":"https:\/\/api.w.org\/{rel}","templated":true}]}}