{"id":9372,"date":"2024-09-08T21:06:30","date_gmt":"2024-09-08T19:06:30","guid":{"rendered":"https:\/\/agora.xtec.cat\/ceipsesmondolo\/?page_id=9372"},"modified":"2024-12-03T09:02:34","modified_gmt":"2024-12-03T08:02:34","slug":"piedra-papel-y-tijeras","status":"publish","type":"page","link":"https:\/\/agora.xtec.cat\/ceipsesmondolo\/steam\/microbit\/piedra-papel-y-tijeras\/","title":{"rendered":"Piedra, papel y tijeras"},"content":{"rendered":"<p><strong>Introducci\u00f3n<\/strong><\/p>\n<p><a href=\"https:\/\/microbit.org\/es-es\/projects\/make-it-code-it\/rock-paper-scissors\/\">Piedra, papel y tijeras<\/a> es un juego cl\u00e1sico de azar para dos personas. Las dos personas\u00a0 agitan los pu\u00f1os 3 veces y luego hacen gestos al azar para mostrar una piedra, papel o tijera. La piedra gana a las tijeras, las tijeras al papel y el papel a la piedra (\u00a1envolvi\u00e9ndola!)<\/p>\n<p><strong><a href=\"https:\/\/agora.xtec.cat\/ceipsesmondolo\/wp-content\/uploads\/usu311\/2024\/09\/PiedraPapelTijera.png\"><img loading=\"lazy\" decoding=\"async\" class=\"wp-image-9375 aligncenter\" src=\"https:\/\/agora.xtec.cat\/ceipsesmondolo\/wp-content\/uploads\/usu311\/2024\/09\/PiedraPapelTijera-1024x979.png\" alt=\"\" width=\"318\" height=\"304\" srcset=\"https:\/\/agora.xtec.cat\/ceipsesmondolo\/wp-content\/uploads\/usu311\/2024\/09\/PiedraPapelTijera-1024x979.png 1024w, https:\/\/agora.xtec.cat\/ceipsesmondolo\/wp-content\/uploads\/usu311\/2024\/09\/PiedraPapelTijera-300x287.png 300w, https:\/\/agora.xtec.cat\/ceipsesmondolo\/wp-content\/uploads\/usu311\/2024\/09\/PiedraPapelTijera-768x734.png 768w, https:\/\/agora.xtec.cat\/ceipsesmondolo\/wp-content\/uploads\/usu311\/2024\/09\/PiedraPapelTijera.png 1280w\" sizes=\"auto, (max-width: 318px) 100vw, 318px\" \/><\/a><\/strong><\/p>\n<p>Cuando el\u00a0<a href=\"https:\/\/microbit.org\/es-es\/get-started\/features\/sensors\/#accelerometer\">aceler\u00f3metro<\/a> del micro:bit detecta una sacudida, el programa establece la variable &#8220;PiedraPapelTijera&#8221;\u00a0 a un n\u00famero al azar: 0, 1 \u00f3 2. <span style=\"font-family: inherit; font-size: 1em;\">Usamos 0 porque los ordenadores empiezan a contar en cero, y de paso recordamos que el 0 es un n\u00famero igual que cualquier otro!<\/span><\/p>\n<p>El programa utiliza\u00a0<strong>selecci\u00f3n (S\u00ed, si no)<\/strong>\u00a0para decidir qu\u00e9 im\u00e1gen mostrar en la\u00a0<a href=\"https:\/\/microbit.org\/es-es\/get-started\/features\/leds-and-buttons\/#leds\">pantalla LED<\/a>. Si el n\u00famero era 0, muestra una el icono de una piedra. Si era un 1, muestra un icono representando al papel. Si no era ni 0 ni 1, <strong>debe<\/strong>\u00a0ser 2 porque le hemos indicado al micro:bit que s\u00f3lo genere n\u00fameros aleatorios entre 0 y 2, as\u00ed que mostramos unas tijeras.<\/p>\n<p><strong>Especificaciones del juego<\/strong><\/p>\n<ol>\n<li style=\"list-style-type: none;\">\n<ol>\n<li>Pensamos un elemento (Piedra, papel o tijera)<\/li>\n<li>Lo guardamos en nuestra mem\u00f3ria.<\/li>\n<li style=\"text-align: left;\">Mostramos un s\u00edmbolo que representa el elemento pensado.<\/li>\n<\/ol>\n<\/li>\n<\/ol>\n<table class=\" aligncenter\" style=\"border-collapse: collapse; width: 58.3031%;\">\n<tbody>\n<tr>\n<td style=\"width: 19.7002%; text-align: center;\"><a href=\"https:\/\/agora.xtec.cat\/ceipsesmondolo\/wp-content\/uploads\/usu311\/2024\/09\/Piedra.png\"><img loading=\"lazy\" decoding=\"async\" class=\"alignnone wp-image-9396\" src=\"https:\/\/agora.xtec.cat\/ceipsesmondolo\/wp-content\/uploads\/usu311\/2024\/09\/Piedra.png\" alt=\"\" width=\"159\" height=\"155\" \/><\/a><\/td>\n<td style=\"width: 19.6277%; text-align: center;\"><a href=\"https:\/\/agora.xtec.cat\/ceipsesmondolo\/wp-content\/uploads\/usu311\/2024\/09\/Papel.png\"><img loading=\"lazy\" decoding=\"async\" class=\"alignnone wp-image-9397\" src=\"https:\/\/agora.xtec.cat\/ceipsesmondolo\/wp-content\/uploads\/usu311\/2024\/09\/Papel.png\" alt=\"\" width=\"153\" height=\"150\" \/><\/a><\/td>\n<td style=\"width: 18.9751%; text-align: center;\"><a href=\"https:\/\/agora.xtec.cat\/ceipsesmondolo\/wp-content\/uploads\/usu311\/2024\/09\/Tijera.png\"><img loading=\"lazy\" decoding=\"async\" class=\"alignnone wp-image-9398\" src=\"https:\/\/agora.xtec.cat\/ceipsesmondolo\/wp-content\/uploads\/usu311\/2024\/09\/Tijera.png\" alt=\"\" width=\"136\" height=\"133\" \/><\/a><\/td>\n<\/tr>\n<tr>\n<td style=\"width: 19.7002%; text-align: center;\"><strong>Piedra<\/strong><\/td>\n<td style=\"width: 19.6277%; text-align: center;\"><strong>Papel<\/strong><\/td>\n<td style=\"width: 18.9751%; text-align: center;\"><strong>Tijera<\/strong><\/td>\n<\/tr>\n<\/tbody>\n<\/table>\n<p>&nbsp;<\/p>\n<p><strong>Base de orientaci\u00f3n o diagrama de flujo del juego<\/strong>.<\/p>\n<p><a href=\"https:\/\/agora.xtec.cat\/ceipsesmondolo\/wp-content\/uploads\/usu311\/2024\/09\/PedraPapelTissora.jpg\"><img loading=\"lazy\" decoding=\"async\" class=\" wp-image-9391 aligncenter\" src=\"https:\/\/agora.xtec.cat\/ceipsesmondolo\/wp-content\/uploads\/usu311\/2024\/09\/PedraPapelTissora.jpg\" alt=\"\" width=\"318\" height=\"537\" srcset=\"https:\/\/agora.xtec.cat\/ceipsesmondolo\/wp-content\/uploads\/usu311\/2024\/09\/PedraPapelTissora.jpg 368w, https:\/\/agora.xtec.cat\/ceipsesmondolo\/wp-content\/uploads\/usu311\/2024\/09\/PedraPapelTissora-178x300.jpg 178w\" sizes=\"auto, (max-width: 318px) 100vw, 318px\" \/><\/a><\/p>\n<p><strong>Programa del juego<\/strong><\/p>\n<table style=\"border-collapse: collapse; width: 100%;\">\n<tbody>\n<tr>\n<td style=\"width: 50%;\"><a href=\"https:\/\/agora.xtec.cat\/ceipsesmondolo\/wp-content\/uploads\/usu311\/2024\/12\/PedraPaper-1.png\"><img loading=\"lazy\" decoding=\"async\" class=\"alignnone size-full wp-image-9833\" src=\"https:\/\/agora.xtec.cat\/ceipsesmondolo\/wp-content\/uploads\/usu311\/2024\/12\/PedraPaper-1.png\" alt=\"\" width=\"937\" height=\"726\" srcset=\"https:\/\/agora.xtec.cat\/ceipsesmondolo\/wp-content\/uploads\/usu311\/2024\/12\/PedraPaper-1.png 937w, https:\/\/agora.xtec.cat\/ceipsesmondolo\/wp-content\/uploads\/usu311\/2024\/12\/PedraPaper-1-300x232.png 300w, https:\/\/agora.xtec.cat\/ceipsesmondolo\/wp-content\/uploads\/usu311\/2024\/12\/PedraPaper-1-768x595.png 768w\" sizes=\"auto, (max-width: 937px) 100vw, 937px\" \/><\/a><\/td>\n<td style=\"width: 50%;\"><a href=\"https:\/\/agora.xtec.cat\/ceipsesmondolo\/wp-content\/uploads\/usu311\/2024\/12\/PedraPaper.png\"><img loading=\"lazy\" decoding=\"async\" class=\"wp-image-9831 aligncenter\" src=\"https:\/\/agora.xtec.cat\/ceipsesmondolo\/wp-content\/uploads\/usu311\/2024\/12\/PedraPaper.png\" alt=\"\" width=\"495\" height=\"381\" srcset=\"https:\/\/agora.xtec.cat\/ceipsesmondolo\/wp-content\/uploads\/usu311\/2024\/12\/PedraPaper.png 945w, https:\/\/agora.xtec.cat\/ceipsesmondolo\/wp-content\/uploads\/usu311\/2024\/12\/PedraPaper-300x231.png 300w, https:\/\/agora.xtec.cat\/ceipsesmondolo\/wp-content\/uploads\/usu311\/2024\/12\/PedraPaper-768x591.png 768w\" sizes=\"auto, (max-width: 495px) 100vw, 495px\" \/><\/a><\/td>\n<\/tr>\n<\/tbody>\n<\/table>\n<p>&nbsp;<\/p>\n<p><strong>Material requerido<\/strong><\/p>\n<p>Una placa micro:bit con bater\u00eda<\/p>\n<p>y tambi\u00e9n:<\/p>\n<blockquote class=\"wp-embedded-content\" data-secret=\"AiduKs6n4X\"><p><a href=\"https:\/\/projectes.xtec.cat\/pensament-computacional\/recursos\/treballem-la-probabilitat-amb-la-microbit\/\">Treballem la probabilitat amb la micro:bit<\/a><\/p><\/blockquote>\n<p><iframe loading=\"lazy\" class=\"wp-embedded-content\" sandbox=\"allow-scripts\" security=\"restricted\" style=\"position: absolute; clip: rect(1px, 1px, 1px, 1px);\" title=\"&#8220;Treballem la probabilitat amb la micro:bit&#8221; &#8212; Pensament computacional\" src=\"https:\/\/projectes.xtec.cat\/pensament-computacional\/recursos\/treballem-la-probabilitat-amb-la-microbit\/embed\/#?secret=85OAetfqMX#?secret=AiduKs6n4X\" data-secret=\"AiduKs6n4X\" width=\"500\" height=\"282\" frameborder=\"0\" marginwidth=\"0\" marginheight=\"0\" scrolling=\"no\"><\/iframe><\/p>\n<p>&nbsp;<\/p>\n","protected":false},"excerpt":{"rendered":"<p>Introducci\u00f3n<br \/>\n<a href=\"https:\/\/microbit.org\/es-es\/projects\/make-it-code-it\/rock-paper-scissors\/\">Piedra, papel y tijeras<\/a> es un juego cl\u00e1sico de azar para dos personas. Las dos personas\u00a0 agitan los pu\u00f1os 3 veces y luego hacen gestos al azar para mostrar una piedra, papel o tijera. La piedra gana a las tijeras, las tijeras al papel&hellip;  <a href=\"https:\/\/agora.xtec.cat\/ceipsesmondolo\/steam\/microbit\/piedra-papel-y-tijeras\/\" title=\"Read Piedra, papel y tijeras\">Llegeix m\u00e9s\u00bb<\/a><\/p>\n","protected":false},"author":36,"featured_media":0,"parent":8960,"menu_order":20,"comment_status":"closed","ping_status":"closed","template":"page-templates\/side-menu.php","meta":{"_bbp_topic_count":0,"_bbp_reply_count":0,"_bbp_total_topic_count":0,"_bbp_total_reply_count":0,"_bbp_voice_count":0,"_bbp_anonymous_reply_count":0,"_bbp_topic_count_hidden":0,"_bbp_reply_count_hidden":0,"_bbp_forum_subforum_count":0,"footnotes":""},"class_list":["post-9372","page","type-page","status-publish","hentry"],"post_mailing_queue_ids":[],"_links":{"self":[{"href":"https:\/\/agora.xtec.cat\/ceipsesmondolo\/wp-json\/wp\/v2\/pages\/9372","targetHints":{"allow":["GET"]}}],"collection":[{"href":"https:\/\/agora.xtec.cat\/ceipsesmondolo\/wp-json\/wp\/v2\/pages"}],"about":[{"href":"https:\/\/agora.xtec.cat\/ceipsesmondolo\/wp-json\/wp\/v2\/types\/page"}],"author":[{"embeddable":true,"href":"https:\/\/agora.xtec.cat\/ceipsesmondolo\/wp-json\/wp\/v2\/users\/36"}],"replies":[{"embeddable":true,"href":"https:\/\/agora.xtec.cat\/ceipsesmondolo\/wp-json\/wp\/v2\/comments?post=9372"}],"version-history":[{"count":7,"href":"https:\/\/agora.xtec.cat\/ceipsesmondolo\/wp-json\/wp\/v2\/pages\/9372\/revisions"}],"predecessor-version":[{"id":9834,"href":"https:\/\/agora.xtec.cat\/ceipsesmondolo\/wp-json\/wp\/v2\/pages\/9372\/revisions\/9834"}],"up":[{"embeddable":true,"href":"https:\/\/agora.xtec.cat\/ceipsesmondolo\/wp-json\/wp\/v2\/pages\/8960"}],"wp:attachment":[{"href":"https:\/\/agora.xtec.cat\/ceipsesmondolo\/wp-json\/wp\/v2\/media?parent=9372"}],"curies":[{"name":"wp","href":"https:\/\/api.w.org\/{rel}","templated":true}]}}