{"id":9276,"date":"2024-08-26T09:58:50","date_gmt":"2024-08-26T07:58:50","guid":{"rendered":"https:\/\/agora.xtec.cat\/ceipsesmondolo\/?page_id=9276"},"modified":"2024-11-03T20:34:22","modified_gmt":"2024-11-03T19:34:22","slug":"sensor-pir-ks0052","status":"publish","type":"page","link":"https:\/\/agora.xtec.cat\/ceipsesmondolo\/steam\/recursos-steam\/sensor-pir-ks0052\/","title":{"rendered":"Sensor de movimiento PIR KS0052"},"content":{"rendered":"<p><strong>Introducci\u00f3n<\/strong><\/p>\n<p>El sensor de infrarrojos pasivo (PIR, por sus siglas en ingl\u00e9s)<span style=\"font-family: inherit; font-size: 1em;\">\u00a0 puede detectar la radiaci\u00f3n infrarroja emitida por una persona o de un animal en movimiento.\u00a0<\/span><\/p>\n<p>La radiaci\u00f3n infrarroja es un tipo de radiaci\u00f3n electromagn\u00e9tica invisible para el ojo humano, pero este tipo de sensor, si que es capaz de detectar e interpretar la radiaci\u00f3n infrarroja emitida por seres vivos y objetos en movimiento. Como resultado de la detecci\u00f3n de radiaci\u00f3n infrarroja, el<span style=\"font-family: inherit; font-size: 1em;\"> sensor PIR emitir\u00e1 valores digitales por su pin de se\u00f1ales hacia la procesadora micro:bit:<\/span><\/p>\n<ul style=\"list-style-type: disc;\">\n<li>\u201c1\u201d verdadero (movimiento de un ser vivo)<\/li>\n<li>\u201c0\u201d falso (ausencia de movimientos)<\/li>\n<\/ul>\n<p><strong><span id=\"Parameters\" class=\"mw-headline\">Par\u00e1metros<\/span><\/strong><\/p>\n<ul>\n<li>Tensi\u00f3n de entrada: DC 3.3V ~ 5V<\/li>\n<li>Tipo de se\u00f1al: Digital, alto (verdadero) 3V, bajo (falso) 0V<\/li>\n<li>Angulo de detecci\u00f3n: horizontal &lt; 80\u00b0, vertical &lt; 55\u00ba<\/li>\n<li>Dist\u00e1ncia de detecci\u00f3n: hasta 3-5 metros<\/li>\n<\/ul>\n<p>Requiere instalar una extensi\u00f3n (?)<\/p>\n<p>&nbsp;<\/p>\n<p>&nbsp;<\/p>\n","protected":false},"excerpt":{"rendered":"<p>Introducci\u00f3n<br \/>\nEl sensor de infrarrojos pasivo (PIR, por sus siglas en ingl\u00e9s)\u00a0 puede detectar la radiaci\u00f3n infrarroja emitida por una persona o de un animal en movimiento.\u00a0<br \/>\nLa radiaci\u00f3n infrarroja es un tipo de radiaci\u00f3n electromagn\u00e9tica invisible para el ojo humano, pero este tipo de sensor, si&hellip;  <a href=\"https:\/\/agora.xtec.cat\/ceipsesmondolo\/steam\/recursos-steam\/sensor-pir-ks0052\/\" title=\"Read Sensor de movimiento PIR KS0052\">Llegeix m\u00e9s\u00bb<\/a><\/p>\n","protected":false},"author":36,"featured_media":0,"parent":8967,"menu_order":80,"comment_status":"closed","ping_status":"closed","template":"page-templates\/side-menu.php","meta":{"_bbp_topic_count":0,"_bbp_reply_count":0,"_bbp_total_topic_count":0,"_bbp_total_reply_count":0,"_bbp_voice_count":0,"_bbp_anonymous_reply_count":0,"_bbp_topic_count_hidden":0,"_bbp_reply_count_hidden":0,"_bbp_forum_subforum_count":0,"footnotes":""},"class_list":["post-9276","page","type-page","status-publish","hentry"],"post_mailing_queue_ids":[],"_links":{"self":[{"href":"https:\/\/agora.xtec.cat\/ceipsesmondolo\/wp-json\/wp\/v2\/pages\/9276","targetHints":{"allow":["GET"]}}],"collection":[{"href":"https:\/\/agora.xtec.cat\/ceipsesmondolo\/wp-json\/wp\/v2\/pages"}],"about":[{"href":"https:\/\/agora.xtec.cat\/ceipsesmondolo\/wp-json\/wp\/v2\/types\/page"}],"author":[{"embeddable":true,"href":"https:\/\/agora.xtec.cat\/ceipsesmondolo\/wp-json\/wp\/v2\/users\/36"}],"replies":[{"embeddable":true,"href":"https:\/\/agora.xtec.cat\/ceipsesmondolo\/wp-json\/wp\/v2\/comments?post=9276"}],"version-history":[{"count":6,"href":"https:\/\/agora.xtec.cat\/ceipsesmondolo\/wp-json\/wp\/v2\/pages\/9276\/revisions"}],"predecessor-version":[{"id":9653,"href":"https:\/\/agora.xtec.cat\/ceipsesmondolo\/wp-json\/wp\/v2\/pages\/9276\/revisions\/9653"}],"up":[{"embeddable":true,"href":"https:\/\/agora.xtec.cat\/ceipsesmondolo\/wp-json\/wp\/v2\/pages\/8967"}],"wp:attachment":[{"href":"https:\/\/agora.xtec.cat\/ceipsesmondolo\/wp-json\/wp\/v2\/media?parent=9276"}],"curies":[{"name":"wp","href":"https:\/\/api.w.org\/{rel}","templated":true}]}}