{"id":9170,"date":"2024-08-06T18:02:24","date_gmt":"2024-08-06T16:02:24","guid":{"rendered":"https:\/\/agora.xtec.cat\/ceipsesmondolo\/?page_id=9170"},"modified":"2025-04-09T11:14:26","modified_gmt":"2025-04-09T09:14:26","slug":"sensor-de-humedad-de-tierra-ks0049","status":"publish","type":"page","link":"https:\/\/agora.xtec.cat\/ceipsesmondolo\/steam\/recursos-steam\/sensor-de-humedad-de-tierra-ks0049\/","title":{"rendered":"Sensor de humedad de tierra KS0049"},"content":{"rendered":"<p><strong>Introducci\u00f3n<\/strong><\/p>\n<p>Un sensor de humedad de la tierra es un dispositivo que tiene la capacidad de informar del grado de humedad de la tierra y poder tomar decisiones; como regar el suelo si la tierra est\u00e1 seca, valorar el riesgo de incendio dependiendo de la situaci\u00f3n del terreno&#8230;<\/p>\n<p><strong>Especificaciones<\/strong><\/p>\n<p>El sensor de humedad de tierra KS0049 (<em>keyestudio moisture sensor KS0049<\/em>) dispone de:<\/p>\n<ul>\n<li>Dos sondas que se insertan en la tierra,<\/li>\n<li>Un LED (<em>Power<\/em>) que encendido indica que por el pin V recibe una diferencia de potencial de 3,3 V \u00f3 5 V y que el pin G (GND) est\u00e1 conectado a 0 V \u00f3 a GND.<\/li>\n<li>En esas condiciones por el pin S (<em>Signal<\/em>) se podr\u00e1 obtener un valor anal\u00f3gico que indicar\u00e1 un valor relatiu d&#8217;humitat del terra que es podr\u00e0 convertir a porcentatge.<\/li>\n<\/ul>\n<p><a href=\"https:\/\/agora.xtec.cat\/ceipsesmondolo\/wp-content\/uploads\/usu311\/2024\/08\/sensor-de-humedad-del-suelo.jpg\"><img loading=\"lazy\" decoding=\"async\" class=\"wp-image-9171 aligncenter\" src=\"https:\/\/agora.xtec.cat\/ceipsesmondolo\/wp-content\/uploads\/usu311\/2024\/08\/sensor-de-humedad-del-suelo-1024x461.jpg\" alt=\"\" width=\"673\" height=\"303\" srcset=\"https:\/\/agora.xtec.cat\/ceipsesmondolo\/wp-content\/uploads\/usu311\/2024\/08\/sensor-de-humedad-del-suelo-1024x461.jpg 1024w, https:\/\/agora.xtec.cat\/ceipsesmondolo\/wp-content\/uploads\/usu311\/2024\/08\/sensor-de-humedad-del-suelo-300x135.jpg 300w, https:\/\/agora.xtec.cat\/ceipsesmondolo\/wp-content\/uploads\/usu311\/2024\/08\/sensor-de-humedad-del-suelo-768x346.jpg 768w, https:\/\/agora.xtec.cat\/ceipsesmondolo\/wp-content\/uploads\/usu311\/2024\/08\/sensor-de-humedad-del-suelo-1536x691.jpg 1536w, https:\/\/agora.xtec.cat\/ceipsesmondolo\/wp-content\/uploads\/usu311\/2024\/08\/sensor-de-humedad-del-suelo.jpg 2000w\" sizes=\"auto, (max-width: 673px) 100vw, 673px\" \/><\/a><\/p>\n<p><strong>Conexionado<\/strong><\/p>\n<table class=\" aligncenter\" style=\"border-collapse: collapse; width: 87.7454%;\">\n<tbody>\n<tr>\n<td style=\"width: 30.7553%;\"><a href=\"https:\/\/agora.xtec.cat\/ceipsesmondolo\/wp-content\/uploads\/usu311\/2024\/08\/Imatge-de-WhatsApp-2024-08-08-a-les-17.10.13_90a17203Conexionado-sensor-humedad.jpg\"><img loading=\"lazy\" decoding=\"async\" class=\"wp-image-9178 aligncenter\" src=\"https:\/\/agora.xtec.cat\/ceipsesmondolo\/wp-content\/uploads\/usu311\/2024\/08\/Imatge-de-WhatsApp-2024-08-08-a-les-17.10.13_90a17203Conexionado-sensor-humedad-461x1024.jpg\" alt=\"\" width=\"216\" height=\"480\" srcset=\"https:\/\/agora.xtec.cat\/ceipsesmondolo\/wp-content\/uploads\/usu311\/2024\/08\/Imatge-de-WhatsApp-2024-08-08-a-les-17.10.13_90a17203Conexionado-sensor-humedad-461x1024.jpg 461w, https:\/\/agora.xtec.cat\/ceipsesmondolo\/wp-content\/uploads\/usu311\/2024\/08\/Imatge-de-WhatsApp-2024-08-08-a-les-17.10.13_90a17203Conexionado-sensor-humedad-135x300.jpg 135w, https:\/\/agora.xtec.cat\/ceipsesmondolo\/wp-content\/uploads\/usu311\/2024\/08\/Imatge-de-WhatsApp-2024-08-08-a-les-17.10.13_90a17203Conexionado-sensor-humedad-691x1536.jpg 691w, https:\/\/agora.xtec.cat\/ceipsesmondolo\/wp-content\/uploads\/usu311\/2024\/08\/Imatge-de-WhatsApp-2024-08-08-a-les-17.10.13_90a17203Conexionado-sensor-humedad.jpg 720w\" sizes=\"auto, (max-width: 216px) 100vw, 216px\" \/><\/a><\/td>\n<td style=\"width: 56.6337%;\"><a href=\"https:\/\/agora.xtec.cat\/ceipsesmondolo\/wp-content\/uploads\/usu311\/2024\/08\/interruptor.png\"><img loading=\"lazy\" decoding=\"async\" class=\"wp-image-9262 aligncenter\" src=\"https:\/\/agora.xtec.cat\/ceipsesmondolo\/wp-content\/uploads\/usu311\/2024\/08\/interruptor.png\" alt=\"\" width=\"473\" height=\"471\" srcset=\"https:\/\/agora.xtec.cat\/ceipsesmondolo\/wp-content\/uploads\/usu311\/2024\/08\/interruptor.png 871w, https:\/\/agora.xtec.cat\/ceipsesmondolo\/wp-content\/uploads\/usu311\/2024\/08\/interruptor-300x300.png 300w, https:\/\/agora.xtec.cat\/ceipsesmondolo\/wp-content\/uploads\/usu311\/2024\/08\/interruptor-150x150.png 150w, https:\/\/agora.xtec.cat\/ceipsesmondolo\/wp-content\/uploads\/usu311\/2024\/08\/interruptor-768x765.png 768w\" sizes=\"auto, (max-width: 473px) 100vw, 473px\" \/><\/a><\/td>\n<\/tr>\n<\/tbody>\n<\/table>\n<p>Los pines donde conectar el sensor de humidad est\u00e1n limitados a los pines que hace servir el procesador micro:bit para leer valores anal\u00f3gicos que son: P0, P1, P2, P3, P4 i P10<\/p>\n<p><a href=\"https:\/\/agora.xtec.cat\/ceipsesmondolo\/wp-content\/uploads\/usu311\/2024\/08\/po-a-p4.png\"><img loading=\"lazy\" decoding=\"async\" class=\"wp-image-9184 aligncenter\" src=\"https:\/\/agora.xtec.cat\/ceipsesmondolo\/wp-content\/uploads\/usu311\/2024\/08\/po-a-p4-1024x365.png\" alt=\"\" width=\"766\" height=\"273\" srcset=\"https:\/\/agora.xtec.cat\/ceipsesmondolo\/wp-content\/uploads\/usu311\/2024\/08\/po-a-p4-1024x365.png 1024w, https:\/\/agora.xtec.cat\/ceipsesmondolo\/wp-content\/uploads\/usu311\/2024\/08\/po-a-p4-300x107.png 300w, https:\/\/agora.xtec.cat\/ceipsesmondolo\/wp-content\/uploads\/usu311\/2024\/08\/po-a-p4-768x274.png 768w, https:\/\/agora.xtec.cat\/ceipsesmondolo\/wp-content\/uploads\/usu311\/2024\/08\/po-a-p4.png 1329w\" sizes=\"auto, (max-width: 766px) 100vw, 766px\" \/><\/a><\/p>\n<p>Atenci\u00f3n: Para utilizar el pin P0, el interruptor P0 &#8211; Buzzer ha de estar en P0. No se tendr\u00e1 en cuenta el pin 10 pues no aparece en la placa micro:shield.<\/p>\n<p><strong>Como calibrar el sensor de humedad.<\/strong><\/p>\n<p><strong>A) <\/strong>Es la opci\u00f3n que se trabajar\u00e0 a la escuela Sesmon<\/p>\n<p><a href=\"https:\/\/agora.xtec.cat\/ceipsesmondolo\/wp-content\/uploads\/usu311\/2025\/04\/ectura-analogica.jpg\"><img loading=\"lazy\" decoding=\"async\" class=\"wp-image-10340 aligncenter\" src=\"https:\/\/agora.xtec.cat\/ceipsesmondolo\/wp-content\/uploads\/usu311\/2025\/04\/ectura-analogica-1024x199.jpg\" alt=\"\" width=\"477\" height=\"93\" srcset=\"https:\/\/agora.xtec.cat\/ceipsesmondolo\/wp-content\/uploads\/usu311\/2025\/04\/ectura-analogica-1024x199.jpg 1024w, https:\/\/agora.xtec.cat\/ceipsesmondolo\/wp-content\/uploads\/usu311\/2025\/04\/ectura-analogica-300x58.jpg 300w, https:\/\/agora.xtec.cat\/ceipsesmondolo\/wp-content\/uploads\/usu311\/2025\/04\/ectura-analogica-768x149.jpg 768w, https:\/\/agora.xtec.cat\/ceipsesmondolo\/wp-content\/uploads\/usu311\/2025\/04\/ectura-analogica.jpg 1300w\" sizes=\"auto, (max-width: 477px) 100vw, 477px\" \/><\/a><\/p>\n<p>Con esta opci\u00f3n podremos obtener que valor aporta el sensor de humedad cuando est\u00e1 completamente seco y que valor aporta el sensor cuando est\u00e1 sumergido en agua.<\/p>\n<p>Estos valores estarn dentro del rango de valores 0 a 1023, en concreto los alumnos de la escuela Sesmon han verficado que los valores del sensor son:<\/p>\n<ul>\n<li>0 para el sensor completamente seco, y<\/li>\n<li>813 para el sensor sumergido en agua.<\/li>\n<\/ul>\n<p>Como pasar estos valores a porcentajes?<\/p>\n<p><a href=\"https:\/\/agora.xtec.cat\/ceipsesmondolo\/wp-content\/uploads\/usu311\/2025\/04\/Convertir-a-porcentaje.jpg\"><img loading=\"lazy\" decoding=\"async\" class=\"alignnone size-large wp-image-10331\" src=\"https:\/\/agora.xtec.cat\/ceipsesmondolo\/wp-content\/uploads\/usu311\/2025\/04\/Convertir-a-porcentaje-1024x94.jpg\" alt=\"\" width=\"1024\" height=\"94\" srcset=\"https:\/\/agora.xtec.cat\/ceipsesmondolo\/wp-content\/uploads\/usu311\/2025\/04\/Convertir-a-porcentaje-1024x94.jpg 1024w, https:\/\/agora.xtec.cat\/ceipsesmondolo\/wp-content\/uploads\/usu311\/2025\/04\/Convertir-a-porcentaje-300x27.jpg 300w, https:\/\/agora.xtec.cat\/ceipsesmondolo\/wp-content\/uploads\/usu311\/2025\/04\/Convertir-a-porcentaje-768x70.jpg 768w, https:\/\/agora.xtec.cat\/ceipsesmondolo\/wp-content\/uploads\/usu311\/2025\/04\/Convertir-a-porcentaje-1536x140.jpg 1536w, https:\/\/agora.xtec.cat\/ceipsesmondolo\/wp-content\/uploads\/usu311\/2025\/04\/Convertir-a-porcentaje.jpg 1587w\" sizes=\"auto, (max-width: 1024px) 100vw, 1024px\" \/><\/a><\/p>\n<p><strong>b) <\/strong><strong>Haciendo servir la extensi\u00f3n tinkercademy-tinker-kit para el makecode<\/strong><\/p>\n<p>Para gestionar el sensor de humedad de la tierra KS0049 , en determinados documentos del Departament se recomienda la extensi\u00f3n tinkercademy-tinker-kity es la que se utilizar\u00e1 en algunas de nuestras pr\u00e1cticas.<\/p>\n<p><a href=\"https:\/\/agora.xtec.cat\/ceipsesmondolo\/wp-content\/uploads\/usu311\/2024\/08\/tinkercademy-1.png\"><img loading=\"lazy\" decoding=\"async\" class=\"wp-image-9189 aligncenter\" src=\"https:\/\/agora.xtec.cat\/ceipsesmondolo\/wp-content\/uploads\/usu311\/2024\/08\/tinkercademy-1.png\" alt=\"\" width=\"301\" height=\"299\" srcset=\"https:\/\/agora.xtec.cat\/ceipsesmondolo\/wp-content\/uploads\/usu311\/2024\/08\/tinkercademy-1.png 484w, https:\/\/agora.xtec.cat\/ceipsesmondolo\/wp-content\/uploads\/usu311\/2024\/08\/tinkercademy-1-300x298.png 300w, https:\/\/agora.xtec.cat\/ceipsesmondolo\/wp-content\/uploads\/usu311\/2024\/08\/tinkercademy-1-150x150.png 150w\" sizes=\"auto, (max-width: 301px) 100vw, 301px\" \/><\/a><\/p>\n<p style=\"text-align: left;\"><strong>Ejemplo de programaci\u00f3n con tinkercademy-tinker-kit:<\/strong><\/p>\n<p style=\"text-align: center;\"><a href=\"https:\/\/agora.xtec.cat\/ceipsesmondolo\/wp-content\/uploads\/usu311\/2025\/04\/sensor-humitat-1.jpg\"><img loading=\"lazy\" decoding=\"async\" class=\"alignnone wp-image-10261\" src=\"https:\/\/agora.xtec.cat\/ceipsesmondolo\/wp-content\/uploads\/usu311\/2025\/04\/sensor-humitat-1-1024x249.jpg\" alt=\"\" width=\"596\" height=\"145\" srcset=\"https:\/\/agora.xtec.cat\/ceipsesmondolo\/wp-content\/uploads\/usu311\/2025\/04\/sensor-humitat-1-1024x249.jpg 1024w, https:\/\/agora.xtec.cat\/ceipsesmondolo\/wp-content\/uploads\/usu311\/2025\/04\/sensor-humitat-1-300x73.jpg 300w, https:\/\/agora.xtec.cat\/ceipsesmondolo\/wp-content\/uploads\/usu311\/2025\/04\/sensor-humitat-1-768x187.jpg 768w, https:\/\/agora.xtec.cat\/ceipsesmondolo\/wp-content\/uploads\/usu311\/2025\/04\/sensor-humitat-1.jpg 1236w\" sizes=\"auto, (max-width: 596px) 100vw, 596px\" \/><\/a><\/p>\n<p>Con la opci\u00f3n &#8220;truncar&#8221; se desprecian los decimales, ya que se trabajar\u00e1 solo con n\u00fameros enteros.<\/p>\n<ol>\n<li style=\"text-align: left;\">Cuando los alumnos han evaluado el sensor de humedad, y este estaba completamente seco, daba un valor igual a 0 y cuando estaba completamente sumergido en agua, daba un valor que tend\u00eda a 65. Debido a que en clase, para ejercicios posteriores, hablaremos de valores expresados en porcentajes, es decir valores entre 0 y 100, se ha valorado introducir una instrucci\u00f3n de &#8220;mapeo&#8221;, Quedando as\u00ed la programaci\u00f3n:<\/li>\n<\/ol>\n<p><a href=\"https:\/\/agora.xtec.cat\/ceipsesmondolo\/wp-content\/uploads\/usu311\/2025\/04\/sensor-humitat-2.jpg\"><img loading=\"lazy\" decoding=\"async\" class=\"alignnone wp-image-10262 aligncenter\" src=\"https:\/\/agora.xtec.cat\/ceipsesmondolo\/wp-content\/uploads\/usu311\/2025\/04\/sensor-humitat-2-1024x184.jpg\" alt=\"\" width=\"746\" height=\"134\" srcset=\"https:\/\/agora.xtec.cat\/ceipsesmondolo\/wp-content\/uploads\/usu311\/2025\/04\/sensor-humitat-2-1024x184.jpg 1024w, https:\/\/agora.xtec.cat\/ceipsesmondolo\/wp-content\/uploads\/usu311\/2025\/04\/sensor-humitat-2-300x54.jpg 300w, https:\/\/agora.xtec.cat\/ceipsesmondolo\/wp-content\/uploads\/usu311\/2025\/04\/sensor-humitat-2-768x138.jpg 768w, https:\/\/agora.xtec.cat\/ceipsesmondolo\/wp-content\/uploads\/usu311\/2025\/04\/sensor-humitat-2-1536x276.jpg 1536w, https:\/\/agora.xtec.cat\/ceipsesmondolo\/wp-content\/uploads\/usu311\/2025\/04\/sensor-humitat-2.jpg 1572w\" sizes=\"auto, (max-width: 746px) 100vw, 746px\" \/><\/a><\/p>\n<p><strong>Pruebas con tinkercad<\/strong><\/p>\n<p style=\"text-align: left;\">Si vamos a tinkercad y tratamos de hacer pruebas con el sensor de humedad, veremos que hay un ejercicio ya realizado donde nos ofrece este conexionado y esta programaci\u00f3n<\/p>\n<p>&nbsp;<\/p>\n<table class=\" aligncenter\" style=\"border-collapse: collapse; width: 56.5807%; height: 576px;\">\n<tbody>\n<tr>\n<td style=\"width: 27.2905%;\"><a href=\"https:\/\/agora.xtec.cat\/ceipsesmondolo\/wp-content\/uploads\/usu311\/2025\/04\/Sensor-dhumitat-tinkercad.jpg\"><img loading=\"lazy\" decoding=\"async\" class=\"alignnone wp-image-10246\" src=\"https:\/\/agora.xtec.cat\/ceipsesmondolo\/wp-content\/uploads\/usu311\/2025\/04\/Sensor-dhumitat-tinkercad-456x1024.jpg\" alt=\"\" width=\"288\" height=\"647\" srcset=\"https:\/\/agora.xtec.cat\/ceipsesmondolo\/wp-content\/uploads\/usu311\/2025\/04\/Sensor-dhumitat-tinkercad-456x1024.jpg 456w, https:\/\/agora.xtec.cat\/ceipsesmondolo\/wp-content\/uploads\/usu311\/2025\/04\/Sensor-dhumitat-tinkercad-134x300.jpg 134w, https:\/\/agora.xtec.cat\/ceipsesmondolo\/wp-content\/uploads\/usu311\/2025\/04\/Sensor-dhumitat-tinkercad.jpg 478w\" sizes=\"auto, (max-width: 288px) 100vw, 288px\" \/><\/a><\/td>\n<td style=\"width: 46.2412%;\"><a href=\"https:\/\/agora.xtec.cat\/ceipsesmondolo\/wp-content\/uploads\/usu311\/2025\/04\/Codi-Tinkercad-sensor-dhumitat.jpg\"><img loading=\"lazy\" decoding=\"async\" class=\"alignnone wp-image-10247\" src=\"https:\/\/agora.xtec.cat\/ceipsesmondolo\/wp-content\/uploads\/usu311\/2025\/04\/Codi-Tinkercad-sensor-dhumitat-1024x318.jpg\" alt=\"\" width=\"552\" height=\"171\" srcset=\"https:\/\/agora.xtec.cat\/ceipsesmondolo\/wp-content\/uploads\/usu311\/2025\/04\/Codi-Tinkercad-sensor-dhumitat-1024x318.jpg 1024w, https:\/\/agora.xtec.cat\/ceipsesmondolo\/wp-content\/uploads\/usu311\/2025\/04\/Codi-Tinkercad-sensor-dhumitat-300x93.jpg 300w, https:\/\/agora.xtec.cat\/ceipsesmondolo\/wp-content\/uploads\/usu311\/2025\/04\/Codi-Tinkercad-sensor-dhumitat-768x238.jpg 768w, https:\/\/agora.xtec.cat\/ceipsesmondolo\/wp-content\/uploads\/usu311\/2025\/04\/Codi-Tinkercad-sensor-dhumitat.jpg 1366w\" sizes=\"auto, (max-width: 552px) 100vw, 552px\" \/><\/a><\/td>\n<\/tr>\n<\/tbody>\n<\/table>\n<p>Con esta soluci\u00f3n, nos estan indicando desde tinkercad que el sensor de humedad es un componente electr\u00f3nico muy sensible. Es decir, nos indican que se han de aplicar los 3 VCC solo durante el momento que se va a leer la humedad de la tierra.<\/p>\n<p>Por ejemplo, si vamos a chequear la humedad de la tierra de una planta, una vez al dia para decidir si se riega o no, se nos recomienda dar energia al sensor solo en el instante de realizar la lectura. Si por el contrario, mantenemos polarizado el sensor de humedad las 24 horas del dia y los 365 dias del a\u00f1o, el sensor se ir\u00e0 degradando de manera continuada.<\/p>\n<p>Hay ejercicios donde\u00a0 ejercicio no se utiliza la extensi\u00f3n TINKERCADEMY-TINKER-KIT, sino que se realizan lectures anal\u00f3gicas directas. Es decisi\u00f3n de cada profesor utilizar un m\u00e9todo o otro. Es decir con la extensi\u00f3n TINKERCADEMY-TINKER-KIT o sin ella.<\/p>\n","protected":false},"excerpt":{"rendered":"<p>Introducci\u00f3n<br \/>\nUn sensor de humedad de la tierra es un dispositivo que tiene la capacidad de informar del grado de humedad de la tierra y poder tomar decisiones; como regar el suelo si la tierra est\u00e1 seca, valorar el riesgo de incendio dependiendo de la situaci\u00f3n&hellip;  <a href=\"https:\/\/agora.xtec.cat\/ceipsesmondolo\/steam\/recursos-steam\/sensor-de-humedad-de-tierra-ks0049\/\" title=\"Read Sensor de humedad de tierra KS0049\">Llegeix m\u00e9s\u00bb<\/a><\/p>\n","protected":false},"author":36,"featured_media":0,"parent":8967,"menu_order":60,"comment_status":"closed","ping_status":"closed","template":"page-templates\/side-menu.php","meta":{"_bbp_topic_count":0,"_bbp_reply_count":0,"_bbp_total_topic_count":0,"_bbp_total_reply_count":0,"_bbp_voice_count":0,"_bbp_anonymous_reply_count":0,"_bbp_topic_count_hidden":0,"_bbp_reply_count_hidden":0,"_bbp_forum_subforum_count":0,"footnotes":""},"class_list":["post-9170","page","type-page","status-publish","hentry"],"post_mailing_queue_ids":[],"_links":{"self":[{"href":"https:\/\/agora.xtec.cat\/ceipsesmondolo\/wp-json\/wp\/v2\/pages\/9170","targetHints":{"allow":["GET"]}}],"collection":[{"href":"https:\/\/agora.xtec.cat\/ceipsesmondolo\/wp-json\/wp\/v2\/pages"}],"about":[{"href":"https:\/\/agora.xtec.cat\/ceipsesmondolo\/wp-json\/wp\/v2\/types\/page"}],"author":[{"embeddable":true,"href":"https:\/\/agora.xtec.cat\/ceipsesmondolo\/wp-json\/wp\/v2\/users\/36"}],"replies":[{"embeddable":true,"href":"https:\/\/agora.xtec.cat\/ceipsesmondolo\/wp-json\/wp\/v2\/comments?post=9170"}],"version-history":[{"count":7,"href":"https:\/\/agora.xtec.cat\/ceipsesmondolo\/wp-json\/wp\/v2\/pages\/9170\/revisions"}],"predecessor-version":[{"id":10341,"href":"https:\/\/agora.xtec.cat\/ceipsesmondolo\/wp-json\/wp\/v2\/pages\/9170\/revisions\/10341"}],"up":[{"embeddable":true,"href":"https:\/\/agora.xtec.cat\/ceipsesmondolo\/wp-json\/wp\/v2\/pages\/8967"}],"wp:attachment":[{"href":"https:\/\/agora.xtec.cat\/ceipsesmondolo\/wp-json\/wp\/v2\/media?parent=9170"}],"curies":[{"name":"wp","href":"https:\/\/api.w.org\/{rel}","templated":true}]}}