{"id":8967,"date":"2024-07-10T16:18:59","date_gmt":"2024-07-10T14:18:59","guid":{"rendered":"https:\/\/agora.xtec.cat\/ceipsesmondolo\/?page_id=8967"},"modified":"2025-03-31T18:18:29","modified_gmt":"2025-03-31T16:18:29","slug":"recursos-steam","status":"publish","type":"page","link":"https:\/\/agora.xtec.cat\/ceipsesmondolo\/steam\/recursos-steam\/","title":{"rendered":"Pla d\u2019educaci\u00f3 digital de Catalunya"},"content":{"rendered":"<p>En el marc del Pla d\u2019educaci\u00f3 digital de Catalunya, el Departament d\u2019Educaci\u00f3 ha definit diferents accions, amb l\u2019objectiu d\u2019acompanyar els centres en la seva transformaci\u00f3 digital, alineades amb el programa finan\u00e7at amb fons europeus <strong>#EcoDigEdu<\/strong>.<\/p>\n<p>Una d\u2019aquestes accions consisteix en la dotaci\u00f3 als centres educatius d\u2019infantil, prim\u00e0ria i secund\u00e0ria d\u2019equipaments STEAM. Els centres educatius han seleccionat els equipaments segons un cat\u00e0leg, amb diferents opcions adaptades a les necessitats dels nivells educatius.<\/p>\n<p class=\"has-medium-font-size\"><a href=\"https:\/\/projectes.xtec.cat\/digital\/equipaments-i-infraestructures\/robotica\/formacio-tecnica-robotica\/robots-educatius\/\"><strong>Robots educatius<\/strong><\/a><\/p>\n<p class=\"has-medium-font-size\"><a href=\"https:\/\/projectes.xtec.cat\/digital\/equipaments-i-infraestructures\/robotica\/formacio-tecnica-robotica\/plaques-microcontroladores\/\"><strong>Plaques microcontroladores<\/strong><\/a><\/p>\n<p class=\"has-medium-font-size\"><a href=\"https:\/\/projectes.xtec.cat\/digital\/equipaments-i-infraestructures\/robotica\/formacio-tecnica-robotica\/components-i-accessoris\/\"><strong>Components i accessoris<\/strong><\/a><\/p>\n<p class=\"has-medium-font-size\"><a href=\"https:\/\/projectes.xtec.cat\/pensament-computacional\/\"><strong>Pensament computacional<\/strong><\/a><br \/>\n&#8212;<a href=\"https:\/\/projectes.xtec.cat\/pensament-computacional\/activitats-robotica\/cataleg-activitats-robotica\/\">Activitats de rob\u00f2tica<\/a><\/p>\n<p>Tamb\u00e9 est\u00e0 a disposici\u00f3 dels docents el\u00a0<a href=\"https:\/\/comunitat.edigital.cat\/\">NUS<\/a>, que \u00e9s un esp- ai de conversa i col\u00b7laboraci\u00f3 on compartir experi\u00e8ncies i solucions relacionades amb la pr\u00e0ctica docent.<\/p>\n<p>I com recursos complementaris estan els recursos de suport creats per <a href=\"https:\/\/sites.google.com\/view\/web-steam4all-catala\">STEAM4ALL<\/a>.<br \/>\n<a href=\"https:\/\/sites.google.com\/view\/projectes2024-2025\/projectes-steam4all\/cotxe-i-sensors\">Electric Vehicle 4 (EV4)<\/a><\/p>\n<p><a href=\"https:\/\/microbit.org\/es-es\/get-started\/features\/sensors\/#light-sensor\">Pr\u00e0ctiques amb els sensors interns de la placa micro:bit<\/a><\/p>\n","protected":false},"excerpt":{"rendered":"<p>En el marc del Pla d\u2019educaci\u00f3 digital de Catalunya, el Departament d\u2019Educaci\u00f3 ha definit diferents accions, amb l\u2019objectiu d\u2019acompanyar els centres en la seva transformaci\u00f3 digital, alineades amb el programa finan\u00e7at amb fons europeus #EcoDigEdu.<br \/>\nUna d\u2019aquestes accions consisteix en la dotaci\u00f3 als centres educatius d\u2019infantil,&hellip;  <a href=\"https:\/\/agora.xtec.cat\/ceipsesmondolo\/steam\/recursos-steam\/\" title=\"Read Pla d\u2019educaci\u00f3 digital de Catalunya\">Llegeix m\u00e9s\u00bb<\/a><\/p>\n","protected":false},"author":36,"featured_media":0,"parent":8955,"menu_order":10,"comment_status":"closed","ping_status":"closed","template":"page-templates\/side-menu.php","meta":{"_bbp_topic_count":0,"_bbp_reply_count":0,"_bbp_total_topic_count":0,"_bbp_total_reply_count":0,"_bbp_voice_count":0,"_bbp_anonymous_reply_count":0,"_bbp_topic_count_hidden":0,"_bbp_reply_count_hidden":0,"_bbp_forum_subforum_count":0,"footnotes":""},"class_list":["post-8967","page","type-page","status-publish","hentry"],"post_mailing_queue_ids":[],"_links":{"self":[{"href":"https:\/\/agora.xtec.cat\/ceipsesmondolo\/wp-json\/wp\/v2\/pages\/8967","targetHints":{"allow":["GET"]}}],"collection":[{"href":"https:\/\/agora.xtec.cat\/ceipsesmondolo\/wp-json\/wp\/v2\/pages"}],"about":[{"href":"https:\/\/agora.xtec.cat\/ceipsesmondolo\/wp-json\/wp\/v2\/types\/page"}],"author":[{"embeddable":true,"href":"https:\/\/agora.xtec.cat\/ceipsesmondolo\/wp-json\/wp\/v2\/users\/36"}],"replies":[{"embeddable":true,"href":"https:\/\/agora.xtec.cat\/ceipsesmondolo\/wp-json\/wp\/v2\/comments?post=8967"}],"version-history":[{"count":6,"href":"https:\/\/agora.xtec.cat\/ceipsesmondolo\/wp-json\/wp\/v2\/pages\/8967\/revisions"}],"predecessor-version":[{"id":10193,"href":"https:\/\/agora.xtec.cat\/ceipsesmondolo\/wp-json\/wp\/v2\/pages\/8967\/revisions\/10193"}],"up":[{"embeddable":true,"href":"https:\/\/agora.xtec.cat\/ceipsesmondolo\/wp-json\/wp\/v2\/pages\/8955"}],"wp:attachment":[{"href":"https:\/\/agora.xtec.cat\/ceipsesmondolo\/wp-json\/wp\/v2\/media?parent=8967"}],"curies":[{"name":"wp","href":"https:\/\/api.w.org\/{rel}","templated":true}]}}