{"id":8897,"date":"2024-05-24T15:57:43","date_gmt":"2024-05-24T13:57:43","guid":{"rendered":"https:\/\/agora.xtec.cat\/ceipsesmondolo\/?page_id=8897"},"modified":"2025-06-25T23:14:44","modified_gmt":"2025-06-25T21:14:44","slug":"esep-etwinning-project","status":"publish","type":"page","link":"https:\/\/agora.xtec.cat\/ceipsesmondolo\/esep-etwinning-project\/","title":{"rendered":"Little Nature Inspectors &#8211; eTwinning Project 23-24"},"content":{"rendered":"<p><strong>The senior students have participated in the project &#8220;LITTLE NATURE INSPECTORS!&#8221; together with two schools from Turkey, one from Poland, and one from Lithuania. Here you can see samples of activities that have been carried out during the course.<\/strong><\/p>\n<p><span style=\"color: #3366ff;\">L&#8217;alumnat de cicle superior ha participat en el projecte &#8220;LITTLE NATURE INSPECTORS!&#8221; juntament amb dues escoles de Turquia, una de Pol\u00f2nia i una de Litu\u00e0nia. Aqu\u00ed podeu veure mostres d&#8217;activitats que s&#8217;han portat a terme durant el curs.<\/span><\/p>\n<p><strong>AIM:<\/strong><\/p>\n<p style=\"text-align: justify;\">This project aims to explore the different <strong>ecosystems<\/strong> and spread <strong>environmental<\/strong> knowledge-sharing. We&#8217;re jazzed about sparking <strong>eco-awareness in schools<\/strong>, igniting critical thinking skills, and nurturing a genuine care for our planet&#8217;s well-being. It also seeks to instill principles of <strong>self-sufficiency<\/strong> and <strong>sustainability<\/strong> through engaging practical exercises, thereby empowering participants with the tools to enact positive change in their communities<\/p>\n<p>&nbsp;<\/p>\n<p><strong><span style=\"color: #ff9900;\">WINNER LOGO:<\/span><\/strong><\/p>\n<p><a href=\"https:\/\/agora.xtec.cat\/ceipsesmondolo\/wp-content\/uploads\/usu311\/2024\/05\/WINNER-LOGO-VOTES.png\"><img loading=\"lazy\" decoding=\"async\" class=\"alignnone size-full wp-image-8902\" src=\"https:\/\/agora.xtec.cat\/ceipsesmondolo\/wp-content\/uploads\/usu311\/2024\/05\/WINNER-LOGO-VOTES.png\" alt=\"\" width=\"862\" height=\"787\" srcset=\"https:\/\/agora.xtec.cat\/ceipsesmondolo\/wp-content\/uploads\/usu311\/2024\/05\/WINNER-LOGO-VOTES.png 862w, https:\/\/agora.xtec.cat\/ceipsesmondolo\/wp-content\/uploads\/usu311\/2024\/05\/WINNER-LOGO-VOTES-300x274.png 300w, https:\/\/agora.xtec.cat\/ceipsesmondolo\/wp-content\/uploads\/usu311\/2024\/05\/WINNER-LOGO-VOTES-768x701.png 768w\" sizes=\"auto, (max-width: 862px) 100vw, 862px\" \/><\/a><\/p>\n<p><a href=\"https:\/\/agora.xtec.cat\/ceipsesmondolo\/wp-content\/uploads\/usu311\/2024\/05\/Esep.png\"><img loading=\"lazy\" decoding=\"async\" class=\"alignnone size-full wp-image-8903\" src=\"https:\/\/agora.xtec.cat\/ceipsesmondolo\/wp-content\/uploads\/usu311\/2024\/05\/Esep.png\" alt=\"\" width=\"500\" height=\"500\" srcset=\"https:\/\/agora.xtec.cat\/ceipsesmondolo\/wp-content\/uploads\/usu311\/2024\/05\/Esep.png 500w, https:\/\/agora.xtec.cat\/ceipsesmondolo\/wp-content\/uploads\/usu311\/2024\/05\/Esep-300x300.png 300w, https:\/\/agora.xtec.cat\/ceipsesmondolo\/wp-content\/uploads\/usu311\/2024\/05\/Esep-150x150.png 150w\" sizes=\"auto, (max-width: 500px) 100vw, 500px\" \/><\/a><\/p>\n<p><strong>CONGRATULATIONS, ELOI!<\/strong><\/p>\n<p>&nbsp;<\/p>\n<p><strong><span style=\"color: #ff9900;\">ONLINE MEETINGS<\/span><\/strong><\/p>\n<p><a href=\"https:\/\/agora.xtec.cat\/ceipsesmondolo\/wp-content\/uploads\/usu311\/2024\/05\/Captura-de-pantalla-2024-05-24-162652.png\"><img loading=\"lazy\" decoding=\"async\" class=\"alignnone wp-image-8904\" src=\"https:\/\/agora.xtec.cat\/ceipsesmondolo\/wp-content\/uploads\/usu311\/2024\/05\/Captura-de-pantalla-2024-05-24-162652.png\" alt=\"\" width=\"265\" height=\"372\" srcset=\"https:\/\/agora.xtec.cat\/ceipsesmondolo\/wp-content\/uploads\/usu311\/2024\/05\/Captura-de-pantalla-2024-05-24-162652.png 240w, https:\/\/agora.xtec.cat\/ceipsesmondolo\/wp-content\/uploads\/usu311\/2024\/05\/Captura-de-pantalla-2024-05-24-162652-214x300.png 214w\" sizes=\"auto, (max-width: 265px) 100vw, 265px\" \/><\/a><\/p>\n<p><strong><span style=\"color: #ff9900;\">SELF INTRODUCTIONS<\/span><\/strong><\/p>\n<div class=\"padlet-embed\" style=\"border: 1px solid rgba(0,0,0,0.1); border-radius: 2px; box-sizing: border-box; overflow: hidden; position: relative; width: 480px; height: 352px; max-width: 100%;\"><iframe style=\"width: 100%; height: 100%; display: block; padding: 0; margin: 0;\" src=\"https:\/\/padlet.com\/padlets\/y5g6om41f8z8\/embeds\/preview_embed\" frameborder=\"0\"><\/iframe><\/div>\n<div><\/div>\n<div><\/div>\n<div><\/div>\n<div><strong><span style=\"color: #ff9900;\">STORY JUMPER<\/span><\/strong><\/div>\n<div><\/div>\n<div>\n<p><span style=\"color: #00f;\"><strong>A short descriptions of ecosytems seen in our local area<\/strong><\/span><\/p>\n<p>&nbsp;<\/p>\n<div style=\"max-width: 100%; width: 480px;\"><a class=\"storyjumper-book\" style=\"text-decoration: none;\" href=\"\/\/www.storyjumper.com\/book\/showframe\/165712411\/6565ada4e9c8d\" rel=\"nofollow\"><img decoding=\"async\" style=\"border: none; max-width: 100%; width: 480px;\" src=\"\/\/www.storyjumper.com\/book\/coverImage\/165712411\/6565ada4e9c8d\/480\" alt=\"Book titled 'LITTLE NATURE INSPECTORS ''ECOSYSTEMS'''\" \/><\/a><a style=\"display: block; font-size: 12px; margin: 0 auto 20px; text-align: center; text-decoration: none;\" href=\"\/\/www.storyjumper.com\/book\/read\/165712411\/6565ada4e9c8d\">Read this book made on StoryJumper<\/a><script>!function(){function d(){\"undefined\"==typeof SJMakeBookOpenLightBox?--c&amp;amp;amp;gt;0&amp;amp;amp;amp;&amp;amp;amp;amp;setTimeout(d,100):SJMakeBookOpenLightBox()}function e(){\/in\/.test(document.readyState)?setTimeout(e,9):d()}var a=\"https:\"==document.location.protocol?\"https:\":\"http:\";if(\"undefined\"==typeof SJScriptLoaded){window.SJScriptLoaded=!0;var b=document.createElement(\"script\"),c=80;b.src=a+\"\/\/www.storyjumper.com\/script\/storyjumper-embed.js\",b.async=true,b.setAttribute(\"defer\",\"\"),document.getElementsByTagName(\"head\")[0].appendChild(b),e()}}();<\/script><\/div>\n<\/div>\n<div><\/div>\n<div><\/div>\n<div><\/div>\n<div><\/div>\n<div><strong><span style=\"color: #ff9900;\">OUR COMMON KAHOOT ABOUT ECOSYSTEMS<\/span><\/strong><\/div>\n<div><\/div>\n<div><\/div>\n<div>LINK:<\/div>\n<div><\/div>\n<div><a href=\"https:\/\/create.kahoot.it\/share\/little-nature-inspectors\/4f907edc-2854-44a7-8aac-f684dfc97efc\">https:\/\/create.kahoot.it\/share\/little-nature-inspectors\/4f907edc-2854-44a7-8aac-f684dfc97efc<\/a><\/div>\n<div><\/div>\n<div><\/div>\n<div><\/div>\n<div><a href=\"https:\/\/agora.xtec.cat\/ceipsesmondolo\/wp-content\/uploads\/usu311\/2024\/05\/playing-kahoot.png\"><img loading=\"lazy\" decoding=\"async\" class=\"alignnone wp-image-8907\" src=\"https:\/\/agora.xtec.cat\/ceipsesmondolo\/wp-content\/uploads\/usu311\/2024\/05\/playing-kahoot.png\" alt=\"\" width=\"506\" height=\"405\" srcset=\"https:\/\/agora.xtec.cat\/ceipsesmondolo\/wp-content\/uploads\/usu311\/2024\/05\/playing-kahoot.png 714w, https:\/\/agora.xtec.cat\/ceipsesmondolo\/wp-content\/uploads\/usu311\/2024\/05\/playing-kahoot-300x240.png 300w\" sizes=\"auto, (max-width: 506px) 100vw, 506px\" \/><\/a><\/div>\n<div><\/div>\n<div><a href=\"https:\/\/agora.xtec.cat\/ceipsesmondolo\/wp-content\/uploads\/usu311\/2024\/05\/kahoot-together.png\"><img loading=\"lazy\" decoding=\"async\" class=\"alignnone wp-image-8908\" src=\"https:\/\/agora.xtec.cat\/ceipsesmondolo\/wp-content\/uploads\/usu311\/2024\/05\/kahoot-together-1024x707.png\" alt=\"\" width=\"508\" height=\"351\" srcset=\"https:\/\/agora.xtec.cat\/ceipsesmondolo\/wp-content\/uploads\/usu311\/2024\/05\/kahoot-together-1024x707.png 1024w, https:\/\/agora.xtec.cat\/ceipsesmondolo\/wp-content\/uploads\/usu311\/2024\/05\/kahoot-together-300x207.png 300w, https:\/\/agora.xtec.cat\/ceipsesmondolo\/wp-content\/uploads\/usu311\/2024\/05\/kahoot-together-768x530.png 768w, https:\/\/agora.xtec.cat\/ceipsesmondolo\/wp-content\/uploads\/usu311\/2024\/05\/kahoot-together.png 1060w\" sizes=\"auto, (max-width: 508px) 100vw, 508px\" \/><\/a><\/div>\n<div><\/div>\n<div><\/div>\n<div><\/div>\n<div>MICRONATURE PHOTO CONTEST<\/div>\n<div><\/div>\n<div><\/div>\n<div><iframe loading=\"lazy\" src=\"https:\/\/drive.google.com\/file\/d\/1tcPooD32DDCUcqOOBdAjgIGMTgJb1Fgj\/preview\" width=\"640\" height=\"480\"><\/iframe><\/div>\n<div><\/div>\n<div><\/div>\n<div>PHOTO CONTEST WINNERS:<\/div>\n<div><\/div>\n<div><\/div>\n<div><a href=\"https:\/\/agora.xtec.cat\/ceipsesmondolo\/wp-content\/uploads\/usu311\/2024\/05\/WINNERS.png\"><img loading=\"lazy\" decoding=\"async\" class=\"alignnone size-full wp-image-8906\" src=\"https:\/\/agora.xtec.cat\/ceipsesmondolo\/wp-content\/uploads\/usu311\/2024\/05\/WINNERS.png\" alt=\"\" width=\"687\" height=\"328\" srcset=\"https:\/\/agora.xtec.cat\/ceipsesmondolo\/wp-content\/uploads\/usu311\/2024\/05\/WINNERS.png 687w, https:\/\/agora.xtec.cat\/ceipsesmondolo\/wp-content\/uploads\/usu311\/2024\/05\/WINNERS-300x143.png 300w\" sizes=\"auto, (max-width: 687px) 100vw, 687px\" \/><\/a><\/div>\n<div><\/div>\n<div><\/div>\n<div><strong>Congratulations Gil and Mart\u00ed! \ud83d\ude00\u00a0<\/strong><\/div>\n<div><\/div>\n<div><\/div>\n<div><strong><span style=\"color: #ff9900;\">YOU CAN BE A CAPTAIN PLANET!<\/span><\/strong><\/div>\n<div>\n<div style=\"position: relative; width: 100%; height: 0; padding-top: 56.2500%; padding-bottom: 0; box-shadow: 0 2px 8px 0 rgba(63,69,81,0.16); margin-top: 1.6em; margin-bottom: 0.9em; overflow: hidden; border-radius: 8px; will-change: transform;\"><iframe style=\"position: absolute; width: 100%; height: 100%; top: 0; left: 0; border: none; padding: 0; margin: 0;\" src=\"https:\/\/www.canva.com\/design\/DAF8Mr85E6k\/I7EW1UDD7l10WX-fc4e5jA\/watch?embed\" allowfullscreen=\"allowfullscreen\"><br \/>\n<\/iframe><\/div>\n<p><a href=\"https:\/\/www.canva.com\/design\/DAF8Mr85E6k\/I7EW1UDD7l10WX-fc4e5jA\/watch?utm_content=DAF8Mr85E6k&amp;utm_campaign=designshare&amp;utm_medium=embeds&amp;utm_source=link\" target=\"_blank\" rel=\"noopener\">Captain Planet<\/a> by PAT Sesmon d&#8217;Ol\u00f3<\/p>\n<\/div>\n<div><\/div>\n<div><\/div>\n<div><strong><span style=\"color: #ff9900;\">FINAL TEST RESULTS<\/span><\/strong><\/div>\n<div><\/div>\n<div><a href=\"https:\/\/agora.xtec.cat\/ceipsesmondolo\/wp-content\/uploads\/usu311\/2024\/05\/1.jpg\"><img loading=\"lazy\" decoding=\"async\" class=\"alignnone size-large wp-image-8910\" src=\"https:\/\/agora.xtec.cat\/ceipsesmondolo\/wp-content\/uploads\/usu311\/2024\/05\/1-724x1024.jpg\" alt=\"\" width=\"724\" height=\"1024\" srcset=\"https:\/\/agora.xtec.cat\/ceipsesmondolo\/wp-content\/uploads\/usu311\/2024\/05\/1-724x1024.jpg 724w, https:\/\/agora.xtec.cat\/ceipsesmondolo\/wp-content\/uploads\/usu311\/2024\/05\/1-212x300.jpg 212w, https:\/\/agora.xtec.cat\/ceipsesmondolo\/wp-content\/uploads\/usu311\/2024\/05\/1-768x1086.jpg 768w, https:\/\/agora.xtec.cat\/ceipsesmondolo\/wp-content\/uploads\/usu311\/2024\/05\/1-1086x1536.jpg 1086w, https:\/\/agora.xtec.cat\/ceipsesmondolo\/wp-content\/uploads\/usu311\/2024\/05\/1.jpg 1414w\" sizes=\"auto, (max-width: 724px) 100vw, 724px\" \/><\/a><\/div>\n<div><\/div>\n<div><\/div>\n<div><a href=\"https:\/\/agora.xtec.cat\/ceipsesmondolo\/wp-content\/uploads\/usu311\/2024\/05\/2.jpg\"><img loading=\"lazy\" decoding=\"async\" class=\"alignnone size-large wp-image-8911\" src=\"https:\/\/agora.xtec.cat\/ceipsesmondolo\/wp-content\/uploads\/usu311\/2024\/05\/2-724x1024.jpg\" alt=\"\" width=\"724\" height=\"1024\" srcset=\"https:\/\/agora.xtec.cat\/ceipsesmondolo\/wp-content\/uploads\/usu311\/2024\/05\/2-724x1024.jpg 724w, https:\/\/agora.xtec.cat\/ceipsesmondolo\/wp-content\/uploads\/usu311\/2024\/05\/2-212x300.jpg 212w, https:\/\/agora.xtec.cat\/ceipsesmondolo\/wp-content\/uploads\/usu311\/2024\/05\/2-768x1086.jpg 768w, https:\/\/agora.xtec.cat\/ceipsesmondolo\/wp-content\/uploads\/usu311\/2024\/05\/2-1086x1536.jpg 1086w, https:\/\/agora.xtec.cat\/ceipsesmondolo\/wp-content\/uploads\/usu311\/2024\/05\/2.jpg 1414w\" sizes=\"auto, (max-width: 724px) 100vw, 724px\" \/><\/a><\/div>\n","protected":false},"excerpt":{"rendered":"<p>The senior students have participated in the project &#8220;LITTLE NATURE INSPECTORS!&#8221; together with two schools from Turkey, one from Poland, and one from Lithuania. Here you can see samples of activities that have been carried out during the course.<br \/>\nL&#8217;alumnat de cicle superior ha participat en&hellip;  <a href=\"https:\/\/agora.xtec.cat\/ceipsesmondolo\/esep-etwinning-project\/\" title=\"Read Little Nature Inspectors &#8211; eTwinning Project 23-24\">Llegeix m\u00e9s\u00bb<\/a><\/p>\n","protected":false},"author":19,"featured_media":0,"parent":0,"menu_order":0,"comment_status":"closed","ping_status":"closed","template":"","meta":{"_bbp_topic_count":0,"_bbp_reply_count":0,"_bbp_total_topic_count":0,"_bbp_total_reply_count":0,"_bbp_voice_count":0,"_bbp_anonymous_reply_count":0,"_bbp_topic_count_hidden":0,"_bbp_reply_count_hidden":0,"_bbp_forum_subforum_count":0,"footnotes":""},"class_list":["post-8897","page","type-page","status-publish","hentry"],"post_mailing_queue_ids":[],"_links":{"self":[{"href":"https:\/\/agora.xtec.cat\/ceipsesmondolo\/wp-json\/wp\/v2\/pages\/8897","targetHints":{"allow":["GET"]}}],"collection":[{"href":"https:\/\/agora.xtec.cat\/ceipsesmondolo\/wp-json\/wp\/v2\/pages"}],"about":[{"href":"https:\/\/agora.xtec.cat\/ceipsesmondolo\/wp-json\/wp\/v2\/types\/page"}],"author":[{"embeddable":true,"href":"https:\/\/agora.xtec.cat\/ceipsesmondolo\/wp-json\/wp\/v2\/users\/19"}],"replies":[{"embeddable":true,"href":"https:\/\/agora.xtec.cat\/ceipsesmondolo\/wp-json\/wp\/v2\/comments?post=8897"}],"version-history":[{"count":7,"href":"https:\/\/agora.xtec.cat\/ceipsesmondolo\/wp-json\/wp\/v2\/pages\/8897\/revisions"}],"predecessor-version":[{"id":10573,"href":"https:\/\/agora.xtec.cat\/ceipsesmondolo\/wp-json\/wp\/v2\/pages\/8897\/revisions\/10573"}],"wp:attachment":[{"href":"https:\/\/agora.xtec.cat\/ceipsesmondolo\/wp-json\/wp\/v2\/media?parent=8897"}],"curies":[{"name":"wp","href":"https:\/\/api.w.org\/{rel}","templated":true}]}}