{"id":8515,"date":"2023-09-07T14:02:59","date_gmt":"2023-09-07T12:02:59","guid":{"rendered":"https:\/\/agora.xtec.cat\/ceipsesmondolo\/?page_id=8515"},"modified":"2025-10-17T12:58:12","modified_gmt":"2025-10-17T10:58:12","slug":"reunio-families-23-24","status":"publish","type":"page","link":"https:\/\/agora.xtec.cat\/ceipsesmondolo\/lescola\/reunio-families-23-24\/","title":{"rendered":"Reuni\u00f3 fam\u00edlies"},"content":{"rendered":"<p style=\"text-align: center;\"><a href=\"https:\/\/docs.google.com\/presentation\/d\/1WwHgJygRKb3OK43yEhCuQDiA3PHK6bNVYUCuplfPOQo\/edit?usp=sharing\"><strong>Reuni\u00f3 fam\u00edlies general\u00a0<\/strong><\/a><\/p>\n<p><a href=\"https:\/\/agora.xtec.cat\/ceipsesmondolo\/wp-content\/uploads\/usu311\/2025\/10\/general.png\"><img loading=\"lazy\" decoding=\"async\" class=\"wp-image-10665 aligncenter\" src=\"https:\/\/agora.xtec.cat\/ceipsesmondolo\/wp-content\/uploads\/usu311\/2025\/10\/general.png\" alt=\"\" width=\"343\" height=\"190\" srcset=\"https:\/\/agora.xtec.cat\/ceipsesmondolo\/wp-content\/uploads\/usu311\/2025\/10\/general.png 994w, https:\/\/agora.xtec.cat\/ceipsesmondolo\/wp-content\/uploads\/usu311\/2025\/10\/general-300x166.png 300w, https:\/\/agora.xtec.cat\/ceipsesmondolo\/wp-content\/uploads\/usu311\/2025\/10\/general-768x425.png 768w\" sizes=\"auto, (max-width: 343px) 100vw, 343px\" \/><\/a><\/p>\n<p style=\"text-align: center;\"><a href=\"https:\/\/docs.google.com\/presentation\/d\/1EZf0L5rwhwwbJsIcNPgi5MMTKHUsxaxg\/edit?usp=sharing&amp;ouid=113602045522560885253&amp;rtpof=true&amp;sd=true\"><strong>Reuni\u00f3 fam\u00edlies Educaci\u00f3 Infantil\u00a0<\/strong><\/a><a href=\"https:\/\/agora.xtec.cat\/ceipsesmondolo\/wp-content\/uploads\/usu311\/2025\/10\/EI.png\"><img loading=\"lazy\" decoding=\"async\" class=\" wp-image-10666 aligncenter\" src=\"https:\/\/agora.xtec.cat\/ceipsesmondolo\/wp-content\/uploads\/usu311\/2025\/10\/EI.png\" alt=\"\" width=\"348\" height=\"252\" srcset=\"https:\/\/agora.xtec.cat\/ceipsesmondolo\/wp-content\/uploads\/usu311\/2025\/10\/EI.png 742w, https:\/\/agora.xtec.cat\/ceipsesmondolo\/wp-content\/uploads\/usu311\/2025\/10\/EI-300x218.png 300w\" sizes=\"auto, (max-width: 348px) 100vw, 348px\" \/><\/a><\/p>\n<p style=\"text-align: center;\"><a href=\"https:\/\/docs.google.com\/presentation\/d\/1055sXpfMCFgGqgyA6vl1v3tE3n73mU-I\/edit?usp=sharing&amp;ouid=113602045522560885253&amp;rtpof=true&amp;sd=true\"><strong>Reuni\u00f3 fam\u00edlies Cicle Inicial\u00a0<\/strong><\/a><strong><a href=\"https:\/\/agora.xtec.cat\/ceipsesmondolo\/wp-content\/uploads\/usu311\/2025\/10\/ci.png\"><img loading=\"lazy\" decoding=\"async\" class=\" wp-image-10667 aligncenter\" src=\"https:\/\/agora.xtec.cat\/ceipsesmondolo\/wp-content\/uploads\/usu311\/2025\/10\/ci.png\" alt=\"\" width=\"346\" height=\"259\" srcset=\"https:\/\/agora.xtec.cat\/ceipsesmondolo\/wp-content\/uploads\/usu311\/2025\/10\/ci.png 747w, https:\/\/agora.xtec.cat\/ceipsesmondolo\/wp-content\/uploads\/usu311\/2025\/10\/ci-300x224.png 300w, https:\/\/agora.xtec.cat\/ceipsesmondolo\/wp-content\/uploads\/usu311\/2025\/10\/ci-200x150.png 200w\" sizes=\"auto, (max-width: 346px) 100vw, 346px\" \/><\/a><br \/>\n<a href=\"https:\/\/docs.google.com\/presentation\/d\/1rmFepiGDD0v8W8B9m3OJdRce22nxY6M4\/edit?usp=sharing&amp;ouid=113602045522560885253&amp;rtpof=true&amp;sd=true\">Reuni\u00f3 fam\u00edlies Cicle Mitj\u00e0 i Cicle Superior<\/a><br \/>\n<\/strong><a href=\"https:\/\/agora.xtec.cat\/ceipsesmondolo\/wp-content\/uploads\/usu311\/2025\/10\/cm-i-cs.png\"><img loading=\"lazy\" decoding=\"async\" class=\" wp-image-10668 aligncenter\" src=\"https:\/\/agora.xtec.cat\/ceipsesmondolo\/wp-content\/uploads\/usu311\/2025\/10\/cm-i-cs.png\" alt=\"\" width=\"357\" height=\"265\" \/><\/a><\/p>\n","protected":false},"excerpt":{"rendered":"<p><a href=\"https:\/\/docs.google.com\/presentation\/d\/1WwHgJygRKb3OK43yEhCuQDiA3PHK6bNVYUCuplfPOQo\/edit?usp=sharing\">Reuni\u00f3 fam\u00edlies general\u00a0<\/a><br \/>\n<a href=\"https:\/\/agora.xtec.cat\/ceipsesmondolo\/wp-content\/uploads\/usu311\/2025\/10\/general.png\"><\/a><br \/>\n<a href=\"https:\/\/docs.google.com\/presentation\/d\/1EZf0L5rwhwwbJsIcNPgi5MMTKHUsxaxg\/edit?usp=sharing&amp;ouid=113602045522560885253&amp;rtpof=true&amp;sd=true\">Reuni\u00f3 fam\u00edlies Educaci\u00f3 Infantil\u00a0<\/a><a href=\"https:\/\/agora.xtec.cat\/ceipsesmondolo\/wp-content\/uploads\/usu311\/2025\/10\/EI.png\"><\/a><br \/>\n<a href=\"https:\/\/docs.google.com\/presentation\/d\/1055sXpfMCFgGqgyA6vl1v3tE3n73mU-I\/edit?usp=sharing&amp;ouid=113602045522560885253&amp;rtpof=true&amp;sd=true\">Reuni\u00f3 fam\u00edlies Cicle Inicial\u00a0<\/a><a href=\"https:\/\/agora.xtec.cat\/ceipsesmondolo\/wp-content\/uploads\/usu311\/2025\/10\/ci.png\"><\/a><br \/>\n<a href=\"https:\/\/docs.google.com\/presentation\/d\/1rmFepiGDD0v8W8B9m3OJdRce22nxY6M4\/edit?usp=sharing&amp;ouid=113602045522560885253&amp;rtpof=true&amp;sd=true\">Reuni\u00f3 fam\u00edlies Cicle Mitj\u00e0 i Cicle Superior<\/a><br \/>\n<a href=\"https:\/\/agora.xtec.cat\/ceipsesmondolo\/wp-content\/uploads\/usu311\/2025\/10\/cm-i-cs.png\"><\/a><\/p>\n","protected":false},"author":1,"featured_media":0,"parent":22,"menu_order":11,"comment_status":"closed","ping_status":"closed","template":"page-templates\/side-menu.php","meta":{"_bbp_topic_count":0,"_bbp_reply_count":0,"_bbp_total_topic_count":0,"_bbp_total_reply_count":0,"_bbp_voice_count":0,"_bbp_anonymous_reply_count":0,"_bbp_topic_count_hidden":0,"_bbp_reply_count_hidden":0,"_bbp_forum_subforum_count":0,"footnotes":""},"class_list":["post-8515","page","type-page","status-publish","hentry"],"post_mailing_queue_ids":[],"_links":{"self":[{"href":"https:\/\/agora.xtec.cat\/ceipsesmondolo\/wp-json\/wp\/v2\/pages\/8515","targetHints":{"allow":["GET"]}}],"collection":[{"href":"https:\/\/agora.xtec.cat\/ceipsesmondolo\/wp-json\/wp\/v2\/pages"}],"about":[{"href":"https:\/\/agora.xtec.cat\/ceipsesmondolo\/wp-json\/wp\/v2\/types\/page"}],"author":[{"embeddable":true,"href":"https:\/\/agora.xtec.cat\/ceipsesmondolo\/wp-json\/wp\/v2\/users\/1"}],"replies":[{"embeddable":true,"href":"https:\/\/agora.xtec.cat\/ceipsesmondolo\/wp-json\/wp\/v2\/comments?post=8515"}],"version-history":[{"count":7,"href":"https:\/\/agora.xtec.cat\/ceipsesmondolo\/wp-json\/wp\/v2\/pages\/8515\/revisions"}],"predecessor-version":[{"id":10680,"href":"https:\/\/agora.xtec.cat\/ceipsesmondolo\/wp-json\/wp\/v2\/pages\/8515\/revisions\/10680"}],"up":[{"embeddable":true,"href":"https:\/\/agora.xtec.cat\/ceipsesmondolo\/wp-json\/wp\/v2\/pages\/22"}],"wp:attachment":[{"href":"https:\/\/agora.xtec.cat\/ceipsesmondolo\/wp-json\/wp\/v2\/media?parent=8515"}],"curies":[{"name":"wp","href":"https:\/\/api.w.org\/{rel}","templated":true}]}}