{"id":7207,"date":"2021-03-12T17:24:43","date_gmt":"2021-03-12T16:24:43","guid":{"rendered":"https:\/\/agora.xtec.cat\/ceipsesmondolo\/?page_id=7207"},"modified":"2021-03-26T16:08:33","modified_gmt":"2021-03-26T15:08:33","slug":"projectes-daccio-social","status":"publish","type":"page","link":"https:\/\/agora.xtec.cat\/ceipsesmondolo\/projectes-de-centre-2\/projectes-daccio-social\/","title":{"rendered":"Projectes d&#8217;Acci\u00f3 Social"},"content":{"rendered":"<p><strong>Projecte SVB del Consell Catal\u00e0 de Ressuscitaci\u00f3<\/strong><\/p>\n<p>Mitjan\u00e7ant una programaci\u00f3 marcada pel Consell Catal\u00e0 de ressuscitaci\u00f3 s\u2019integren, en l\u2019\u00e0rea d\u2019educaci\u00f3 f\u00edsica i en tots els grups del centre, una s\u00e8rie d\u2019exercicis\/activitats graduades segons l\u2019edat amb l\u2019objectiu que els alumnes siguin capa\u00e7os d\u2019actuar en cas d\u2019emerg\u00e8ncia.<\/p>\n<p><strong>Projecte \u201cBanc de sang\u201d<\/strong><\/p>\n<p>El grup dels Mitjans, de forma bianual, participa en el projecte de donaci\u00f3 de sang promogut pel Banc de sang. S\u2019aprofita per enlla\u00e7ar-lo amb els continguts curriculars que hi corresponen.<\/p>\n<p><strong>Projecte d\u2019intercanvi intergeneracional <\/strong><\/p>\n<ul>\n<li>En col\u00b7laboraci\u00f3 amb el centre de serveis del poble (centre de dia), es realitzen diverses activitats conjuntament amb l\u2019objectiu de fomentar l\u2019intercanvi intergeneracional i el treball de valors i continguts destacables del curr\u00edculum. Les accions anuals que es porten a terme s\u00f3n:<\/li>\n<li>Per Nadal es fa una cantada per part dels alumnes d\u2019Educaci\u00f3 Infantil (grup petits)<\/li>\n<li>Per Sant Jordi es fa un recital de poemes per part dels alumnes de 1r, 2n i 3r (grup dels mitjans)<\/li>\n<li>4t, 5\u00e8 i 6\u00e8 (grup dels grans) baixen a fer jocs de taula durant el segon i tercer trimestre.<\/li>\n<li>El dijous llarder fem una jornada oberta als avis i \u00e0vies de l\u2019escola perqu\u00e8 organitzin i ens acompanyin a la sortida i esmorzar.<\/li>\n<\/ul>\n<p><strong>Projecte de col\u00b7laboraci\u00f3 amb els IES<\/strong> en els seus programes de \u201cServei comunitari\u201d, integrant alumnes de 3r d\u2019ESO a les aules i al treball administratiu del centre; i d\u2019 \u201dEstada a l\u2019empresa\u201d per a l\u2019alumnat de 1r de Batxillerat.<\/p>\n<p><strong>Projecte de col\u00b7laboraci\u00f3 amb el municipi en les festes tradicionals: <\/strong>les festes de Carnestoltes i Sant Jordi que organitza l\u2019escola i on tamb\u00e9 hi col\u00b7labora l\u2019AMPA, \u00a0es realitzen en espais p\u00fablics del municipi per aix\u00ed donar peu a la participaci\u00f3 de tota la comunitat educativa i de qualsevol altra persona del poble i de l\u2019entorn que tamb\u00e9 vulgui gaudir-les.<\/p>\n<p><a href=\"https:\/\/agora.xtec.cat\/ceipsesmondolo\/wp-content\/uploads\/usu311\/2020\/03\/IMG-20200223-WA0024.jpg\"><img loading=\"lazy\" decoding=\"async\" class=\"alignnone wp-image-6687\" src=\"https:\/\/agora.xtec.cat\/ceipsesmondolo\/wp-content\/uploads\/usu311\/2020\/03\/IMG-20200223-WA0024-1024x682.jpg\" alt=\"\" width=\"332\" height=\"221\" srcset=\"https:\/\/agora.xtec.cat\/ceipsesmondolo\/wp-content\/uploads\/usu311\/2020\/03\/IMG-20200223-WA0024-1024x682.jpg 1024w, https:\/\/agora.xtec.cat\/ceipsesmondolo\/wp-content\/uploads\/usu311\/2020\/03\/IMG-20200223-WA0024-300x200.jpg 300w, https:\/\/agora.xtec.cat\/ceipsesmondolo\/wp-content\/uploads\/usu311\/2020\/03\/IMG-20200223-WA0024-768x512.jpg 768w, https:\/\/agora.xtec.cat\/ceipsesmondolo\/wp-content\/uploads\/usu311\/2020\/03\/IMG-20200223-WA0024.jpg 1600w\" sizes=\"auto, (max-width: 332px) 100vw, 332px\" \/><\/a><a href=\"https:\/\/agora.xtec.cat\/ceipsesmondolo\/wp-content\/uploads\/usu311\/2018\/05\/portada-1.jpg\"><img loading=\"lazy\" decoding=\"async\" class=\"alignnone wp-image-5660\" src=\"https:\/\/agora.xtec.cat\/ceipsesmondolo\/wp-content\/uploads\/usu311\/2018\/05\/portada-1.jpg\" alt=\"\" width=\"294\" height=\"220\" srcset=\"https:\/\/agora.xtec.cat\/ceipsesmondolo\/wp-content\/uploads\/usu311\/2018\/05\/portada-1.jpg 640w, https:\/\/agora.xtec.cat\/ceipsesmondolo\/wp-content\/uploads\/usu311\/2018\/05\/portada-1-300x225.jpg 300w, https:\/\/agora.xtec.cat\/ceipsesmondolo\/wp-content\/uploads\/usu311\/2018\/05\/portada-1-200x150.jpg 200w\" sizes=\"auto, (max-width: 294px) 100vw, 294px\" \/>\u00a0<\/a><a href=\"https:\/\/agora.xtec.cat\/ceipsesmondolo\/wp-content\/uploads\/usu311\/2018\/05\/ajuda.jpg\"><img loading=\"lazy\" decoding=\"async\" class=\"alignnone wp-image-5643\" src=\"https:\/\/agora.xtec.cat\/ceipsesmondolo\/wp-content\/uploads\/usu311\/2018\/05\/ajuda.jpg\" alt=\"\" width=\"296\" height=\"219\" srcset=\"https:\/\/agora.xtec.cat\/ceipsesmondolo\/wp-content\/uploads\/usu311\/2018\/05\/ajuda.jpg 448w, https:\/\/agora.xtec.cat\/ceipsesmondolo\/wp-content\/uploads\/usu311\/2018\/05\/ajuda-300x222.jpg 300w\" sizes=\"auto, (max-width: 296px) 100vw, 296px\" \/><\/a><a href=\"https:\/\/agora.xtec.cat\/ceipsesmondolo\/wp-content\/uploads\/usu311\/2018\/04\/Comprimida-1.jpg\"><img loading=\"lazy\" decoding=\"async\" class=\"alignnone wp-image-5611\" src=\"https:\/\/agora.xtec.cat\/ceipsesmondolo\/wp-content\/uploads\/usu311\/2018\/04\/Comprimida-1.jpg\" alt=\"\" width=\"387\" height=\"218\" srcset=\"https:\/\/agora.xtec.cat\/ceipsesmondolo\/wp-content\/uploads\/usu311\/2018\/04\/Comprimida-1.jpg 448w, https:\/\/agora.xtec.cat\/ceipsesmondolo\/wp-content\/uploads\/usu311\/2018\/04\/Comprimida-1-300x169.jpg 300w\" sizes=\"auto, (max-width: 387px) 100vw, 387px\" \/><\/a><a href=\"https:\/\/agora.xtec.cat\/ceipsesmondolo\/wp-content\/uploads\/usu311\/2017\/04\/santjordiparada.jpg\"><img loading=\"lazy\" decoding=\"async\" class=\"alignnone wp-image-4923\" src=\"https:\/\/agora.xtec.cat\/ceipsesmondolo\/wp-content\/uploads\/usu311\/2017\/04\/santjordiparada-1024x760.jpg\" alt=\"\" width=\"331\" height=\"246\" srcset=\"https:\/\/agora.xtec.cat\/ceipsesmondolo\/wp-content\/uploads\/usu311\/2017\/04\/santjordiparada-1024x760.jpg 1024w, https:\/\/agora.xtec.cat\/ceipsesmondolo\/wp-content\/uploads\/usu311\/2017\/04\/santjordiparada-300x223.jpg 300w, https:\/\/agora.xtec.cat\/ceipsesmondolo\/wp-content\/uploads\/usu311\/2017\/04\/santjordiparada-768x570.jpg 768w, https:\/\/agora.xtec.cat\/ceipsesmondolo\/wp-content\/uploads\/usu311\/2017\/04\/santjordiparada-200x150.jpg 200w, https:\/\/agora.xtec.cat\/ceipsesmondolo\/wp-content\/uploads\/usu311\/2017\/04\/santjordiparada.jpg 1599w\" sizes=\"auto, (max-width: 331px) 100vw, 331px\" \/><\/a> <a href=\"https:\/\/agora.xtec.cat\/ceipsesmondolo\/wp-content\/uploads\/usu311\/2021\/03\/20200302_121746.jpg\">\u00a0<\/a><a href=\"https:\/\/agora.xtec.cat\/ceipsesmondolo\/wp-content\/uploads\/usu311\/2019\/12\/centre-de-serveis.png\"><img loading=\"lazy\" decoding=\"async\" class=\"alignnone wp-image-6579\" src=\"https:\/\/agora.xtec.cat\/ceipsesmondolo\/wp-content\/uploads\/usu311\/2019\/12\/centre-de-serveis-1024x477.png\" alt=\"\" width=\"517\" height=\"241\" srcset=\"https:\/\/agora.xtec.cat\/ceipsesmondolo\/wp-content\/uploads\/usu311\/2019\/12\/centre-de-serveis-1024x477.png 1024w, https:\/\/agora.xtec.cat\/ceipsesmondolo\/wp-content\/uploads\/usu311\/2019\/12\/centre-de-serveis-300x140.png 300w, https:\/\/agora.xtec.cat\/ceipsesmondolo\/wp-content\/uploads\/usu311\/2019\/12\/centre-de-serveis-768x358.png 768w, https:\/\/agora.xtec.cat\/ceipsesmondolo\/wp-content\/uploads\/usu311\/2019\/12\/centre-de-serveis.png 1228w\" sizes=\"auto, (max-width: 517px) 100vw, 517px\" \/>\u00a0<\/a><a href=\"https:\/\/agora.xtec.cat\/ceipsesmondolo\/wp-content\/uploads\/usu311\/2020\/02\/IMG-20200220-WA0006.jpg\"><img loading=\"lazy\" decoding=\"async\" class=\"alignnone wp-image-6651\" src=\"https:\/\/agora.xtec.cat\/ceipsesmondolo\/wp-content\/uploads\/usu311\/2020\/02\/IMG-20200220-WA0006-1024x768.jpg\" alt=\"\" width=\"408\" height=\"306\" srcset=\"https:\/\/agora.xtec.cat\/ceipsesmondolo\/wp-content\/uploads\/usu311\/2020\/02\/IMG-20200220-WA0006-1024x768.jpg 1024w, https:\/\/agora.xtec.cat\/ceipsesmondolo\/wp-content\/uploads\/usu311\/2020\/02\/IMG-20200220-WA0006-300x225.jpg 300w, https:\/\/agora.xtec.cat\/ceipsesmondolo\/wp-content\/uploads\/usu311\/2020\/02\/IMG-20200220-WA0006-768x576.jpg 768w, https:\/\/agora.xtec.cat\/ceipsesmondolo\/wp-content\/uploads\/usu311\/2020\/02\/IMG-20200220-WA0006-200x150.jpg 200w, https:\/\/agora.xtec.cat\/ceipsesmondolo\/wp-content\/uploads\/usu311\/2020\/02\/IMG-20200220-WA0006.jpg 1600w\" sizes=\"auto, (max-width: 408px) 100vw, 408px\" \/><\/a><a style=\"color: #2795b6;\" href=\"https:\/\/agora.xtec.cat\/ceipsesmondolo\/wp-content\/uploads\/usu311\/2021\/03\/20200302_121746.jpg\"><img loading=\"lazy\" decoding=\"async\" class=\"alignnone wp-image-7225\" src=\"https:\/\/agora.xtec.cat\/ceipsesmondolo\/wp-content\/uploads\/usu311\/2021\/03\/20200302_121746-1024x576.jpg\" alt=\"\" width=\"301\" height=\"169\" srcset=\"https:\/\/agora.xtec.cat\/ceipsesmondolo\/wp-content\/uploads\/usu311\/2021\/03\/20200302_121746-1024x576.jpg 1024w, https:\/\/agora.xtec.cat\/ceipsesmondolo\/wp-content\/uploads\/usu311\/2021\/03\/20200302_121746-300x169.jpg 300w, https:\/\/agora.xtec.cat\/ceipsesmondolo\/wp-content\/uploads\/usu311\/2021\/03\/20200302_121746-768x432.jpg 768w\" sizes=\"auto, (max-width: 301px) 100vw, 301px\" \/><\/a><\/p>\n","protected":false},"excerpt":{"rendered":"<p>Projecte SVB del Consell Catal\u00e0 de Ressuscitaci\u00f3<br \/>\nMitjan\u00e7ant una programaci\u00f3 marcada pel Consell Catal\u00e0 de ressuscitaci\u00f3 s\u2019integren, en l\u2019\u00e0rea d\u2019educaci\u00f3 f\u00edsica i en tots els grups del centre, una s\u00e8rie d\u2019exercicis\/activitats graduades segons l\u2019edat amb l\u2019objectiu que els alumnes siguin capa\u00e7os d\u2019actuar en cas d\u2019emerg\u00e8ncia.<br \/>\nProjecte \u201cBanc&hellip;  <a href=\"https:\/\/agora.xtec.cat\/ceipsesmondolo\/projectes-de-centre-2\/projectes-daccio-social\/\" title=\"Read Projectes d&#8217;Acci\u00f3 Social\">Llegeix m\u00e9s\u00bb<\/a><\/p>\n","protected":false},"author":1,"featured_media":0,"parent":7170,"menu_order":0,"comment_status":"closed","ping_status":"closed","template":"","meta":{"_bbp_topic_count":0,"_bbp_reply_count":0,"_bbp_total_topic_count":0,"_bbp_total_reply_count":0,"_bbp_voice_count":0,"_bbp_anonymous_reply_count":0,"_bbp_topic_count_hidden":0,"_bbp_reply_count_hidden":0,"_bbp_forum_subforum_count":0,"footnotes":""},"class_list":["post-7207","page","type-page","status-publish","hentry"],"post_mailing_queue_ids":[],"_links":{"self":[{"href":"https:\/\/agora.xtec.cat\/ceipsesmondolo\/wp-json\/wp\/v2\/pages\/7207","targetHints":{"allow":["GET"]}}],"collection":[{"href":"https:\/\/agora.xtec.cat\/ceipsesmondolo\/wp-json\/wp\/v2\/pages"}],"about":[{"href":"https:\/\/agora.xtec.cat\/ceipsesmondolo\/wp-json\/wp\/v2\/types\/page"}],"author":[{"embeddable":true,"href":"https:\/\/agora.xtec.cat\/ceipsesmondolo\/wp-json\/wp\/v2\/users\/1"}],"replies":[{"embeddable":true,"href":"https:\/\/agora.xtec.cat\/ceipsesmondolo\/wp-json\/wp\/v2\/comments?post=7207"}],"version-history":[{"count":4,"href":"https:\/\/agora.xtec.cat\/ceipsesmondolo\/wp-json\/wp\/v2\/pages\/7207\/revisions"}],"predecessor-version":[{"id":7261,"href":"https:\/\/agora.xtec.cat\/ceipsesmondolo\/wp-json\/wp\/v2\/pages\/7207\/revisions\/7261"}],"up":[{"embeddable":true,"href":"https:\/\/agora.xtec.cat\/ceipsesmondolo\/wp-json\/wp\/v2\/pages\/7170"}],"wp:attachment":[{"href":"https:\/\/agora.xtec.cat\/ceipsesmondolo\/wp-json\/wp\/v2\/media?parent=7207"}],"curies":[{"name":"wp","href":"https:\/\/api.w.org\/{rel}","templated":true}]}}