{"id":7119,"date":"2021-03-11T16:27:16","date_gmt":"2021-03-11T15:27:16","guid":{"rendered":"https:\/\/agora.xtec.cat\/ceipsesmondolo\/?page_id=7119"},"modified":"2025-11-04T10:03:12","modified_gmt":"2025-11-04T09:03:12","slug":"projecte-eduquem-des-duna-perspectiva-sistemica","status":"publish","type":"page","link":"https:\/\/agora.xtec.cat\/ceipsesmondolo\/projectes-de-centre-2\/projecte-eduquem-des-duna-perspectiva-sistemica\/","title":{"rendered":"Projectes d&#8217;Innovaci\u00f3"},"content":{"rendered":"<p><strong>\u00a0Projecte \u201cEduquem des d\u2019una perspectiva Sist\u00e8mica\u201d <\/strong>La pedagogia sist\u00e8mica \u00e9s una nova mirada a l\u2019educaci\u00f3 que parteix de l\u2019evid\u00e8ncia que tot \u00e9sser hum\u00e0 t\u00e9 la necessitat de pert\u00e0nyer&#8230; principalment al seu sistema familiar i posteriorment i si la primera necessitat est\u00e0 satisfeta amb \u00e8xit, als sistemes a on es vagi trobant: l\u2019escola, el grup d\u2019amics, la feina&#8230; L\u2019infant pot aprendre tot all\u00f2 que el seu sistema\/fam\u00edlia li permet. S\u2019interessa sobretot per all\u00f2 que el vincula amb la vida, que l\u2019ajuda a pert\u00e0nyer, con\u00e8ixer la seva fam\u00edlia, les seves arrels, el seu poble, casa seva, la seva escola&#8230;Tenint en compte aix\u00f2, procurem crear el m\u00e0xim de contextos reals d\u2019aprenentatge per tal que aquests sorgeixin d\u2019experi\u00e8ncies viscudes no massa allunyades de la realitat, procurant que l\u2019activitat que viu l\u2019infant sigui el m\u00e0xim de funcional possible i respongui a les seves necessitats, fomentant la competencialitat de les activitats que fem.<\/p>\n<p><strong>Projecte d\u2019Emprenedoria a l\u2019escola: <\/strong>De forma bianual i\/o sempre que la tem\u00e0tica de curs ho permeti, es participa en el projecte promogut per la Diputaci\u00f3 de Barcelona a trav\u00e9s del Consell Comarcal del Moian\u00e8s \u201cEmprenedoria a l\u2019escola\u201d . Es porta a terme en el grup dels Grans o en els grups de 5\u00e8 i 6\u00e8.<\/p>\n<p><strong>Matem\u00e0tiques manipulatives i vivencials:<\/strong><span style=\"font-family: inherit; font-size: 1em;\"> Un dels objectius de l\u2019escola \u00e9s l&#8217;aprenentatge de forma manipulativa i vivencial, ja que \u00e9s a trav\u00e9s dels sentits que els alumnes adquireixen els nous coneixements, aquesta metodologia s\u2019integra en els plans de treball de l\u2019\u00e0rea, en la sessi\u00f3 setmanal de jocs matem\u00e0tics a tots els cursos i en la integraci\u00f3 d\u2019aquesta \u00e0rea en els projectes interdisciplinars. Tanmateix, disposem d&#8217;un espai de <\/span><strong>Reptes matem\u00e0tics <\/strong>amb racons de reptes manipulatius trimestrals\u00a0 amb gradaci\u00f3 per nivells.<\/p>\n<p><strong>Treball basat en la metodologia del treball per projectes:<\/strong> treball vivencial, de proximitat, significatiu i competencial<\/p>\n<p><strong>Promoci\u00f3 d\u2019activitats STEAM <\/strong>La nostra metodologia de treball ens permet aplicar diverses eines innovadores STEAM (ci\u00e8ncia, tecnologia, art i matem\u00e0tiques). El nostre centre forma part del mapa de la xarxa de centres STEAM de Catalunya.<\/p>\n<p><strong>Xarxa de compet\u00e8ncies B\u00e0siques<\/strong>: el claustre de mestres va participar en la formaci\u00f3 de la xarxa per seguir avan\u00e7ant en l&#8217;aplicaci\u00f3 d&#8217;eines pedag\u00f2giques innovadores des del 2018 fins el 2021.<\/p>\n<p><a href=\"https:\/\/agora.xtec.cat\/ceipsesmondolo\/wp-content\/uploads\/usu311\/2017\/05\/0.jpg\"><img loading=\"lazy\" decoding=\"async\" class=\"wp-image-4995 alignnone\" src=\"https:\/\/agora.xtec.cat\/ceipsesmondolo\/wp-content\/uploads\/usu311\/2017\/05\/0.jpg\" alt=\"\" width=\"276\" height=\"207\" srcset=\"https:\/\/agora.xtec.cat\/ceipsesmondolo\/wp-content\/uploads\/usu311\/2017\/05\/0.jpg 480w, https:\/\/agora.xtec.cat\/ceipsesmondolo\/wp-content\/uploads\/usu311\/2017\/05\/0-300x225.jpg 300w, https:\/\/agora.xtec.cat\/ceipsesmondolo\/wp-content\/uploads\/usu311\/2017\/05\/0-200x150.jpg 200w\" sizes=\"auto, (max-width: 276px) 100vw, 276px\" \/><\/a> <a href=\"https:\/\/agora.xtec.cat\/ceipsesmondolo\/wp-content\/uploads\/usu311\/2016\/09\/IMG_20160923_104139.jpg\"><img loading=\"lazy\" decoding=\"async\" class=\"alignnone wp-image-4119\" src=\"https:\/\/agora.xtec.cat\/ceipsesmondolo\/wp-content\/uploads\/usu311\/2016\/09\/IMG_20160923_104139-1024x768.jpg\" alt=\"\" width=\"277\" height=\"208\" srcset=\"https:\/\/agora.xtec.cat\/ceipsesmondolo\/wp-content\/uploads\/usu311\/2016\/09\/IMG_20160923_104139-1024x768.jpg 1024w, https:\/\/agora.xtec.cat\/ceipsesmondolo\/wp-content\/uploads\/usu311\/2016\/09\/IMG_20160923_104139-300x225.jpg 300w, https:\/\/agora.xtec.cat\/ceipsesmondolo\/wp-content\/uploads\/usu311\/2016\/09\/IMG_20160923_104139-768x576.jpg 768w, https:\/\/agora.xtec.cat\/ceipsesmondolo\/wp-content\/uploads\/usu311\/2016\/09\/IMG_20160923_104139-200x150.jpg 200w\" sizes=\"auto, (max-width: 277px) 100vw, 277px\" \/> <\/a><a href=\"https:\/\/agora.xtec.cat\/ceipsesmondolo\/wp-content\/uploads\/usu311\/2017\/12\/IMG_4265.jpg\"><img loading=\"lazy\" decoding=\"async\" class=\"alignnone wp-image-5358\" src=\"https:\/\/agora.xtec.cat\/ceipsesmondolo\/wp-content\/uploads\/usu311\/2017\/12\/IMG_4265-1024x768.jpg\" alt=\"\" width=\"273\" height=\"205\" srcset=\"https:\/\/agora.xtec.cat\/ceipsesmondolo\/wp-content\/uploads\/usu311\/2017\/12\/IMG_4265-1024x768.jpg 1024w, https:\/\/agora.xtec.cat\/ceipsesmondolo\/wp-content\/uploads\/usu311\/2017\/12\/IMG_4265-300x225.jpg 300w, https:\/\/agora.xtec.cat\/ceipsesmondolo\/wp-content\/uploads\/usu311\/2017\/12\/IMG_4265-768x576.jpg 768w, https:\/\/agora.xtec.cat\/ceipsesmondolo\/wp-content\/uploads\/usu311\/2017\/12\/IMG_4265-200x150.jpg 200w\" sizes=\"auto, (max-width: 273px) 100vw, 273px\" \/> <\/a><a href=\"https:\/\/agora.xtec.cat\/ceipsesmondolo\/wp-content\/uploads\/usu311\/2018\/11\/comprimda-4.jpg\">\u00a0<\/a><a href=\"https:\/\/agora.xtec.cat\/ceipsesmondolo\/wp-content\/uploads\/usu311\/2019\/01\/IMG_20190114_100450994.jpg\"><img loading=\"lazy\" decoding=\"async\" class=\"alignnone wp-image-6030\" src=\"https:\/\/agora.xtec.cat\/ceipsesmondolo\/wp-content\/uploads\/usu311\/2019\/01\/IMG_20190114_100450994-1024x768.jpg\" alt=\"\" width=\"271\" height=\"203\" srcset=\"https:\/\/agora.xtec.cat\/ceipsesmondolo\/wp-content\/uploads\/usu311\/2019\/01\/IMG_20190114_100450994-1024x768.jpg 1024w, https:\/\/agora.xtec.cat\/ceipsesmondolo\/wp-content\/uploads\/usu311\/2019\/01\/IMG_20190114_100450994-300x225.jpg 300w, https:\/\/agora.xtec.cat\/ceipsesmondolo\/wp-content\/uploads\/usu311\/2019\/01\/IMG_20190114_100450994-768x576.jpg 768w, https:\/\/agora.xtec.cat\/ceipsesmondolo\/wp-content\/uploads\/usu311\/2019\/01\/IMG_20190114_100450994-200x150.jpg 200w, https:\/\/agora.xtec.cat\/ceipsesmondolo\/wp-content\/uploads\/usu311\/2019\/01\/IMG_20190114_100450994.jpg 1600w\" sizes=\"auto, (max-width: 271px) 100vw, 271px\" \/><\/a><a href=\"https:\/\/agora.xtec.cat\/ceipsesmondolo\/wp-content\/uploads\/usu311\/2025\/10\/IMG-20250528-WA0045.jpg\"><img loading=\"lazy\" decoding=\"async\" class=\"wp-image-10706 alignleft\" src=\"https:\/\/agora.xtec.cat\/ceipsesmondolo\/wp-content\/uploads\/usu311\/2025\/10\/IMG-20250528-WA0045-1024x768.jpg\" alt=\"\" width=\"219\" height=\"164\" srcset=\"https:\/\/agora.xtec.cat\/ceipsesmondolo\/wp-content\/uploads\/usu311\/2025\/10\/IMG-20250528-WA0045-1024x768.jpg 1024w, https:\/\/agora.xtec.cat\/ceipsesmondolo\/wp-content\/uploads\/usu311\/2025\/10\/IMG-20250528-WA0045-300x225.jpg 300w, https:\/\/agora.xtec.cat\/ceipsesmondolo\/wp-content\/uploads\/usu311\/2025\/10\/IMG-20250528-WA0045-768x576.jpg 768w, https:\/\/agora.xtec.cat\/ceipsesmondolo\/wp-content\/uploads\/usu311\/2025\/10\/IMG-20250528-WA0045-1536x1152.jpg 1536w, https:\/\/agora.xtec.cat\/ceipsesmondolo\/wp-content\/uploads\/usu311\/2025\/10\/IMG-20250528-WA0045-200x150.jpg 200w, https:\/\/agora.xtec.cat\/ceipsesmondolo\/wp-content\/uploads\/usu311\/2025\/10\/IMG-20250528-WA0045.jpg 1600w\" sizes=\"auto, (max-width: 219px) 100vw, 219px\" \/><\/a><a href=\"https:\/\/agora.xtec.cat\/ceipsesmondolo\/wp-content\/uploads\/usu311\/2025\/10\/Captura-de-pantalla-2025-10-29-135744.png\"><img loading=\"lazy\" decoding=\"async\" class=\"wp-image-10705 alignleft\" src=\"https:\/\/agora.xtec.cat\/ceipsesmondolo\/wp-content\/uploads\/usu311\/2025\/10\/Captura-de-pantalla-2025-10-29-135744-1024x636.png\" alt=\"\" width=\"262\" height=\"163\" srcset=\"https:\/\/agora.xtec.cat\/ceipsesmondolo\/wp-content\/uploads\/usu311\/2025\/10\/Captura-de-pantalla-2025-10-29-135744-1024x636.png 1024w, https:\/\/agora.xtec.cat\/ceipsesmondolo\/wp-content\/uploads\/usu311\/2025\/10\/Captura-de-pantalla-2025-10-29-135744-300x186.png 300w, https:\/\/agora.xtec.cat\/ceipsesmondolo\/wp-content\/uploads\/usu311\/2025\/10\/Captura-de-pantalla-2025-10-29-135744-768x477.png 768w, https:\/\/agora.xtec.cat\/ceipsesmondolo\/wp-content\/uploads\/usu311\/2025\/10\/Captura-de-pantalla-2025-10-29-135744.png 1337w\" sizes=\"auto, (max-width: 262px) 100vw, 262px\" \/><\/a><a href=\"https:\/\/agora.xtec.cat\/ceipsesmondolo\/wp-content\/uploads\/usu311\/2021\/03\/DSC03262.jpg\"><img loading=\"lazy\" decoding=\"async\" class=\"wp-image-7227 alignnone\" src=\"https:\/\/agora.xtec.cat\/ceipsesmondolo\/wp-content\/uploads\/usu311\/2021\/03\/DSC03262-1024x768.jpg\" alt=\"\" width=\"225\" height=\"169\" srcset=\"https:\/\/agora.xtec.cat\/ceipsesmondolo\/wp-content\/uploads\/usu311\/2021\/03\/DSC03262.jpg 1024w, https:\/\/agora.xtec.cat\/ceipsesmondolo\/wp-content\/uploads\/usu311\/2021\/03\/DSC03262-300x225.jpg 300w, https:\/\/agora.xtec.cat\/ceipsesmondolo\/wp-content\/uploads\/usu311\/2021\/03\/DSC03262-768x576.jpg 768w, https:\/\/agora.xtec.cat\/ceipsesmondolo\/wp-content\/uploads\/usu311\/2021\/03\/DSC03262-200x150.jpg 200w\" sizes=\"auto, (max-width: 225px) 100vw, 225px\" \/> <\/a><a href=\"https:\/\/agora.xtec.cat\/ceipsesmondolo\/wp-content\/uploads\/usu311\/2021\/03\/IMG_20191002_161038855.jpg\"><img loading=\"lazy\" decoding=\"async\" class=\"alignnone wp-image-7226\" src=\"https:\/\/agora.xtec.cat\/ceipsesmondolo\/wp-content\/uploads\/usu311\/2021\/03\/IMG_20191002_161038855-1024x768.jpg\" alt=\"\" width=\"239\" height=\"180\" srcset=\"https:\/\/agora.xtec.cat\/ceipsesmondolo\/wp-content\/uploads\/usu311\/2021\/03\/IMG_20191002_161038855-1024x768.jpg 1024w, https:\/\/agora.xtec.cat\/ceipsesmondolo\/wp-content\/uploads\/usu311\/2021\/03\/IMG_20191002_161038855-300x225.jpg 300w, https:\/\/agora.xtec.cat\/ceipsesmondolo\/wp-content\/uploads\/usu311\/2021\/03\/IMG_20191002_161038855-768x576.jpg 768w, https:\/\/agora.xtec.cat\/ceipsesmondolo\/wp-content\/uploads\/usu311\/2021\/03\/IMG_20191002_161038855-200x150.jpg 200w\" sizes=\"auto, (max-width: 239px) 100vw, 239px\" \/><\/a><a href=\"https:\/\/agora.xtec.cat\/ceipsesmondolo\/wp-content\/uploads\/usu311\/2025\/10\/IMG_20221026_113817-scaled.jpg\"><img loading=\"lazy\" decoding=\"async\" class=\"wp-image-10708 alignleft\" src=\"https:\/\/agora.xtec.cat\/ceipsesmondolo\/wp-content\/uploads\/usu311\/2025\/10\/IMG_20221026_113817-786x1024.jpg\" alt=\"\" width=\"153\" height=\"199\" srcset=\"https:\/\/agora.xtec.cat\/ceipsesmondolo\/wp-content\/uploads\/usu311\/2025\/10\/IMG_20221026_113817-786x1024.jpg 786w, https:\/\/agora.xtec.cat\/ceipsesmondolo\/wp-content\/uploads\/usu311\/2025\/10\/IMG_20221026_113817-230x300.jpg 230w, https:\/\/agora.xtec.cat\/ceipsesmondolo\/wp-content\/uploads\/usu311\/2025\/10\/IMG_20221026_113817-768x1000.jpg 768w, https:\/\/agora.xtec.cat\/ceipsesmondolo\/wp-content\/uploads\/usu311\/2025\/10\/IMG_20221026_113817-1179x1536.jpg 1179w, https:\/\/agora.xtec.cat\/ceipsesmondolo\/wp-content\/uploads\/usu311\/2025\/10\/IMG_20221026_113817-1572x2048.jpg 1572w, https:\/\/agora.xtec.cat\/ceipsesmondolo\/wp-content\/uploads\/usu311\/2025\/10\/IMG_20221026_113817-scaled.jpg 1965w\" sizes=\"auto, (max-width: 153px) 100vw, 153px\" \/><\/a><a href=\"https:\/\/agora.xtec.cat\/ceipsesmondolo\/wp-content\/uploads\/usu311\/2025\/10\/IMG_20230425_151737-scaled.jpg\"><img loading=\"lazy\" decoding=\"async\" class=\"wp-image-10710 alignleft\" src=\"https:\/\/agora.xtec.cat\/ceipsesmondolo\/wp-content\/uploads\/usu311\/2025\/10\/IMG_20230425_151737-760x1024.jpg\" alt=\"\" width=\"169\" height=\"228\" srcset=\"https:\/\/agora.xtec.cat\/ceipsesmondolo\/wp-content\/uploads\/usu311\/2025\/10\/IMG_20230425_151737-760x1024.jpg 760w, https:\/\/agora.xtec.cat\/ceipsesmondolo\/wp-content\/uploads\/usu311\/2025\/10\/IMG_20230425_151737-223x300.jpg 223w, https:\/\/agora.xtec.cat\/ceipsesmondolo\/wp-content\/uploads\/usu311\/2025\/10\/IMG_20230425_151737-768x1035.jpg 768w, https:\/\/agora.xtec.cat\/ceipsesmondolo\/wp-content\/uploads\/usu311\/2025\/10\/IMG_20230425_151737-1139x1536.jpg 1139w, https:\/\/agora.xtec.cat\/ceipsesmondolo\/wp-content\/uploads\/usu311\/2025\/10\/IMG_20230425_151737-1519x2048.jpg 1519w, https:\/\/agora.xtec.cat\/ceipsesmondolo\/wp-content\/uploads\/usu311\/2025\/10\/IMG_20230425_151737-scaled.jpg 1899w\" sizes=\"auto, (max-width: 169px) 100vw, 169px\" \/><\/a><a href=\"https:\/\/agora.xtec.cat\/ceipsesmondolo\/wp-content\/uploads\/usu311\/2025\/10\/IMG_20230315_153858-scaled.jpg\"><img loading=\"lazy\" decoding=\"async\" class=\"alignnone wp-image-10709 alignleft\" src=\"https:\/\/agora.xtec.cat\/ceipsesmondolo\/wp-content\/uploads\/usu311\/2025\/10\/IMG_20230315_153858-1024x786.jpg\" alt=\"\" width=\"257\" height=\"197\" srcset=\"https:\/\/agora.xtec.cat\/ceipsesmondolo\/wp-content\/uploads\/usu311\/2025\/10\/IMG_20230315_153858-1024x786.jpg 1024w, https:\/\/agora.xtec.cat\/ceipsesmondolo\/wp-content\/uploads\/usu311\/2025\/10\/IMG_20230315_153858-300x230.jpg 300w, https:\/\/agora.xtec.cat\/ceipsesmondolo\/wp-content\/uploads\/usu311\/2025\/10\/IMG_20230315_153858-768x589.jpg 768w, https:\/\/agora.xtec.cat\/ceipsesmondolo\/wp-content\/uploads\/usu311\/2025\/10\/IMG_20230315_153858-1536x1179.jpg 1536w, https:\/\/agora.xtec.cat\/ceipsesmondolo\/wp-content\/uploads\/usu311\/2025\/10\/IMG_20230315_153858-2048x1572.jpg 2048w\" sizes=\"auto, (max-width: 257px) 100vw, 257px\" \/><\/a><\/p>\n","protected":false},"excerpt":{"rendered":"<p>\u00a0Projecte \u201cEduquem des d\u2019una perspectiva Sist\u00e8mica\u201d La pedagogia sist\u00e8mica \u00e9s una nova mirada a l\u2019educaci\u00f3 que parteix de l\u2019evid\u00e8ncia que tot \u00e9sser hum\u00e0 t\u00e9 la necessitat de pert\u00e0nyer&#8230; principalment al seu sistema familiar i posteriorment i si la primera necessitat est\u00e0 satisfeta amb \u00e8xit, als&hellip;  <a href=\"https:\/\/agora.xtec.cat\/ceipsesmondolo\/projectes-de-centre-2\/projecte-eduquem-des-duna-perspectiva-sistemica\/\" title=\"Read Projectes d&#8217;Innovaci\u00f3\">Llegeix m\u00e9s\u00bb<\/a><\/p>\n","protected":false},"author":12,"featured_media":0,"parent":7170,"menu_order":0,"comment_status":"closed","ping_status":"closed","template":"","meta":{"_bbp_topic_count":0,"_bbp_reply_count":0,"_bbp_total_topic_count":0,"_bbp_total_reply_count":0,"_bbp_voice_count":0,"_bbp_anonymous_reply_count":0,"_bbp_topic_count_hidden":0,"_bbp_reply_count_hidden":0,"_bbp_forum_subforum_count":0,"footnotes":""},"class_list":["post-7119","page","type-page","status-publish","hentry"],"post_mailing_queue_ids":[],"_links":{"self":[{"href":"https:\/\/agora.xtec.cat\/ceipsesmondolo\/wp-json\/wp\/v2\/pages\/7119","targetHints":{"allow":["GET"]}}],"collection":[{"href":"https:\/\/agora.xtec.cat\/ceipsesmondolo\/wp-json\/wp\/v2\/pages"}],"about":[{"href":"https:\/\/agora.xtec.cat\/ceipsesmondolo\/wp-json\/wp\/v2\/types\/page"}],"author":[{"embeddable":true,"href":"https:\/\/agora.xtec.cat\/ceipsesmondolo\/wp-json\/wp\/v2\/users\/12"}],"replies":[{"embeddable":true,"href":"https:\/\/agora.xtec.cat\/ceipsesmondolo\/wp-json\/wp\/v2\/comments?post=7119"}],"version-history":[{"count":7,"href":"https:\/\/agora.xtec.cat\/ceipsesmondolo\/wp-json\/wp\/v2\/pages\/7119\/revisions"}],"predecessor-version":[{"id":10714,"href":"https:\/\/agora.xtec.cat\/ceipsesmondolo\/wp-json\/wp\/v2\/pages\/7119\/revisions\/10714"}],"up":[{"embeddable":true,"href":"https:\/\/agora.xtec.cat\/ceipsesmondolo\/wp-json\/wp\/v2\/pages\/7170"}],"wp:attachment":[{"href":"https:\/\/agora.xtec.cat\/ceipsesmondolo\/wp-json\/wp\/v2\/media?parent=7119"}],"curies":[{"name":"wp","href":"https:\/\/api.w.org\/{rel}","templated":true}]}}