{"id":4154,"date":"2019-09-03T21:50:17","date_gmt":"2019-09-03T19:50:17","guid":{"rendered":"http:\/\/agora.xtec.cat\/ceipsesmondolo\/?page_id=4154"},"modified":"2023-05-25T13:43:18","modified_gmt":"2023-05-25T11:43:18","slug":"extra-escolars","status":"publish","type":"page","link":"https:\/\/agora.xtec.cat\/ceipsesmondolo\/ampa\/extra-escolars\/","title":{"rendered":"EXTRAESCOLARS"},"content":{"rendered":"<p>En cas d&#8217;accident en l&#8217;\u00e0mbit de les activitats extraescolars l&#8217;alumnat i el monitoratge estan assegurats a trav\u00e9s de AR\u00c7 cooperativa, asseguradora de la AFFAC. Aqu\u00ed us deixem el protocol a tenir en compte en cas d&#8217;accident,\u00a0 amb els passos a seguir i el llistat de centres m\u00e8dics de refer\u00e8ncia on es pot anar. Per m\u00e9s informaci\u00f3 podeu contactar al <a href=\"afasesmon@gmail.com\">correu de l&#8217;afa<\/a>:<\/p>\n<p style=\"text-align: center;\"><a href=\"https:\/\/drive.google.com\/file\/d\/1_dsbYD6scssck5mqIHrC83h_wKiY3S2v\/view?usp=sharing\">PROTOCOL EN CAS D&#8217;ACCIDENT<\/a><\/p>\n<p style=\"text-align: center;\"><a href=\"https:\/\/drive.google.com\/file\/d\/1orrY8pwnYGeZ929NwQyocEe8NUVY-lEq\/view?usp=sharing\">COMUNICAT D&#8217;ACCIDENT<\/a><\/p>\n<p style=\"text-align: center;\">\n","protected":false},"excerpt":{"rendered":"<p>En cas d&#8217;accident en l&#8217;\u00e0mbit de les activitats extraescolars l&#8217;alumnat i el monitoratge estan assegurats a trav\u00e9s de AR\u00c7 cooperativa, asseguradora de la AFFAC. Aqu\u00ed us deixem el protocol a tenir en compte en cas d&#8217;accident,\u00a0 amb els passos a seguir i el llistat de&hellip;  <a href=\"https:\/\/agora.xtec.cat\/ceipsesmondolo\/ampa\/extra-escolars\/\" title=\"Read EXTRAESCOLARS\">Llegeix m\u00e9s\u00bb<\/a><\/p>\n","protected":false},"author":1,"featured_media":0,"parent":4481,"menu_order":5,"comment_status":"closed","ping_status":"closed","template":"page-templates\/side-menu.php","meta":{"_bbp_topic_count":0,"_bbp_reply_count":0,"_bbp_total_topic_count":0,"_bbp_total_reply_count":0,"_bbp_voice_count":0,"_bbp_anonymous_reply_count":0,"_bbp_topic_count_hidden":0,"_bbp_reply_count_hidden":0,"_bbp_forum_subforum_count":0,"footnotes":""},"class_list":["post-4154","page","type-page","status-publish","hentry"],"post_mailing_queue_ids":[],"_links":{"self":[{"href":"https:\/\/agora.xtec.cat\/ceipsesmondolo\/wp-json\/wp\/v2\/pages\/4154","targetHints":{"allow":["GET"]}}],"collection":[{"href":"https:\/\/agora.xtec.cat\/ceipsesmondolo\/wp-json\/wp\/v2\/pages"}],"about":[{"href":"https:\/\/agora.xtec.cat\/ceipsesmondolo\/wp-json\/wp\/v2\/types\/page"}],"author":[{"embeddable":true,"href":"https:\/\/agora.xtec.cat\/ceipsesmondolo\/wp-json\/wp\/v2\/users\/1"}],"replies":[{"embeddable":true,"href":"https:\/\/agora.xtec.cat\/ceipsesmondolo\/wp-json\/wp\/v2\/comments?post=4154"}],"version-history":[{"count":3,"href":"https:\/\/agora.xtec.cat\/ceipsesmondolo\/wp-json\/wp\/v2\/pages\/4154\/revisions"}],"predecessor-version":[{"id":8460,"href":"https:\/\/agora.xtec.cat\/ceipsesmondolo\/wp-json\/wp\/v2\/pages\/4154\/revisions\/8460"}],"up":[{"embeddable":true,"href":"https:\/\/agora.xtec.cat\/ceipsesmondolo\/wp-json\/wp\/v2\/pages\/4481"}],"wp:attachment":[{"href":"https:\/\/agora.xtec.cat\/ceipsesmondolo\/wp-json\/wp\/v2\/media?parent=4154"}],"curies":[{"name":"wp","href":"https:\/\/api.w.org\/{rel}","templated":true}]}}