{"id":30,"date":"2014-09-18T12:30:23","date_gmt":"2014-09-18T11:30:23","guid":{"rendered":"http:\/\/agora.xtec.cat\/ceipsesmondolo\/?page_id=30"},"modified":"2025-07-17T11:15:14","modified_gmt":"2025-07-17T09:15:14","slug":"instal%c2%b7lacions","status":"publish","type":"page","link":"https:\/\/agora.xtec.cat\/ceipsesmondolo\/lescola\/instal%c2%b7lacions\/","title":{"rendered":"Instal\u00b7lacions"},"content":{"rendered":"<p>L&#8217;escola est\u00e0 formada per un edifici principal en forma d&#8217;ela.<\/p>\n<p>En una ala hi ha l&#8217;aula de l&#8217;alumnat d&#8217;educaci\u00f3 infantil i de prim\u00e0ria fins a cicle mitj\u00e0. Tamb\u00e9 disposa dels seg\u00fcents equipaments:<\/p>\n<ul>\n<li>Una aula d&#8217;experimentaci\u00f3, ci\u00e8ncies i tecnologia<\/li>\n<li>Una aula d&#8217;art<\/li>\n<\/ul>\n<p>En l&#8217;altra ala hi ha l&#8217;aula de cicle superior<\/p>\n<ul>\n<li>Un <em>hall<\/em> que \u00e9s la biblioteca de l&#8217;escola<\/li>\n<li>Una aula de mestres<\/li>\n<li>La zona de despatx i secretaria<\/li>\n<li>Dues aules petites: una d&#8217;angl\u00e8s i l&#8217;altre d&#8217;atenci\u00f3 a la diversitat<\/li>\n<li>Sala de psicomotricitat i m\u00fasica<\/li>\n<li>Un espai de menjador amb cuina<\/li>\n<\/ul>\n<p>L&#8217;Escola disposa tamb\u00e9 d&#8217;espais exteriors:<\/p>\n<ul>\n<li>Una zona de pati per l&#8217;alumnat d&#8217;educaci\u00f3 infantil<\/li>\n<li>Una pista poliesportiva per l&#8217;alumnat d&#8217;educaci\u00f3 prim\u00e0ria<\/li>\n<li>Una zona de bosc\/muntanyeta<\/li>\n<li>Una zona de pati per l&#8217;estona de menjador<\/li>\n<li>Una zona d&#8217;hort i hivernacle<\/li>\n<\/ul>\n","protected":false},"excerpt":{"rendered":"<p>L&#8217;escola est\u00e0 formada per un edifici principal en forma d&#8217;ela.<br \/>\nEn una ala hi ha l&#8217;aula de l&#8217;alumnat d&#8217;educaci\u00f3 infantil i de prim\u00e0ria fins a cicle mitj\u00e0. Tamb\u00e9 disposa dels seg\u00fcents equipaments:<\/p>\n<ul>\n<li>Una aula d&#8217;experimentaci\u00f3, ci\u00e8ncies i tecnologia<\/li>\n<li>Una aula d&#8217;art<\/li>\n<\/ul>\n<p>En l&#8217;altra ala hi ha l&#8217;aula de cicle&hellip;  <a href=\"https:\/\/agora.xtec.cat\/ceipsesmondolo\/lescola\/instal%c2%b7lacions\/\" title=\"Read Instal\u00b7lacions\">Llegeix m\u00e9s\u00bb<\/a><\/p>\n","protected":false},"author":1,"featured_media":0,"parent":22,"menu_order":40,"comment_status":"closed","ping_status":"closed","template":"page-templates\/side-menu.php","meta":{"_bbp_topic_count":0,"_bbp_reply_count":0,"_bbp_total_topic_count":0,"_bbp_total_reply_count":0,"_bbp_voice_count":0,"_bbp_anonymous_reply_count":0,"_bbp_topic_count_hidden":0,"_bbp_reply_count_hidden":0,"_bbp_forum_subforum_count":0,"footnotes":""},"class_list":["post-30","page","type-page","status-publish","hentry"],"post_mailing_queue_ids":[],"_links":{"self":[{"href":"https:\/\/agora.xtec.cat\/ceipsesmondolo\/wp-json\/wp\/v2\/pages\/30","targetHints":{"allow":["GET"]}}],"collection":[{"href":"https:\/\/agora.xtec.cat\/ceipsesmondolo\/wp-json\/wp\/v2\/pages"}],"about":[{"href":"https:\/\/agora.xtec.cat\/ceipsesmondolo\/wp-json\/wp\/v2\/types\/page"}],"author":[{"embeddable":true,"href":"https:\/\/agora.xtec.cat\/ceipsesmondolo\/wp-json\/wp\/v2\/users\/1"}],"replies":[{"embeddable":true,"href":"https:\/\/agora.xtec.cat\/ceipsesmondolo\/wp-json\/wp\/v2\/comments?post=30"}],"version-history":[{"count":6,"href":"https:\/\/agora.xtec.cat\/ceipsesmondolo\/wp-json\/wp\/v2\/pages\/30\/revisions"}],"predecessor-version":[{"id":10614,"href":"https:\/\/agora.xtec.cat\/ceipsesmondolo\/wp-json\/wp\/v2\/pages\/30\/revisions\/10614"}],"up":[{"embeddable":true,"href":"https:\/\/agora.xtec.cat\/ceipsesmondolo\/wp-json\/wp\/v2\/pages\/22"}],"wp:attachment":[{"href":"https:\/\/agora.xtec.cat\/ceipsesmondolo\/wp-json\/wp\/v2\/media?parent=30"}],"curies":[{"name":"wp","href":"https:\/\/api.w.org\/{rel}","templated":true}]}}