{"id":10467,"date":"2025-05-01T18:48:38","date_gmt":"2025-05-01T16:48:38","guid":{"rendered":"https:\/\/agora.xtec.cat\/ceipsesmondolo\/?page_id=10467"},"modified":"2025-05-05T18:52:53","modified_gmt":"2025-05-05T16:52:53","slug":"prediccio-dincendis-en-les-comarques","status":"publish","type":"page","link":"https:\/\/agora.xtec.cat\/ceipsesmondolo\/steam\/microbit\/prediccio-dincendis-en-les-comarques\/","title":{"rendered":"Lluitadors del foc. Predicci\u00f3 d&#8217;incendis"},"content":{"rendered":"<p>En la entrada <a href=\"https:\/\/agora.xtec.cat\/ceipsesmondolo\/steam\/lluitadors-del-foc\/marc-teoric\/\">Marc te\u00f2ric de la predicci\u00f3 matem\u00e0tica dels incendis<\/a> \u00e9s va arribar a la conclusi\u00f3 que per alumnes de 5 \u00e8 i 6 \u00e8 de prim\u00e0ria, \u00e9s suficient implantar en la micro:bit aquest esquema conceptual:<\/p>\n<p><a href=\"https:\/\/agora.xtec.cat\/ceipsesmondolo\/wp-content\/uploads\/usu311\/2025\/05\/Grafica-primaria.jpg\"><img loading=\"lazy\" decoding=\"async\" class=\"wp-image-10473 aligncenter\" src=\"https:\/\/agora.xtec.cat\/ceipsesmondolo\/wp-content\/uploads\/usu311\/2025\/05\/Grafica-primaria.jpg\" alt=\"\" width=\"414\" height=\"390\" srcset=\"https:\/\/agora.xtec.cat\/ceipsesmondolo\/wp-content\/uploads\/usu311\/2025\/05\/Grafica-primaria.jpg 699w, https:\/\/agora.xtec.cat\/ceipsesmondolo\/wp-content\/uploads\/usu311\/2025\/05\/Grafica-primaria-300x282.jpg 300w\" sizes=\"auto, (max-width: 414px) 100vw, 414px\" \/><\/a><\/p>\n<p>La combinaci\u00f3 de aplicar la gr\u00e0fica als valors de temperatura\u00a0 i humitat de cada comarca permet predir el risc d&#8217;incendis d&#8217;acord a aquesta codificaci\u00f3 de colors:<\/p>\n<ul data-start=\"826\" data-end=\"917\">\n<li class=\"\" data-start=\"826\" data-end=\"854\">\n<p class=\"\" data-start=\"828\" data-end=\"854\">\ud83d\udd35\u00a0<strong data-start=\"831\" data-end=\"844\">Verd (1):<\/strong>\u00a0risc baix<\/p>\n<\/li>\n<li class=\"\" data-start=\"855\" data-end=\"886\">\n<p class=\"\" data-start=\"857\" data-end=\"886\">\ud83d\udfe1\u00a0<strong data-start=\"860\" data-end=\"873\">Groc (2):<\/strong>\u00a0risc moderat<\/p>\n<\/li>\n<li class=\"\" data-start=\"887\" data-end=\"917\">\n<p class=\"\" data-start=\"889\" data-end=\"917\">\ud83d\udd34\u00a0<strong data-start=\"892\" data-end=\"908\">Vermell (3):<\/strong>\u00a0risc alt<\/p>\n<\/li>\n<\/ul>\n<p>I per exemple la comarca 3 per un risc d&#8217;incendis <strong>moderat<\/strong> mostrar\u00e0 la informaci\u00f3 de aquesta manera:<\/p>\n<p><a href=\"https:\/\/agora.xtec.cat\/ceipsesmondolo\/wp-content\/uploads\/usu311\/2025\/05\/comarca.jpg\"><img loading=\"lazy\" decoding=\"async\" class=\"alignnone size-large wp-image-10485\" src=\"https:\/\/agora.xtec.cat\/ceipsesmondolo\/wp-content\/uploads\/usu311\/2025\/05\/comarca-1024x461.jpg\" alt=\"\" width=\"1024\" height=\"461\" srcset=\"https:\/\/agora.xtec.cat\/ceipsesmondolo\/wp-content\/uploads\/usu311\/2025\/05\/comarca-1024x461.jpg 1024w, https:\/\/agora.xtec.cat\/ceipsesmondolo\/wp-content\/uploads\/usu311\/2025\/05\/comarca-300x135.jpg 300w, https:\/\/agora.xtec.cat\/ceipsesmondolo\/wp-content\/uploads\/usu311\/2025\/05\/comarca-768x346.jpg 768w, https:\/\/agora.xtec.cat\/ceipsesmondolo\/wp-content\/uploads\/usu311\/2025\/05\/comarca-1536x691.jpg 1536w, https:\/\/agora.xtec.cat\/ceipsesmondolo\/wp-content\/uploads\/usu311\/2025\/05\/comarca.jpg 1600w\" sizes=\"auto, (max-width: 1024px) 100vw, 1024px\" \/><\/a><\/p>\n<p><strong>Programaci\u00f3 dels requisits.<\/strong><\/p>\n<p><strong>&#8220;En iniciar&#8221;<\/strong><\/p>\n<p><a href=\"https:\/\/agora.xtec.cat\/ceipsesmondolo\/wp-content\/uploads\/usu311\/2025\/05\/en-iniciar.jpg\"><img loading=\"lazy\" decoding=\"async\" class=\"wp-image-10475 aligncenter\" src=\"https:\/\/agora.xtec.cat\/ceipsesmondolo\/wp-content\/uploads\/usu311\/2025\/05\/en-iniciar-1024x276.jpg\" alt=\"\" width=\"446\" height=\"120\" srcset=\"https:\/\/agora.xtec.cat\/ceipsesmondolo\/wp-content\/uploads\/usu311\/2025\/05\/en-iniciar-1024x276.jpg 1024w, https:\/\/agora.xtec.cat\/ceipsesmondolo\/wp-content\/uploads\/usu311\/2025\/05\/en-iniciar-300x81.jpg 300w, https:\/\/agora.xtec.cat\/ceipsesmondolo\/wp-content\/uploads\/usu311\/2025\/05\/en-iniciar-768x207.jpg 768w, https:\/\/agora.xtec.cat\/ceipsesmondolo\/wp-content\/uploads\/usu311\/2025\/05\/en-iniciar.jpg 1072w\" sizes=\"auto, (max-width: 446px) 100vw, 446px\" \/><\/a><\/p>\n<p><strong>&#8220;per sempre&#8221;<\/strong><\/p>\n<ol>\n<li>Captura dels valors de la temperatura i de la humitat i passar-los a percentatges.<\/li>\n<\/ol>\n<p><a href=\"https:\/\/agora.xtec.cat\/ceipsesmondolo\/wp-content\/uploads\/usu311\/2025\/05\/Captura-de-valors.jpg\"><img loading=\"lazy\" decoding=\"async\" class=\"wp-image-10477 aligncenter\" src=\"https:\/\/agora.xtec.cat\/ceipsesmondolo\/wp-content\/uploads\/usu311\/2025\/05\/Captura-de-valors-1024x157.jpg\" alt=\"\" width=\"561\" height=\"86\" srcset=\"https:\/\/agora.xtec.cat\/ceipsesmondolo\/wp-content\/uploads\/usu311\/2025\/05\/Captura-de-valors-1024x157.jpg 1024w, https:\/\/agora.xtec.cat\/ceipsesmondolo\/wp-content\/uploads\/usu311\/2025\/05\/Captura-de-valors-300x46.jpg 300w, https:\/\/agora.xtec.cat\/ceipsesmondolo\/wp-content\/uploads\/usu311\/2025\/05\/Captura-de-valors-768x118.jpg 768w, https:\/\/agora.xtec.cat\/ceipsesmondolo\/wp-content\/uploads\/usu311\/2025\/05\/Captura-de-valors-1536x236.jpg 1536w, https:\/\/agora.xtec.cat\/ceipsesmondolo\/wp-content\/uploads\/usu311\/2025\/05\/Captura-de-valors-2048x315.jpg 2048w\" sizes=\"auto, (max-width: 561px) 100vw, 561px\" \/><\/a><\/p>\n<p>2. Amb els valors anteriors determinar el nivell de risc:<\/p>\n<p><a href=\"https:\/\/agora.xtec.cat\/ceipsesmondolo\/wp-content\/uploads\/usu311\/2025\/05\/Toma-de-decisions.jpg\"><img loading=\"lazy\" decoding=\"async\" class=\"wp-image-10479 aligncenter\" src=\"https:\/\/agora.xtec.cat\/ceipsesmondolo\/wp-content\/uploads\/usu311\/2025\/05\/Toma-de-decisions-1024x885.jpg\" alt=\"\" width=\"567\" height=\"490\" srcset=\"https:\/\/agora.xtec.cat\/ceipsesmondolo\/wp-content\/uploads\/usu311\/2025\/05\/Toma-de-decisions-1024x885.jpg 1024w, https:\/\/agora.xtec.cat\/ceipsesmondolo\/wp-content\/uploads\/usu311\/2025\/05\/Toma-de-decisions-300x259.jpg 300w, https:\/\/agora.xtec.cat\/ceipsesmondolo\/wp-content\/uploads\/usu311\/2025\/05\/Toma-de-decisions-768x664.jpg 768w, https:\/\/agora.xtec.cat\/ceipsesmondolo\/wp-content\/uploads\/usu311\/2025\/05\/Toma-de-decisions.jpg 1456w\" sizes=\"auto, (max-width: 567px) 100vw, 567px\" \/><\/a><\/p>\n<p>3. Completar dades en la pantalla OLED<\/p>\n<p><a href=\"https:\/\/agora.xtec.cat\/ceipsesmondolo\/wp-content\/uploads\/usu311\/2025\/05\/pantalla-OLED-1.jpg\"><img loading=\"lazy\" decoding=\"async\" class=\"wp-image-10480 aligncenter\" src=\"https:\/\/agora.xtec.cat\/ceipsesmondolo\/wp-content\/uploads\/usu311\/2025\/05\/pantalla-OLED-1.jpg\" alt=\"\" width=\"468\" height=\"694\" srcset=\"https:\/\/agora.xtec.cat\/ceipsesmondolo\/wp-content\/uploads\/usu311\/2025\/05\/pantalla-OLED-1.jpg 664w, https:\/\/agora.xtec.cat\/ceipsesmondolo\/wp-content\/uploads\/usu311\/2025\/05\/pantalla-OLED-1-202x300.jpg 202w\" sizes=\"auto, (max-width: 468px) 100vw, 468px\" \/><\/a><\/p>\n","protected":false},"excerpt":{"rendered":"<p>En la entrada <a href=\"https:\/\/agora.xtec.cat\/ceipsesmondolo\/steam\/lluitadors-del-foc\/marc-teoric\/\">Marc te\u00f2ric de la predicci\u00f3 matem\u00e0tica dels incendis<\/a> \u00e9s va arribar a la conclusi\u00f3 que per alumnes de 5 \u00e8 i 6 \u00e8 de prim\u00e0ria, \u00e9s suficient implantar en la micro:bit aquest esquema conceptual:<br \/>\n<a href=\"https:\/\/agora.xtec.cat\/ceipsesmondolo\/wp-content\/uploads\/usu311\/2025\/05\/Grafica-primaria.jpg\"><\/a><br \/>\nLa combinaci\u00f3 de aplicar la gr\u00e0fica als&hellip;  <a href=\"https:\/\/agora.xtec.cat\/ceipsesmondolo\/steam\/microbit\/prediccio-dincendis-en-les-comarques\/\" title=\"Read Lluitadors del foc. Predicci\u00f3 d&#8217;incendis\">Llegeix m\u00e9s\u00bb<\/a><\/p>\n","protected":false},"author":36,"featured_media":0,"parent":8960,"menu_order":190,"comment_status":"closed","ping_status":"closed","template":"page-templates\/side-menu.php","meta":{"_bbp_topic_count":0,"_bbp_reply_count":0,"_bbp_total_topic_count":0,"_bbp_total_reply_count":0,"_bbp_voice_count":0,"_bbp_anonymous_reply_count":0,"_bbp_topic_count_hidden":0,"_bbp_reply_count_hidden":0,"_bbp_forum_subforum_count":0,"footnotes":""},"class_list":["post-10467","page","type-page","status-publish","hentry"],"post_mailing_queue_ids":[],"_links":{"self":[{"href":"https:\/\/agora.xtec.cat\/ceipsesmondolo\/wp-json\/wp\/v2\/pages\/10467","targetHints":{"allow":["GET"]}}],"collection":[{"href":"https:\/\/agora.xtec.cat\/ceipsesmondolo\/wp-json\/wp\/v2\/pages"}],"about":[{"href":"https:\/\/agora.xtec.cat\/ceipsesmondolo\/wp-json\/wp\/v2\/types\/page"}],"author":[{"embeddable":true,"href":"https:\/\/agora.xtec.cat\/ceipsesmondolo\/wp-json\/wp\/v2\/users\/36"}],"replies":[{"embeddable":true,"href":"https:\/\/agora.xtec.cat\/ceipsesmondolo\/wp-json\/wp\/v2\/comments?post=10467"}],"version-history":[{"count":7,"href":"https:\/\/agora.xtec.cat\/ceipsesmondolo\/wp-json\/wp\/v2\/pages\/10467\/revisions"}],"predecessor-version":[{"id":10528,"href":"https:\/\/agora.xtec.cat\/ceipsesmondolo\/wp-json\/wp\/v2\/pages\/10467\/revisions\/10528"}],"up":[{"embeddable":true,"href":"https:\/\/agora.xtec.cat\/ceipsesmondolo\/wp-json\/wp\/v2\/pages\/8960"}],"wp:attachment":[{"href":"https:\/\/agora.xtec.cat\/ceipsesmondolo\/wp-json\/wp\/v2\/media?parent=10467"}],"curies":[{"name":"wp","href":"https:\/\/api.w.org\/{rel}","templated":true}]}}