{"id":10419,"date":"2025-05-01T11:29:42","date_gmt":"2025-05-01T09:29:42","guid":{"rendered":"https:\/\/agora.xtec.cat\/ceipsesmondolo\/?page_id=10419"},"modified":"2025-05-05T18:53:44","modified_gmt":"2025-05-05T16:53:44","slug":"teoria-de-llistes","status":"publish","type":"page","link":"https:\/\/agora.xtec.cat\/ceipsesmondolo\/steam\/microbit\/teoria-de-llistes\/","title":{"rendered":"Teoria de llistes"},"content":{"rendered":"<article class=\"text-token-text-primary w-full\" dir=\"auto\" data-testid=\"conversation-turn-10\" data-scroll-anchor=\"false\">\n<div class=\"text-base my-auto mx-auto py-5 [--thread-content-margin:--spacing(4)] @[37rem]:[--thread-content-margin:--spacing(6)] @[72rem]:[--thread-content-margin:--spacing(16)] px-(--thread-content-margin)\">\n<div class=\"[--thread-content-max-width:32rem] @[34rem]:[--thread-content-max-width:40rem] @[64rem]:[--thread-content-max-width:48rem] mx-auto flex max-w-(--thread-content-max-width) flex-1 text-base gap-4 md:gap-5 lg:gap-6 group\/turn-messages focus-visible:outline-hidden\" tabindex=\"-1\">\n<div class=\"group\/conversation-turn relative flex w-full min-w-0 flex-col agent-turn\">\n<div class=\"relative flex-col gap-1 md:gap-3\">\n<div class=\"flex max-w-full flex-col grow\">\n<div class=\"min-h-8 text-message relative flex w-full flex-col items-end gap-2 text-start break-words whitespace-normal [.text-message+&amp;]:mt-5\" dir=\"auto\" data-message-author-role=\"assistant\" data-message-id=\"7db2e07b-3272-45d7-8c64-4d225e5d66ce\" data-message-model-slug=\"gpt-4o\">\n<div class=\"flex w-full flex-col gap-1 empty:hidden first:pt-[3px]\">\n<div class=\"markdown prose dark:prose-invert w-full break-words light\">\n<h3 class=\"\" data-start=\"180\" data-end=\"213\">Les llistes en programaci\u00f3<\/h3>\n<p class=\"\" data-start=\"215\" data-end=\"443\">En programaci\u00f3, una <strong data-start=\"235\" data-end=\"245\">llista<\/strong> \u00e9s com una <strong data-start=\"257\" data-end=\"284\">caixa amb compartiments<\/strong> on podem guardar diferents valors, un darrere de l&#8217;altre. Cada valor ocupa un <strong data-start=\"360\" data-end=\"376\">lloc concret<\/strong> dins la llista, i aquest lloc t\u00e9 un n\u00famero que anomenem <strong data-start=\"433\" data-end=\"442\">\u00edndex<\/strong>.<\/p>\n<p class=\"\" data-start=\"445\" data-end=\"495\">Imagina que tenim una prestatgeria amb 5 calaixos:<\/p>\n<ul data-start=\"496\" data-end=\"595\">\n<li class=\"\" data-start=\"496\" data-end=\"532\">\n<p class=\"\" data-start=\"498\" data-end=\"532\">El calaix 0 cont\u00e9 el primer valor.<\/p>\n<\/li>\n<li class=\"\" data-start=\"533\" data-end=\"568\">\n<p class=\"\" data-start=\"535\" data-end=\"568\">El calaix 1 cont\u00e9 el segon valor.<\/p>\n<\/li>\n<li class=\"\" data-start=\"569\" data-end=\"595\">\n<p class=\"\" data-start=\"571\" data-end=\"595\">I aix\u00ed successivament&#8230;<\/p>\n<\/li>\n<\/ul>\n<p class=\"\" data-start=\"597\" data-end=\"692\"><strong data-start=\"600\" data-end=\"614\">Important!<\/strong> El primer lloc d&#8217;una llista <strong data-start=\"643\" data-end=\"661\">sempre \u00e9s el 0<\/strong>, no el 1 com estem acostumats.<\/p>\n<h3 class=\"\" data-start=\"699\" data-end=\"738\">Per a qu\u00e8 serveixen les llistes?<\/h3>\n<p class=\"\" data-start=\"740\" data-end=\"766\">Les llistes serveixen per:<\/p>\n<ul data-start=\"767\" data-end=\"1050\">\n<li class=\"\" data-start=\"767\" data-end=\"859\">\n<p class=\"\" data-start=\"769\" data-end=\"859\">Guardar <strong data-start=\"777\" data-end=\"793\">molts valors<\/strong> junts (per exemple, puntuacions d&#8217;un joc, noms, temperatures&#8230;).<\/p>\n<\/li>\n<li class=\"\" data-start=\"860\" data-end=\"928\">\n<p class=\"\" data-start=\"862\" data-end=\"928\">Poder <strong data-start=\"868\" data-end=\"896\">afegir, canviar o llegir<\/strong> qualsevol valor de forma f\u00e0cil.<\/p>\n<\/li>\n<li class=\"\" data-start=\"929\" data-end=\"1050\">\n<p class=\"\" data-start=\"931\" data-end=\"1050\">Rec\u00f3rrer la llista amb bucles i <strong data-start=\"963\" data-end=\"991\">fer coses amb cada valor<\/strong>, com mostrar-los a la pantalla, sumar-los, comparar-los&#8230;<\/p>\n<\/li>\n<\/ul>\n<h3 class=\"\" data-start=\"1057\" data-end=\"1093\">Qu\u00e8 podem fer amb una llista?<\/h3>\n<p class=\"\" data-start=\"1095\" data-end=\"1146\">A MakeCode, podem fer moltes coses amb les llistes:<\/p>\n<table>\n<thead>\n<tr>\n<th>Acci\u00f3<\/th>\n<th>Exemple<\/th>\n<\/tr>\n<\/thead>\n<tbody>\n<tr>\n<td>Crear una llista<\/td>\n<td><code>llista = [0, 0, 0]<\/code><\/td>\n<\/tr>\n<tr>\n<td>Afegir un valor<\/td>\n<td><code>afegeix 42 a la llista<\/code><\/td>\n<\/tr>\n<tr>\n<td>Llegir un valor<\/td>\n<td><code>mostra llista[2]<\/code> \u2192 mostra el valor 3r<\/td>\n<\/tr>\n<tr>\n<td>Canviar un valor<\/td>\n<td><code>llista[1] = 100<\/code><\/td>\n<\/tr>\n<tr>\n<td>Saber quants valors hi ha<\/td>\n<td><code>longitud de la llista<\/code><\/td>\n<\/tr>\n<tr>\n<td>Rec\u00f3rrer la llista amb un bucle<\/td>\n<td><code>per a i de 0 a longitud-1<\/code><\/td>\n<\/tr>\n<\/tbody>\n<\/table>\n<p>les m\u00e9s b\u00e0siques codificades en MakeCode s\u00f3n<\/p>\n<table style=\"border-collapse: collapse; width: 94.1961%;\">\n<tbody>\n<tr>\n<td style=\"width: 23.8025%; text-align: center;\"><strong>Acci\u00f3<\/strong><\/td>\n<td style=\"width: 70.3939%; text-align: center;\"><strong>Exemple<\/strong><\/td>\n<\/tr>\n<tr>\n<td style=\"width: 23.8025%;\">Crear una llista<\/td>\n<td style=\"width: 70.3939%;\"><a href=\"https:\/\/agora.xtec.cat\/ceipsesmondolo\/wp-content\/uploads\/usu311\/2025\/05\/crea-llista.jpg\"><img loading=\"lazy\" decoding=\"async\" class=\"alignnone wp-image-10446\" src=\"https:\/\/agora.xtec.cat\/ceipsesmondolo\/wp-content\/uploads\/usu311\/2025\/05\/crea-llista.jpg\" alt=\"\" width=\"555\" height=\"65\" srcset=\"https:\/\/agora.xtec.cat\/ceipsesmondolo\/wp-content\/uploads\/usu311\/2025\/05\/crea-llista.jpg 934w, https:\/\/agora.xtec.cat\/ceipsesmondolo\/wp-content\/uploads\/usu311\/2025\/05\/crea-llista-300x35.jpg 300w, https:\/\/agora.xtec.cat\/ceipsesmondolo\/wp-content\/uploads\/usu311\/2025\/05\/crea-llista-768x90.jpg 768w\" sizes=\"auto, (max-width: 555px) 100vw, 555px\" \/><\/a><\/td>\n<\/tr>\n<tr>\n<td style=\"width: 23.8025%;\">Llegir un valor<\/td>\n<td style=\"width: 70.3939%;\"><a href=\"https:\/\/agora.xtec.cat\/ceipsesmondolo\/wp-content\/uploads\/usu311\/2025\/05\/llegir-un-valor.jpg\"><img loading=\"lazy\" decoding=\"async\" class=\"alignnone wp-image-10447\" src=\"https:\/\/agora.xtec.cat\/ceipsesmondolo\/wp-content\/uploads\/usu311\/2025\/05\/llegir-un-valor.jpg\" alt=\"\" width=\"258\" height=\"46\" srcset=\"https:\/\/agora.xtec.cat\/ceipsesmondolo\/wp-content\/uploads\/usu311\/2025\/05\/llegir-un-valor.jpg 525w, https:\/\/agora.xtec.cat\/ceipsesmondolo\/wp-content\/uploads\/usu311\/2025\/05\/llegir-un-valor-300x54.jpg 300w\" sizes=\"auto, (max-width: 258px) 100vw, 258px\" \/><\/a><\/td>\n<\/tr>\n<tr>\n<td style=\"width: 23.8025%;\">Canviar un valor<\/td>\n<td style=\"width: 70.3939%;\"><a href=\"https:\/\/agora.xtec.cat\/ceipsesmondolo\/wp-content\/uploads\/usu311\/2025\/05\/asignar-un-valor.jpg\"><img loading=\"lazy\" decoding=\"async\" class=\"alignnone wp-image-10448\" src=\"https:\/\/agora.xtec.cat\/ceipsesmondolo\/wp-content\/uploads\/usu311\/2025\/05\/asignar-un-valor.jpg\" alt=\"\" width=\"330\" height=\"45\" srcset=\"https:\/\/agora.xtec.cat\/ceipsesmondolo\/wp-content\/uploads\/usu311\/2025\/05\/asignar-un-valor.jpg 814w, https:\/\/agora.xtec.cat\/ceipsesmondolo\/wp-content\/uploads\/usu311\/2025\/05\/asignar-un-valor-300x41.jpg 300w, https:\/\/agora.xtec.cat\/ceipsesmondolo\/wp-content\/uploads\/usu311\/2025\/05\/asignar-un-valor-768x106.jpg 768w\" sizes=\"auto, (max-width: 330px) 100vw, 330px\" \/><\/a><\/td>\n<\/tr>\n<\/tbody>\n<\/table>\n<div class=\"_tableContainer_16hzy_1\">\n<div class=\"_tableWrapper_16hzy_14 group flex w-fit flex-col-reverse\" tabindex=\"-1\">\n<div class=\"sticky end-(--thread-content-margin) h-0 self-end select-none\">\n<div><\/div>\n<div class=\"absolute end-0 flex items-end\"><span style=\"font-size: 1.375em; font-weight: bold;\">Exemples reals<\/span><\/div>\n<\/div>\n<\/div>\n<\/div>\n<ul data-start=\"1786\" data-end=\"2046\">\n<li class=\"\" data-start=\"1786\" data-end=\"1861\">\n<p class=\"\" data-start=\"1788\" data-end=\"1861\">En un joc, podem guardar les <strong data-start=\"1817\" data-end=\"1832\">puntuacions<\/strong> dels jugadors en una llista.<\/p>\n<\/li>\n<li class=\"\" data-start=\"1862\" data-end=\"1941\">\n<p class=\"\" data-start=\"1864\" data-end=\"1941\">En una estaci\u00f3 meteorol\u00f2gica, podem guardar les <strong data-start=\"1912\" data-end=\"1928\">temperatures<\/strong> de cada dia.<\/p>\n<\/li>\n<li class=\"\" data-start=\"1942\" data-end=\"2046\">\n<p class=\"\" data-start=\"1944\" data-end=\"2046\">En lluitadors del foc, podem guardar el nivell de risc de cada comarca.<\/p>\n<\/li>\n<\/ul>\n<\/div>\n<h3 class=\"\" data-start=\"1763\" data-end=\"1784\">Exemple de com treballar amb una llista<\/h3>\n<p><strong>Objectiu<\/strong><\/p>\n<p><span style=\"font-family: inherit; font-size: 1em;\">Crear una <\/span><strong style=\"font-family: inherit; font-size: 1em;\" data-start=\"205\" data-end=\"221\">llista buida de quatre calaixos<\/strong><span style=\"font-family: inherit; font-size: 1em;\">.<\/span><\/p>\n<p><strong style=\"font-family: inherit; font-size: 1em;\" data-start=\"226\" data-end=\"253\">Bot\u00f3 A. <\/strong><span style=\"font-family: inherit; font-size: 1em;\">Afegir valors aleatoris (per exemple, nombres entre 0 i 999).<\/span><\/p>\n<p><strong style=\"font-family: inherit; font-size: 1em;\" data-start=\"295\" data-end=\"317\">Bot\u00f3 B. <\/strong><span style=\"font-family: inherit; font-size: 1em;\">\u00a0Llegir de la llista i mostrar els valors un per un al micro:bit.<\/span><\/p>\n<\/div>\n<p><a href=\"https:\/\/agora.xtec.cat\/ceipsesmondolo\/wp-content\/uploads\/usu311\/2025\/05\/llista-aleatoria.jpg\"><img loading=\"lazy\" decoding=\"async\" class=\"wp-image-10493 aligncenter\" src=\"https:\/\/agora.xtec.cat\/ceipsesmondolo\/wp-content\/uploads\/usu311\/2025\/05\/llista-aleatoria-1024x553.jpg\" alt=\"\" width=\"577\" height=\"312\" srcset=\"https:\/\/agora.xtec.cat\/ceipsesmondolo\/wp-content\/uploads\/usu311\/2025\/05\/llista-aleatoria-1024x553.jpg 1024w, https:\/\/agora.xtec.cat\/ceipsesmondolo\/wp-content\/uploads\/usu311\/2025\/05\/llista-aleatoria-300x162.jpg 300w, https:\/\/agora.xtec.cat\/ceipsesmondolo\/wp-content\/uploads\/usu311\/2025\/05\/llista-aleatoria-768x415.jpg 768w, https:\/\/agora.xtec.cat\/ceipsesmondolo\/wp-content\/uploads\/usu311\/2025\/05\/llista-aleatoria.jpg 1062w\" sizes=\"auto, (max-width: 577px) 100vw, 577px\" \/><\/a><\/p>\n<div class=\"flex w-full flex-col gap-1 empty:hidden first:pt-[3px]\">\n<p><span style=\"font-family: inherit; font-size: 1em;\">Pasos en<\/span><strong style=\"font-family: inherit; font-size: 1em;\"> MakeCode<\/strong><\/p>\n<ol>\n<li><span style=\"font-family: inherit; font-size: 1em;\">Crear variables:<\/span><\/li>\n<\/ol>\n<\/div>\n<\/div>\n<\/div>\n<\/div>\n<\/div>\n<\/div>\n<\/div>\n<\/article>\n<article class=\"text-token-text-primary w-full\" dir=\"auto\" data-testid=\"conversation-turn-12\" data-scroll-anchor=\"false\">\n<div class=\"text-base my-auto mx-auto py-5 [--thread-content-margin:--spacing(4)] @[37rem]:[--thread-content-margin:--spacing(6)] @[72rem]:[--thread-content-margin:--spacing(16)] px-(--thread-content-margin)\">\n<div class=\"[--thread-content-max-width:32rem] @[34rem]:[--thread-content-max-width:40rem] @[64rem]:[--thread-content-max-width:48rem] mx-auto flex max-w-(--thread-content-max-width) flex-1 text-base gap-4 md:gap-5 lg:gap-6 group\/turn-messages focus-visible:outline-hidden\" tabindex=\"-1\">\n<div class=\"group\/conversation-turn relative flex w-full min-w-0 flex-col agent-turn\">\n<div class=\"relative flex-col gap-1 md:gap-3\">\n<div class=\"flex max-w-full flex-col grow\">\n<div class=\"min-h-8 text-message relative flex w-full flex-col items-end gap-2 text-start break-words whitespace-normal [.text-message+&amp;]:mt-5\" dir=\"auto\" data-message-author-role=\"assistant\" data-message-id=\"98a62970-90a2-4261-bca6-15cc017028e6\" data-message-model-slug=\"gpt-4o\">\n<div class=\"flex w-full flex-col gap-1 empty:hidden first:pt-[3px]\">\n<div class=\"markdown prose dark:prose-invert w-full break-words light\">\n<p><a href=\"https:\/\/agora.xtec.cat\/ceipsesmondolo\/wp-content\/uploads\/usu311\/2025\/05\/variables.jpg\"><img loading=\"lazy\" decoding=\"async\" class=\"wp-image-10424 aligncenter\" src=\"https:\/\/agora.xtec.cat\/ceipsesmondolo\/wp-content\/uploads\/usu311\/2025\/05\/variables.jpg\" alt=\"\" width=\"169\" height=\"170\" srcset=\"https:\/\/agora.xtec.cat\/ceipsesmondolo\/wp-content\/uploads\/usu311\/2025\/05\/variables.jpg 316w, https:\/\/agora.xtec.cat\/ceipsesmondolo\/wp-content\/uploads\/usu311\/2025\/05\/variables-297x300.jpg 297w, https:\/\/agora.xtec.cat\/ceipsesmondolo\/wp-content\/uploads\/usu311\/2025\/05\/variables-150x150.jpg 150w\" sizes=\"auto, (max-width: 169px) 100vw, 169px\" \/><\/a><\/p>\n<p>La variable &#8220;llista&#8221; es crea autom\u00e0ticament al crear la llista en el bloc &#8220;en iniciar&#8221;.<\/p>\n<p>2. En el bloc <strong>&#8220;en iniciar&#8221;\u00a0<\/strong><\/p>\n<p><a href=\"https:\/\/agora.xtec.cat\/ceipsesmondolo\/wp-content\/uploads\/usu311\/2025\/05\/iniciar.jpg\"><img loading=\"lazy\" decoding=\"async\" class=\"wp-image-10426 aligncenter\" src=\"https:\/\/agora.xtec.cat\/ceipsesmondolo\/wp-content\/uploads\/usu311\/2025\/05\/iniciar.jpg\" alt=\"\" width=\"253\" height=\"220\" srcset=\"https:\/\/agora.xtec.cat\/ceipsesmondolo\/wp-content\/uploads\/usu311\/2025\/05\/iniciar.jpg 757w, https:\/\/agora.xtec.cat\/ceipsesmondolo\/wp-content\/uploads\/usu311\/2025\/05\/iniciar-300x261.jpg 300w\" sizes=\"auto, (max-width: 253px) 100vw, 253px\" \/><\/a><\/p>\n<p>3. En l&#8217;esdeveniment d&#8217;entrada<strong> &#8220;Bot\u00f3 A&#8221;<\/strong><\/p>\n<p><a href=\"https:\/\/agora.xtec.cat\/ceipsesmondolo\/wp-content\/uploads\/usu311\/2025\/05\/Boto-A.jpg\"><br \/>\n<img loading=\"lazy\" decoding=\"async\" class=\"wp-image-10427 aligncenter\" src=\"https:\/\/agora.xtec.cat\/ceipsesmondolo\/wp-content\/uploads\/usu311\/2025\/05\/Boto-A-1024x953.jpg\" alt=\"\" width=\"430\" height=\"400\" srcset=\"https:\/\/agora.xtec.cat\/ceipsesmondolo\/wp-content\/uploads\/usu311\/2025\/05\/Boto-A-1024x953.jpg 1024w, https:\/\/agora.xtec.cat\/ceipsesmondolo\/wp-content\/uploads\/usu311\/2025\/05\/Boto-A-300x279.jpg 300w, https:\/\/agora.xtec.cat\/ceipsesmondolo\/wp-content\/uploads\/usu311\/2025\/05\/Boto-A-768x715.jpg 768w, https:\/\/agora.xtec.cat\/ceipsesmondolo\/wp-content\/uploads\/usu311\/2025\/05\/Boto-A.jpg 1252w\" sizes=\"auto, (max-width: 430px) 100vw, 430px\" \/><\/a><\/p>\n<p>4. En l&#8217;esdeveniment d&#8217;entrada<strong> &#8220;Bot\u00f3 B&#8221;<\/strong><\/p>\n<p><a href=\"https:\/\/agora.xtec.cat\/ceipsesmondolo\/wp-content\/uploads\/usu311\/2025\/05\/boto-B.jpg\"><img loading=\"lazy\" decoding=\"async\" class=\"wp-image-10428 aligncenter\" src=\"https:\/\/agora.xtec.cat\/ceipsesmondolo\/wp-content\/uploads\/usu311\/2025\/05\/boto-B-670x1024.jpg\" alt=\"\" width=\"420\" height=\"642\" srcset=\"https:\/\/agora.xtec.cat\/ceipsesmondolo\/wp-content\/uploads\/usu311\/2025\/05\/boto-B-670x1024.jpg 670w, https:\/\/agora.xtec.cat\/ceipsesmondolo\/wp-content\/uploads\/usu311\/2025\/05\/boto-B-196x300.jpg 196w, https:\/\/agora.xtec.cat\/ceipsesmondolo\/wp-content\/uploads\/usu311\/2025\/05\/boto-B-768x1174.jpg 768w, https:\/\/agora.xtec.cat\/ceipsesmondolo\/wp-content\/uploads\/usu311\/2025\/05\/boto-B.jpg 868w\" sizes=\"auto, (max-width: 420px) 100vw, 420px\" \/><\/a><\/p>\n<\/div>\n<\/div>\n<\/div>\n<\/div>\n<\/div>\n<\/div>\n<\/div>\n<\/div>\n<\/article>\n","protected":false},"excerpt":{"rendered":"<p>Les llistes en programaci\u00f3<br \/>\nEn programaci\u00f3, una llista \u00e9s com una caixa amb compartiments on podem guardar diferents valors, un darrere de l&#8217;altre. Cada valor ocupa un lloc concret dins la llista, i aquest lloc t\u00e9 un n\u00famero que anomenem \u00edndex.<br \/>\nImagina que tenim una prestatgeria amb&hellip;  <a href=\"https:\/\/agora.xtec.cat\/ceipsesmondolo\/steam\/microbit\/teoria-de-llistes\/\" title=\"Read Teoria de llistes\">Llegeix m\u00e9s\u00bb<\/a><\/p>\n","protected":false},"author":36,"featured_media":0,"parent":8960,"menu_order":200,"comment_status":"closed","ping_status":"closed","template":"page-templates\/side-menu.php","meta":{"_bbp_topic_count":0,"_bbp_reply_count":0,"_bbp_total_topic_count":0,"_bbp_total_reply_count":0,"_bbp_voice_count":0,"_bbp_anonymous_reply_count":0,"_bbp_topic_count_hidden":0,"_bbp_reply_count_hidden":0,"_bbp_forum_subforum_count":0,"footnotes":""},"class_list":["post-10419","page","type-page","status-publish","hentry"],"post_mailing_queue_ids":[],"_links":{"self":[{"href":"https:\/\/agora.xtec.cat\/ceipsesmondolo\/wp-json\/wp\/v2\/pages\/10419","targetHints":{"allow":["GET"]}}],"collection":[{"href":"https:\/\/agora.xtec.cat\/ceipsesmondolo\/wp-json\/wp\/v2\/pages"}],"about":[{"href":"https:\/\/agora.xtec.cat\/ceipsesmondolo\/wp-json\/wp\/v2\/types\/page"}],"author":[{"embeddable":true,"href":"https:\/\/agora.xtec.cat\/ceipsesmondolo\/wp-json\/wp\/v2\/users\/36"}],"replies":[{"embeddable":true,"href":"https:\/\/agora.xtec.cat\/ceipsesmondolo\/wp-json\/wp\/v2\/comments?post=10419"}],"version-history":[{"count":7,"href":"https:\/\/agora.xtec.cat\/ceipsesmondolo\/wp-json\/wp\/v2\/pages\/10419\/revisions"}],"predecessor-version":[{"id":10501,"href":"https:\/\/agora.xtec.cat\/ceipsesmondolo\/wp-json\/wp\/v2\/pages\/10419\/revisions\/10501"}],"up":[{"embeddable":true,"href":"https:\/\/agora.xtec.cat\/ceipsesmondolo\/wp-json\/wp\/v2\/pages\/8960"}],"wp:attachment":[{"href":"https:\/\/agora.xtec.cat\/ceipsesmondolo\/wp-json\/wp\/v2\/media?parent=10419"}],"curies":[{"name":"wp","href":"https:\/\/api.w.org\/{rel}","templated":true}]}}