{"id":4392,"date":"2022-10-24T16:54:30","date_gmt":"2022-10-24T14:54:30","guid":{"rendered":"https:\/\/agora.xtec.cat\/ceipserrallo\/?page_id=4392"},"modified":"2022-10-26T10:41:41","modified_gmt":"2022-10-26T08:41:41","slug":"afa","status":"publish","type":"page","link":"https:\/\/agora.xtec.cat\/ceipserrallo\/afa\/","title":{"rendered":"AFA"},"content":{"rendered":"<p><span style=\"font-weight: 400;\">Som fam\u00edlies que tenim <\/span><span style=\"font-weight: 400;\">inquietuds i veiem la <\/span><span style=\"font-weight: 400;\">necessitat de compartir amb <\/span><span style=\"font-weight: 400;\">els nostres fills\/es una part <\/span><span style=\"font-weight: 400;\">petita de la seva vida <\/span><span style=\"font-weight: 400;\">escolar.\u00a0 <\/span><span style=\"font-weight: 400;\">Per aix\u00f2 creiem en un AFA <\/span><span style=\"font-weight: 400;\">on la relaci\u00f3 Centre-Fam\u00edlia <\/span><span style=\"font-weight: 400;\">sigui propera i on cadasc\u00fa <\/span><span style=\"font-weight: 400;\">pugui aportar el seu granet <\/span><span style=\"font-weight: 400;\">de sorra.<\/span><\/p>\n<p><span style=\"font-weight: 400;\">El nostre AFA funciona per <\/span><span style=\"font-weight: 400;\">comissions, on cadascuna <\/span><span style=\"font-weight: 400;\">d&#8217;elles \u00e9s igual d&#8217;important i <\/span><span style=\"font-weight: 400;\">que estan sempre obertes a <\/span><span style=\"font-weight: 400;\">Fam\u00edlies que vulguin o puguin <\/span><span style=\"font-weight: 400;\">col\u00b7laborar, independentment del temps disponible.<\/span><\/p>\n<p><span style=\"font-weight: 400;\">Les principals activitats que <\/span><span style=\"font-weight: 400;\">realitzem des de les <\/span><span style=\"font-weight: 400;\">comissions s\u00f3n:<\/span><\/p>\n<p><span style=\"font-weight: 400;\">-Reciclatge de llibres<\/span><\/p>\n<p><span style=\"font-weight: 400;\">-Organitzaci\u00f3 d\u00b4extraescolars<\/span><\/p>\n<p><span style=\"font-weight: 400;\">-Menjador escolar<\/span><\/p>\n<p><span style=\"font-weight: 400;\">-Organitza activitats:<\/span><\/p>\n<ul style=\"list-style-type: disc;\">\n<li><span style=\"font-weight: 400;\">Xocolatada per Nadal<\/span><\/li>\n<li><span style=\"font-weight: 400;\">L\u2019arribada del Ti\u00f3 de Nadal<\/span><\/li>\n<li><span style=\"font-weight: 400;\">Servei d\u2019acollida<\/span><\/li>\n<li><span style=\"font-weight: 400;\">La festa de final de curs<\/span><\/li>\n<li><span style=\"font-weight: 400;\">Membres Fundadors de la <\/span><span style=\"font-weight: 400;\">Plataforma d\u00b4AMPES de Tarragona<\/span><\/li>\n<\/ul>\n","protected":false},"excerpt":{"rendered":"<p>Som fam\u00edlies que tenim inquietuds i veiem la necessitat de compartir amb els nostres fills\/es una part petita de la seva vida escolar.\u00a0 Per aix\u00f2 creiem en un AFA on la relaci\u00f3 Centre-Fam\u00edlia sigui propera i on cadasc\u00fa pugui aportar el seu granet de sorra. El nostre AFA funciona per comissions, on cadascuna d&#8217;elles \u00e9s [&hellip;]<\/p>\n","protected":false},"author":1,"featured_media":0,"parent":0,"menu_order":0,"comment_status":"closed","ping_status":"closed","template":"page-templates\/side-menu.php","meta":{"_bbp_topic_count":0,"_bbp_reply_count":0,"_bbp_total_topic_count":0,"_bbp_total_reply_count":0,"_bbp_voice_count":0,"_bbp_anonymous_reply_count":0,"_bbp_topic_count_hidden":0,"_bbp_reply_count_hidden":0,"_bbp_forum_subforum_count":0,"site-sidebar-layout":"default","site-content-layout":"","ast-site-content-layout":"","site-content-style":"default","site-sidebar-style":"default","ast-global-header-display":"","ast-banner-title-visibility":"","ast-main-header-display":"","ast-hfb-above-header-display":"","ast-hfb-below-header-display":"","ast-hfb-mobile-header-display":"","site-post-title":"","ast-breadcrumbs-content":"","ast-featured-img":"","footer-sml-layout":"","theme-transparent-header-meta":"","adv-header-id-meta":"","stick-header-meta":"","header-above-stick-meta":"","header-main-stick-meta":"","header-below-stick-meta":"","astra-migrate-meta-layouts":"default","ast-page-background-enabled":"default","ast-page-background-meta":{"desktop":{"background-color":"var(--ast-global-color-4)","background-image":"","background-repeat":"repeat","background-position":"center center","background-size":"auto","background-attachment":"scroll","background-type":"","background-media":"","overlay-type":"","overlay-color":"","overlay-opacity":"","overlay-gradient":""},"tablet":{"background-color":"","background-image":"","background-repeat":"repeat","background-position":"center center","background-size":"auto","background-attachment":"scroll","background-type":"","background-media":"","overlay-type":"","overlay-color":"","overlay-opacity":"","overlay-gradient":""},"mobile":{"background-color":"","background-image":"","background-repeat":"repeat","background-position":"center center","background-size":"auto","background-attachment":"scroll","background-type":"","background-media":"","overlay-type":"","overlay-color":"","overlay-opacity":"","overlay-gradient":""}},"ast-content-background-meta":{"desktop":{"background-color":"var(--ast-global-color-5)","background-image":"","background-repeat":"repeat","background-position":"center center","background-size":"auto","background-attachment":"scroll","background-type":"","background-media":"","overlay-type":"","overlay-color":"","overlay-opacity":"","overlay-gradient":""},"tablet":{"background-color":"var(--ast-global-color-5)","background-image":"","background-repeat":"repeat","background-position":"center center","background-size":"auto","background-attachment":"scroll","background-type":"","background-media":"","overlay-type":"","overlay-color":"","overlay-opacity":"","overlay-gradient":""},"mobile":{"background-color":"var(--ast-global-color-5)","background-image":"","background-repeat":"repeat","background-position":"center center","background-size":"auto","background-attachment":"scroll","background-type":"","background-media":"","overlay-type":"","overlay-color":"","overlay-opacity":"","overlay-gradient":""}},"footnotes":""},"class_list":["post-4392","page","type-page","status-publish","hentry"],"post_mailing_queue_ids":[],"_links":{"self":[{"href":"https:\/\/agora.xtec.cat\/ceipserrallo\/wp-json\/wp\/v2\/pages\/4392","targetHints":{"allow":["GET"]}}],"collection":[{"href":"https:\/\/agora.xtec.cat\/ceipserrallo\/wp-json\/wp\/v2\/pages"}],"about":[{"href":"https:\/\/agora.xtec.cat\/ceipserrallo\/wp-json\/wp\/v2\/types\/page"}],"author":[{"embeddable":true,"href":"https:\/\/agora.xtec.cat\/ceipserrallo\/wp-json\/wp\/v2\/users\/1"}],"replies":[{"embeddable":true,"href":"https:\/\/agora.xtec.cat\/ceipserrallo\/wp-json\/wp\/v2\/comments?post=4392"}],"version-history":[{"count":3,"href":"https:\/\/agora.xtec.cat\/ceipserrallo\/wp-json\/wp\/v2\/pages\/4392\/revisions"}],"predecessor-version":[{"id":4420,"href":"https:\/\/agora.xtec.cat\/ceipserrallo\/wp-json\/wp\/v2\/pages\/4392\/revisions\/4420"}],"wp:attachment":[{"href":"https:\/\/agora.xtec.cat\/ceipserrallo\/wp-json\/wp\/v2\/media?parent=4392"}],"curies":[{"name":"wp","href":"https:\/\/api.w.org\/{rel}","templated":true}]}}