{"id":28,"date":"2014-09-18T12:29:35","date_gmt":"2014-09-18T11:29:35","guid":{"rendered":"http:\/\/agora.xtec.cat\/ceipserraihunter\/?page_id=28"},"modified":"2024-02-27T12:19:31","modified_gmt":"2024-02-27T11:19:31","slug":"consell-escolar","status":"publish","type":"page","link":"https:\/\/agora.xtec.cat\/ceipserraihunter\/lescola\/consell-escolar\/","title":{"rendered":"Consell escolar"},"content":{"rendered":"<p><a href=\"http:\/\/agora.xtec.cat\/ceipserraihunter\/wp-content\/uploads\/usu1493\/2014\/09\/participa.png\"><img loading=\"lazy\" decoding=\"async\" class=\"size-full wp-image-498 aligncenter\" src=\"http:\/\/agora.xtec.cat\/ceipserraihunter\/wp-content\/uploads\/usu1493\/2014\/09\/participa.png\" alt=\"participa\" width=\"268\" height=\"188\" \/><\/a><\/p>\n<p>El consell escolar del centre \u00e9s l&#8217;\u00f2rgan col\u00b7legiat de participaci\u00f3 de la comunitat escolar en el govern del centre.<\/p>\n<p>Actualment s\u00f3n membres del consell escolar:<\/p>\n<p><strong>Directora:<\/strong> Anna M\u00aa Torra<\/p>\n<p><strong>Cap d&#8217;estudis:<\/strong> Llu\u00efsa Mart\u00ednez<\/p>\n<p><strong>Secretaria:<\/strong> Remei Belmonte<\/p>\n<p><strong>Representants del sector mestres:<\/strong> N\u00faria Diaz, David Henestrosa, Ana M\u00aa Hern\u00e1ndez, Gl\u00f2ria P\u00e1ez, Ver\u00f2nica Hern\u00e1ndez, Eul\u00e0lia Sala,<\/p>\n<p><strong>Representants del sector pares i mares:<\/strong> Alexandra G\u00f3mez, Angeles Guerra, Fatima Zohra, Judit Moya, Merc\u00e8 Genobart, Montserrat Rodr\u00edguez<\/p>\n<p><strong>Representants de l&#8217;Ajuntament: <\/strong>Pol Huguet<\/p>\n<p><strong>Representants pel PAS:<\/strong> Vanesa Ba\u00f1os<\/p>\n<p><strong>Representant pel PAE:\u00a0<\/strong>N\u00faria Mesalles<\/p>\n<p>&nbsp;<\/p>\n<p>&nbsp;<\/p>\n<p>&nbsp;<\/p>\n","protected":false},"excerpt":{"rendered":"<p><a href=\"http:\/\/agora.xtec.cat\/ceipserraihunter\/wp-content\/uploads\/usu1493\/2014\/09\/participa.png\"><\/a><br \/>\nEl consell escolar del centre \u00e9s l&#8217;\u00f2rgan col\u00b7legiat de participaci\u00f3 de la comunitat escolar en el govern del centre.<br \/>\nActualment s\u00f3n membres del consell escolar:<br \/>\nDirectora: Anna M\u00aa Torra<br \/>\nCap d&#8217;estudis: Llu\u00efsa Mart\u00ednez<br \/>\nSecretaria: Remei Belmonte<br \/>\nRepresentants del sector mestres: N\u00faria Diaz, David Henestrosa, Ana M\u00aa Hern\u00e1ndez, Gl\u00f2ria P\u00e1ez,&hellip;  <a href=\"https:\/\/agora.xtec.cat\/ceipserraihunter\/lescola\/consell-escolar\/\" title=\"Read Consell escolar\">Llegeix m\u00e9s\u00bb<\/a><\/p>\n","protected":false},"author":1,"featured_media":496,"parent":22,"menu_order":30,"comment_status":"closed","ping_status":"closed","template":"page-templates\/side-menu.php","meta":{"_bbp_topic_count":0,"_bbp_reply_count":0,"_bbp_total_topic_count":0,"_bbp_total_reply_count":0,"_bbp_voice_count":0,"_bbp_anonymous_reply_count":0,"_bbp_topic_count_hidden":0,"_bbp_reply_count_hidden":0,"_bbp_forum_subforum_count":0,"footnotes":""},"class_list":["post-28","page","type-page","status-publish","has-post-thumbnail","hentry"],"post_mailing_queue_ids":[],"_links":{"self":[{"href":"https:\/\/agora.xtec.cat\/ceipserraihunter\/wp-json\/wp\/v2\/pages\/28","targetHints":{"allow":["GET"]}}],"collection":[{"href":"https:\/\/agora.xtec.cat\/ceipserraihunter\/wp-json\/wp\/v2\/pages"}],"about":[{"href":"https:\/\/agora.xtec.cat\/ceipserraihunter\/wp-json\/wp\/v2\/types\/page"}],"author":[{"embeddable":true,"href":"https:\/\/agora.xtec.cat\/ceipserraihunter\/wp-json\/wp\/v2\/users\/1"}],"replies":[{"embeddable":true,"href":"https:\/\/agora.xtec.cat\/ceipserraihunter\/wp-json\/wp\/v2\/comments?post=28"}],"version-history":[{"count":5,"href":"https:\/\/agora.xtec.cat\/ceipserraihunter\/wp-json\/wp\/v2\/pages\/28\/revisions"}],"predecessor-version":[{"id":6500,"href":"https:\/\/agora.xtec.cat\/ceipserraihunter\/wp-json\/wp\/v2\/pages\/28\/revisions\/6500"}],"up":[{"embeddable":true,"href":"https:\/\/agora.xtec.cat\/ceipserraihunter\/wp-json\/wp\/v2\/pages\/22"}],"wp:featuredmedia":[{"embeddable":true,"href":"https:\/\/agora.xtec.cat\/ceipserraihunter\/wp-json\/wp\/v2\/media\/496"}],"wp:attachment":[{"href":"https:\/\/agora.xtec.cat\/ceipserraihunter\/wp-json\/wp\/v2\/media?parent=28"}],"curies":[{"name":"wp","href":"https:\/\/api.w.org\/{rel}","templated":true}]}}