{"id":6879,"date":"2026-04-05T08:27:47","date_gmt":"2026-04-05T06:27:47","guid":{"rendered":"https:\/\/agora.xtec.cat\/ceipsentfores\/?page_id=6879"},"modified":"2026-04-05T08:33:03","modified_gmt":"2026-04-05T06:33:03","slug":"menjador-escolar-2","status":"publish","type":"page","link":"https:\/\/agora.xtec.cat\/ceipsentfores\/qui-som-a-la-xarranca-2\/menjador-escolar-2\/","title":{"rendered":"Menjador Escolar"},"content":{"rendered":"\n<figure class=\"wp-block-image alignleft\"><img loading=\"lazy\" decoding=\"async\" width=\"300\" height=\"225\" src=\"https:\/\/agora.xtec.cat\/ceipsentfores\/wp-content\/uploads\/usu1701\/2026\/02\/IMG_6312-1-1-300x225.jpg\" alt=\"\" class=\"wp-image-6478\" srcset=\"https:\/\/agora.xtec.cat\/ceipsentfores\/wp-content\/uploads\/usu1701\/2026\/02\/IMG_6312-1-1-300x225.jpg 300w, https:\/\/agora.xtec.cat\/ceipsentfores\/wp-content\/uploads\/usu1701\/2026\/02\/IMG_6312-1-1-1024x768.jpg 1024w, https:\/\/agora.xtec.cat\/ceipsentfores\/wp-content\/uploads\/usu1701\/2026\/02\/IMG_6312-1-1-768x576.jpg 768w, https:\/\/agora.xtec.cat\/ceipsentfores\/wp-content\/uploads\/usu1701\/2026\/02\/IMG_6312-1-1-1536x1152.jpg 1536w, https:\/\/agora.xtec.cat\/ceipsentfores\/wp-content\/uploads\/usu1701\/2026\/02\/IMG_6312-1-1-2048x1536.jpg 2048w\" sizes=\"auto, (max-width: 300px) 100vw, 300px\" \/><\/figure>\n\n\n\n<p><strong>Altes, baixes i abs\u00e8ncies<\/strong><br>El servei de menjador est\u00e0 obert a tot l\u2019alumnat del CEIP Sentfores.<\/p>\n\n\n\n<p>Segons les necessitats de les fam\u00edlies, es pot fer \u00fas del menjador:<\/p>\n\n\n\n<p>\u2013 En condici\u00f3 de <strong>fix\/a<\/strong> \u2013 Nens o nenes que dinen a l\u2019escola cada dia, i que en el cas en qu\u00e8 no hi assisteixin, encara que sigui per causa justificada, fan front al pagament de la quota establerta per a les abs\u00e8ncies justificades, i que, per tant, contribueixen al sosteniment dels costos de l\u2019estructura fixa del servei.<br>-En condici\u00f3 d\u2019<strong>eventual<\/strong> \u2013 Nens o nenes que quan no assisteixen al menjador, no fan front al pagament de la quota establerta per a les abs\u00e8ncies justificades, i que, per tant, no contribueixen al sosteniment dels costos de l\u2019estructura fixa del servei.<\/p>\n\n\n\n<p>Una fam\u00edlia pot donar-se d\u2019alta del servei de menjador en qualsevol moment, al llarg del curs, sempre que formalitzi la inscripci\u00f3 i ho faci amb suficient antelaci\u00f3.<br>Igualment, les fam\u00edlies poden donar-se de baixa d\u2019aquest servei en qualsevol moment. La baixa es fa efectiva quan s\u2019ha comunicat formalment a la coordinadora de menjador. Es recomana fer-ho amb suficient antelaci\u00f3.<\/p>\n\n\n\n<figure class=\"wp-block-image alignright\"><img loading=\"lazy\" decoding=\"async\" width=\"300\" height=\"225\" src=\"https:\/\/agora.xtec.cat\/ceipsentfores\/wp-content\/uploads\/usu1701\/2026\/02\/IMG_6336-1-300x225.jpg\" alt=\"\" class=\"wp-image-6505\" srcset=\"https:\/\/agora.xtec.cat\/ceipsentfores\/wp-content\/uploads\/usu1701\/2026\/02\/IMG_6336-1-300x225.jpg 300w, https:\/\/agora.xtec.cat\/ceipsentfores\/wp-content\/uploads\/usu1701\/2026\/02\/IMG_6336-1-1024x768.jpg 1024w, https:\/\/agora.xtec.cat\/ceipsentfores\/wp-content\/uploads\/usu1701\/2026\/02\/IMG_6336-1-768x576.jpg 768w, https:\/\/agora.xtec.cat\/ceipsentfores\/wp-content\/uploads\/usu1701\/2026\/02\/IMG_6336-1-1536x1152.jpg 1536w, https:\/\/agora.xtec.cat\/ceipsentfores\/wp-content\/uploads\/usu1701\/2026\/02\/IMG_6336-1-2048x1536.jpg 2048w\" sizes=\"auto, (max-width: 300px) 100vw, 300px\" \/><\/figure>\n\n\n\n<p>Si heu de fer \u00fas del menjador de manera espor\u00e0dica, \u00e9s molt important seguir les seg\u00fcents normes:<br>\u2013 Informar a la tutora el dia en qu\u00e8 teniu previst que el vostre fill\/a es quedi a dinar a l\u2019escola.<br>\u2013 Posar-vos d\u2019acord amb la Fina Crusellas , coordinadora del servei, per concretar la forma de cobrament del cost del servei.<\/p>\n\n\n\n<p>Pel que fa a les abs\u00e8ncies, considerem que s\u00f3n justificades:<br>\u2013 els dies en qu\u00e8 la mainada va d\u2019excursi\u00f3 o de col\u00f2nies.<br>\u2013 els dies en qu\u00e8 un nen o nena \u00e9s baixa del servei per motius diversos (malaltia, vacances familiars o altres q\u00fcestions) i la fam\u00edlia ho comunica amb suficient antelaci\u00f3 a la tutora o a la coordinadora de menjador.<\/p>\n\n\n\n<ul class=\"wp-block-list\">\n<li>Tel. La Xarranca: 649 18 50 07<\/li>\n\n\n\n<li>e-mail la Xarranca: laxarranca@gmail.com<\/li>\n\n\n\n<li>Instagram: @laxarrancasccl<\/li>\n<\/ul>\n\n\n\n<p>Els preus del menjador son els seg\u00fcents:<\/p>\n\n\n\n<figure class=\"wp-block-table\"><table class=\"has-fixed-layout\"><tbody><tr><td>Tipus de men\u00fas<\/td><td>Preu men\u00fa\/dia<\/td><\/tr><tr><td>Nens\/es fixos<\/td><td>7 \u20ac\/dia<\/td><\/tr><tr><td>Nens\/es eventuals<\/td><td>7,60 \u20ac\/dia<\/td><\/tr><tr><td>Abs\u00e8ncies justificades<\/td><td>4,50 \u20ac\/dia<\/td><\/tr><\/tbody><\/table><\/figure>\n\n\n\n<p>En el cas dels nens\/es que es queden a dinar a l\u2019escola en condici\u00f3 de fixes, el cobrament dels rebuts es far\u00e0 mitjan\u00e7ant domiciliaci\u00f3 banc\u00e0ria. Els rebuts es giraran entre el dia 1 i 5 de cada mes.<\/p>\n\n\n\n<p>Els nens i nenes que es queden a dinar a l\u2019escola han de portar el seg\u00fcent material:<br>\u2013 Una manta o sac de dormir (els nens i nenes de I3)<br>\u2013 Un necesser amb raspall de dents i dentifrici (qui cregui convenient)<\/p>\n\n\n\n<p>Organitzaci\u00f3 dels torns:<\/p>\n\n\n\n<ul class=\"wp-block-list\">\n<li><strong>Primer<\/strong> torn: els infants d\u2019infantil van a les 12:30\u202fh del migdia. Els alumnes d\u2019I3 fan descans i els alumnes I4 i I5 fan una estona de relaxaci\u00f3 a la classe.<\/li>\n\n\n\n<li><strong>Segon<\/strong> torn: els infants de cicle inicial i mitj\u00e0 van a les 13:15\u202fh al menjador.<\/li>\n\n\n\n<li><strong>Tercer<\/strong> torn: els infants de cicle superior comencen al voltant de les 14\u202fh del migdia.<\/li>\n<\/ul>\n\n\n\n<p>Durant la franja hor\u00e0ria de menjador, de 13\u202fh a 15\u202fh, les monitores acompanyen en tot moment les activitats dels alumnes ( migdiada, descans, esbarjo, joc dirigit, manualitats \u2026)<\/p>\n","protected":false},"excerpt":{"rendered":"<p>Altes, baixes i abs\u00e8nciesEl servei de menjador est\u00e0 obert a tot l\u2019alumnat del CEIP Sentfores. Segons les necessitats de les fam\u00edlies, es pot fer \u00fas del menjador: \u2013 En condici\u00f3 de fix\/a \u2013 Nens o nenes que dinen a l\u2019escola cada dia, i que en el cas en qu\u00e8 no hi assisteixin, encara que sigui [&hellip;]<\/p>\n","protected":false},"author":11,"featured_media":0,"parent":6875,"menu_order":1,"comment_status":"closed","ping_status":"close","template":"","meta":{"_bbp_topic_count":0,"_bbp_reply_count":0,"_bbp_total_topic_count":0,"_bbp_total_reply_count":0,"_bbp_voice_count":0,"_bbp_anonymous_reply_count":0,"_bbp_topic_count_hidden":0,"_bbp_reply_count_hidden":0,"_bbp_forum_subforum_count":0,"site-sidebar-layout":"default","site-content-layout":"","ast-site-content-layout":"default","site-content-style":"default","site-sidebar-style":"default","ast-global-header-display":"","ast-banner-title-visibility":"","ast-main-header-display":"","ast-hfb-above-header-display":"","ast-hfb-below-header-display":"","ast-hfb-mobile-header-display":"","site-post-title":"","ast-breadcrumbs-content":"","ast-featured-img":"","footer-sml-layout":"","theme-transparent-header-meta":"","adv-header-id-meta":"","stick-header-meta":"","header-above-stick-meta":"","header-main-stick-meta":"","header-below-stick-meta":"","astra-migrate-meta-layouts":"set","ast-page-background-enabled":"default","ast-page-background-meta":{"desktop":{"background-color":"var(--ast-global-color-4)","background-image":"","background-repeat":"repeat","background-position":"center center","background-size":"auto","background-attachment":"scroll","background-type":"","background-media":"","overlay-type":"","overlay-color":"","overlay-opacity":"","overlay-gradient":""},"tablet":{"background-color":"","background-image":"","background-repeat":"repeat","background-position":"center center","background-size":"auto","background-attachment":"scroll","background-type":"","background-media":"","overlay-type":"","overlay-color":"","overlay-opacity":"","overlay-gradient":""},"mobile":{"background-color":"","background-image":"","background-repeat":"repeat","background-position":"center center","background-size":"auto","background-attachment":"scroll","background-type":"","background-media":"","overlay-type":"","overlay-color":"","overlay-opacity":"","overlay-gradient":""}},"ast-content-background-meta":{"desktop":{"background-color":"var(--ast-global-color-5)","background-image":"","background-repeat":"repeat","background-position":"center center","background-size":"auto","background-attachment":"scroll","background-type":"","background-media":"","overlay-type":"","overlay-color":"","overlay-opacity":"","overlay-gradient":""},"tablet":{"background-color":"var(--ast-global-color-5)","background-image":"","background-repeat":"repeat","background-position":"center center","background-size":"auto","background-attachment":"scroll","background-type":"","background-media":"","overlay-type":"","overlay-color":"","overlay-opacity":"","overlay-gradient":""},"mobile":{"background-color":"var(--ast-global-color-5)","background-image":"","background-repeat":"repeat","background-position":"center center","background-size":"auto","background-attachment":"scroll","background-type":"","background-media":"","overlay-type":"","overlay-color":"","overlay-opacity":"","overlay-gradient":""}},"footnotes":""},"class_list":["post-6879","page","type-page","status-publish","hentry"],"post_mailing_queue_ids":[],"_links":{"self":[{"href":"https:\/\/agora.xtec.cat\/ceipsentfores\/wp-json\/wp\/v2\/pages\/6879","targetHints":{"allow":["GET"]}}],"collection":[{"href":"https:\/\/agora.xtec.cat\/ceipsentfores\/wp-json\/wp\/v2\/pages"}],"about":[{"href":"https:\/\/agora.xtec.cat\/ceipsentfores\/wp-json\/wp\/v2\/types\/page"}],"author":[{"embeddable":true,"href":"https:\/\/agora.xtec.cat\/ceipsentfores\/wp-json\/wp\/v2\/users\/11"}],"replies":[{"embeddable":true,"href":"https:\/\/agora.xtec.cat\/ceipsentfores\/wp-json\/wp\/v2\/comments?post=6879"}],"version-history":[{"count":4,"href":"https:\/\/agora.xtec.cat\/ceipsentfores\/wp-json\/wp\/v2\/pages\/6879\/revisions"}],"predecessor-version":[{"id":6885,"href":"https:\/\/agora.xtec.cat\/ceipsentfores\/wp-json\/wp\/v2\/pages\/6879\/revisions\/6885"}],"up":[{"embeddable":true,"href":"https:\/\/agora.xtec.cat\/ceipsentfores\/wp-json\/wp\/v2\/pages\/6875"}],"wp:attachment":[{"href":"https:\/\/agora.xtec.cat\/ceipsentfores\/wp-json\/wp\/v2\/media?parent=6879"}],"curies":[{"name":"wp","href":"https:\/\/api.w.org\/{rel}","templated":true}]}}