{"id":6829,"date":"2026-04-04T14:26:43","date_gmt":"2026-04-04T12:26:43","guid":{"rendered":"https:\/\/agora.xtec.cat\/ceipsentfores\/?page_id=6829"},"modified":"2026-04-04T16:30:32","modified_gmt":"2026-04-04T14:30:32","slug":"pla-de-funcionament-del-transport-escolar","status":"publish","type":"page","link":"https:\/\/agora.xtec.cat\/ceipsentfores\/transport-escolar-2\/pla-de-funcionament-del-transport-escolar\/","title":{"rendered":"Pla de funcionament del transport escolar"},"content":{"rendered":"\n<p>El servei de transport escolar t\u00e9 com a finalitat garantir el despla\u00e7ament de l\u2019alumnat de prim\u00e0ria i ESO que ha de ser escolaritzat fora del seu municipi, en els centres p\u00fablics o d\u2019educaci\u00f3 especial establerts pel Departament d\u2019Educaci\u00f3.<\/p>\n\n\n\n<p>El pla de funcionament tamb\u00e9 defineix els protocols de control d\u2019entrada i sortida, el seguiment de l\u2019alumnat usuari i els procediments d\u2019actuaci\u00f3 davant incid\u00e8ncies greus, incloent-hi els canals de comunicaci\u00f3 i els responsables de cada fase.<\/p>\n\n\n\n<div class=\"wp-block-buttons is-layout-flex wp-block-buttons-is-layout-flex\">\n<div class=\"wp-block-button\"><a class=\"wp-block-button__link wp-element-button\" href=\"https:\/\/agora.xtec.cat\/ceipsentfores\/wp-content\/uploads\/usu1701\/2025\/11\/Pla_funcionament_transport_escolar_modificat_Sentfores_25-26.pdf\" target=\"_blank\" rel=\"noreferrer noopener\">Consulta aqu\u00ed el pla<\/a><\/div>\n<\/div>\n\n\n\n<p><\/p>\n","protected":false},"excerpt":{"rendered":"<p>El servei de transport escolar t\u00e9 com a finalitat garantir el despla\u00e7ament de l\u2019alumnat de prim\u00e0ria i ESO que ha de ser escolaritzat fora del seu municipi, en els centres p\u00fablics o d\u2019educaci\u00f3 especial establerts pel Departament d\u2019Educaci\u00f3. El pla de funcionament tamb\u00e9 defineix els protocols de control d\u2019entrada i sortida, el seguiment de l\u2019alumnat [&hellip;]<\/p>\n","protected":false},"author":11,"featured_media":0,"parent":6860,"menu_order":3,"comment_status":"closed","ping_status":"close","template":"","meta":{"_bbp_topic_count":0,"_bbp_reply_count":0,"_bbp_total_topic_count":0,"_bbp_total_reply_count":0,"_bbp_voice_count":0,"_bbp_anonymous_reply_count":0,"_bbp_topic_count_hidden":0,"_bbp_reply_count_hidden":0,"_bbp_forum_subforum_count":0,"site-sidebar-layout":"default","site-content-layout":"","ast-site-content-layout":"default","site-content-style":"default","site-sidebar-style":"default","ast-global-header-display":"","ast-banner-title-visibility":"","ast-main-header-display":"","ast-hfb-above-header-display":"","ast-hfb-below-header-display":"","ast-hfb-mobile-header-display":"","site-post-title":"","ast-breadcrumbs-content":"","ast-featured-img":"","footer-sml-layout":"","theme-transparent-header-meta":"","adv-header-id-meta":"","stick-header-meta":"","header-above-stick-meta":"","header-main-stick-meta":"","header-below-stick-meta":"","astra-migrate-meta-layouts":"set","ast-page-background-enabled":"default","ast-page-background-meta":{"desktop":{"background-color":"var(--ast-global-color-4)","background-image":"","background-repeat":"repeat","background-position":"center center","background-size":"auto","background-attachment":"scroll","background-type":"","background-media":"","overlay-type":"","overlay-color":"","overlay-opacity":"","overlay-gradient":""},"tablet":{"background-color":"","background-image":"","background-repeat":"repeat","background-position":"center center","background-size":"auto","background-attachment":"scroll","background-type":"","background-media":"","overlay-type":"","overlay-color":"","overlay-opacity":"","overlay-gradient":""},"mobile":{"background-color":"","background-image":"","background-repeat":"repeat","background-position":"center center","background-size":"auto","background-attachment":"scroll","background-type":"","background-media":"","overlay-type":"","overlay-color":"","overlay-opacity":"","overlay-gradient":""}},"ast-content-background-meta":{"desktop":{"background-color":"var(--ast-global-color-5)","background-image":"","background-repeat":"repeat","background-position":"center center","background-size":"auto","background-attachment":"scroll","background-type":"","background-media":"","overlay-type":"","overlay-color":"","overlay-opacity":"","overlay-gradient":""},"tablet":{"background-color":"var(--ast-global-color-5)","background-image":"","background-repeat":"repeat","background-position":"center center","background-size":"auto","background-attachment":"scroll","background-type":"","background-media":"","overlay-type":"","overlay-color":"","overlay-opacity":"","overlay-gradient":""},"mobile":{"background-color":"var(--ast-global-color-5)","background-image":"","background-repeat":"repeat","background-position":"center center","background-size":"auto","background-attachment":"scroll","background-type":"","background-media":"","overlay-type":"","overlay-color":"","overlay-opacity":"","overlay-gradient":""}},"footnotes":""},"class_list":["post-6829","page","type-page","status-publish","hentry"],"post_mailing_queue_ids":[],"_links":{"self":[{"href":"https:\/\/agora.xtec.cat\/ceipsentfores\/wp-json\/wp\/v2\/pages\/6829","targetHints":{"allow":["GET"]}}],"collection":[{"href":"https:\/\/agora.xtec.cat\/ceipsentfores\/wp-json\/wp\/v2\/pages"}],"about":[{"href":"https:\/\/agora.xtec.cat\/ceipsentfores\/wp-json\/wp\/v2\/types\/page"}],"author":[{"embeddable":true,"href":"https:\/\/agora.xtec.cat\/ceipsentfores\/wp-json\/wp\/v2\/users\/11"}],"replies":[{"embeddable":true,"href":"https:\/\/agora.xtec.cat\/ceipsentfores\/wp-json\/wp\/v2\/comments?post=6829"}],"version-history":[{"count":2,"href":"https:\/\/agora.xtec.cat\/ceipsentfores\/wp-json\/wp\/v2\/pages\/6829\/revisions"}],"predecessor-version":[{"id":6839,"href":"https:\/\/agora.xtec.cat\/ceipsentfores\/wp-json\/wp\/v2\/pages\/6829\/revisions\/6839"}],"up":[{"embeddable":true,"href":"https:\/\/agora.xtec.cat\/ceipsentfores\/wp-json\/wp\/v2\/pages\/6860"}],"wp:attachment":[{"href":"https:\/\/agora.xtec.cat\/ceipsentfores\/wp-json\/wp\/v2\/media?parent=6829"}],"curies":[{"name":"wp","href":"https:\/\/api.w.org\/{rel}","templated":true}]}}