{"id":28,"date":"2014-09-18T12:29:35","date_gmt":"2014-09-18T11:29:35","guid":{"rendered":"http:\/\/agora.xtec.cat\/ceipsentfores\/?page_id=28"},"modified":"2026-03-13T14:23:08","modified_gmt":"2026-03-13T13:23:08","slug":"consell-escolar","status":"publish","type":"page","link":"https:\/\/agora.xtec.cat\/ceipsentfores\/lescola\/consell-escolar\/","title":{"rendered":"Consell escolar"},"content":{"rendered":"<h1><a name=\"_Toc432664465\"><\/a><span lang=\"CA\">COMPOSICI\u00d3 DEL CONSELL ESCOLA<\/span><span lang=\"CA\">R<\/span><\/h1>\n<table style=\"height: 451px; width: 44.8801%;\" width=\"586\">\n<tbody>\n<tr style=\"height: 55px;\">\n<td style=\"width: 52.2727%; height: 36px;\"><strong>Presidenta<\/strong><\/td>\n<td style=\"width: 53.5714%; height: 36px;\">Elena Montells<\/td>\n<\/tr>\n<tr style=\"height: 55px;\">\n<td style=\"width: 52.2727%; height: 28px;\"><strong>Secret\u00e0ria<\/strong><\/td>\n<td style=\"width: 53.5714%; height: 28px;\">Gemma Fabregat<\/td>\n<\/tr>\n<tr style=\"height: 55px;\">\n<td style=\"width: 52.2727%; height: 28px;\"><strong>Cap d\u2019Estudis<\/strong><\/td>\n<td style=\"width: 53.5714%; height: 28px;\">Ester Torras<\/td>\n<\/tr>\n<tr style=\"height: 55px;\">\n<td style=\"width: 52.2727%; height: 31px;\"><strong>Representant de l\u2019Ajuntament<\/strong><\/td>\n<td style=\"width: 53.5714%; height: 31px;\">Bet Franquesa<\/td>\n<\/tr>\n<tr style=\"height: 55px;\">\n<td style=\"width: 52.2727%; height: 18px;\"><strong>Representant de l\u2019AFA<\/strong><\/td>\n<td style=\"width: 53.5714%; height: 18px;\">Vanesa Vil\u00e0<\/td>\n<\/tr>\n<tr style=\"height: 55px;\">\n<td style=\"width: 52.2727%; height: 151px;\" rowspan=\"5\"><strong>\u00a0<\/strong><strong>Representants Sector Fam\u00edlies<\/strong><\/td>\n<td style=\"width: 53.5714%; height: 37px;\">Anna Gonz\u00e1lez<\/td>\n<\/tr>\n<tr style=\"height: 55px;\">\n<td style=\"width: 53.5714%; height: 38px;\">Cristina Ti\u00f3<\/td>\n<\/tr>\n<tr style=\"height: 55px;\">\n<td style=\"width: 53.5714%; height: 36px;\">Cristina Bruch<\/td>\n<\/tr>\n<tr style=\"height: 55px;\">\n<td style=\"width: 53.5714%; height: 30px;\">Jordi Casas<\/td>\n<\/tr>\n<tr style=\"height: 31px;\">\n<td style=\"width: 53.5714%; height: 10px;\">S\u00edlvia de la Osa<\/td>\n<\/tr>\n<tr style=\"height: 55px;\">\n<td style=\"width: 52.2727%; height: 138px;\" rowspan=\"6\">\n<h3><\/h3>\n<p><strong>Representants Sector Mestres<\/strong><\/td>\n<td style=\"width: 53.5714%; height: 29px;\">Salvador Bosch<\/td>\n<\/tr>\n<tr style=\"height: 55px;\">\n<td style=\"width: 53.5714%; height: 34px;\">Deli Rodr\u00edguez<\/td>\n<\/tr>\n<tr style=\"height: 55px;\">\n<td style=\"width: 53.5714%; height: 16px;\">Xevi Roura<\/td>\n<\/tr>\n<tr style=\"height: 55px;\">\n<td style=\"width: 53.5714%; height: 17px;\">S\u00edlvia Torruella<\/td>\n<\/tr>\n<tr style=\"height: 55px;\">\n<td style=\"width: 53.5714%; height: 17px;\">Jordina Riu<\/td>\n<\/tr>\n<tr style=\"height: 60px;\">\n<td style=\"width: 53.5714%; height: 25px;\">Anna Serra<\/td>\n<\/tr>\n<tr style=\"height: 21px;\">\n<td style=\"width: 52.2727%; height: 21px;\"><strong>Representant Sector PAS<\/strong><\/td>\n<td style=\"width: 53.5714%; height: 21px;\">Annabel Gonz\u00e1lez<\/td>\n<\/tr>\n<\/tbody>\n<\/table>\n<p>Comissi\u00f3 permanent<\/p>\n<table style=\"width: 624.428px;\">\n<tbody>\n<tr>\n<td style=\"width: 288px;\" width=\"288\"><strong>Presidenta<\/strong><\/td>\n<td style=\"width: 336.428px; height: 36px;\">Elena Montells<\/td>\n<\/tr>\n<tr>\n<td style=\"width: 288px;\" width=\"288\"><strong>Secret\u00e0ria<\/strong><\/td>\n<td style=\"width: 336.428px; height: 28px;\">Gemma Fabregat<\/td>\n<\/tr>\n<tr>\n<td style=\"width: 288px;\" width=\"288\"><strong>Cap d\u2019Estudis<\/strong><\/td>\n<td style=\"width: 336.428px; height: 28px;\">Ester Torras<\/td>\n<\/tr>\n<tr>\n<td style=\"width: 288px;\" width=\"288\"><strong>Representant de Mestres<\/strong><\/td>\n<td style=\"width: 336.428px;\" width=\"290\">Deli Rodr\u00edguez<\/td>\n<\/tr>\n<tr>\n<td style=\"width: 288px;\" width=\"288\"><strong>Representant de Fam\u00edlies<\/strong><\/td>\n<td style=\"width: 336.428px;\" width=\"290\">Jordi Casas<\/td>\n<\/tr>\n<\/tbody>\n<\/table>\n<p>Comissi\u00f3 econ\u00f2mica<\/p>\n<table style=\"width: 597px;\">\n<tbody>\n<tr>\n<td style=\"width: 288px;\" width=\"288\"><strong>Presidenta<\/strong><\/td>\n<td style=\"width: 309px; height: 36px;\">Elena Montells<\/td>\n<\/tr>\n<tr>\n<td style=\"width: 288px;\" width=\"288\"><strong>Secret\u00e0ria<\/strong><\/td>\n<td style=\"width: 309px; height: 28px;\">Gemma Fabregat<\/td>\n<\/tr>\n<tr>\n<td style=\"width: 288px;\" width=\"288\"><strong>Cap d&#8217;Estudis<\/strong><\/td>\n<td style=\"width: 309px;\" width=\"290\">Ester Torras<\/td>\n<\/tr>\n<tr>\n<td style=\"width: 288px;\" width=\"288\"><strong>Representant de Fam\u00edlies<\/strong><\/td>\n<td style=\"width: 309px;\" width=\"290\">Cristina Bruch<\/td>\n<\/tr>\n<tr>\n<td style=\"width: 288px;\" width=\"288\"><strong>Representant dels Mestres<\/strong><\/td>\n<td style=\"width: 309px;\" width=\"290\">Xevi Roura<\/td>\n<\/tr>\n<\/tbody>\n<\/table>\n<p>Comissi\u00f3 de conviv\u00e8ncia<\/p>\n<table style=\"width: 574.643px;\" width=\"578\">\n<tbody>\n<tr>\n<td style=\"width: 265px;\" width=\"288\"><strong>Presidenta<\/strong><\/td>\n<td style=\"width: 309.643px; height: 36px;\">Elena Montells<\/td>\n<\/tr>\n<tr>\n<td style=\"width: 265px;\" width=\"288\"><strong>Secret\u00e0ria<\/strong><\/td>\n<td style=\"width: 309.643px; height: 28px;\">Gemma Fabregat<\/td>\n<\/tr>\n<tr>\n<td style=\"width: 265px;\" width=\"288\"><strong>Cap d\u2019Estudis<\/strong><\/td>\n<td style=\"width: 309.643px; height: 28px;\">Ester Torras<\/td>\n<\/tr>\n<tr>\n<td style=\"width: 265px;\" rowspan=\"2\" width=\"288\"><strong>Representant de Fam\u00edlies<\/strong><\/td>\n<td style=\"width: 309.643px;\" width=\"290\">S\u00edlvia De la Osa<\/td>\n<\/tr>\n<tr>\n<td style=\"width: 309.643px;\" width=\"290\">Cristina Ti\u00f3<\/td>\n<\/tr>\n<tr>\n<td style=\"width: 265px;\" width=\"288\"><strong>Representant dels Mestres<\/strong><\/td>\n<td style=\"width: 309.643px;\" width=\"290\">Jordina Riu<\/td>\n<\/tr>\n<\/tbody>\n<\/table>\n","protected":false},"excerpt":{"rendered":"<p>COMPOSICI\u00d3 DEL CONSELL ESCOLAR Presidenta Elena Montells Secret\u00e0ria Gemma Fabregat Cap d\u2019Estudis Ester Torras Representant de l\u2019Ajuntament Bet Franquesa Representant de l\u2019AFA Vanesa Vil\u00e0 \u00a0Representants Sector Fam\u00edlies Anna Gonz\u00e1lez Cristina Ti\u00f3 Cristina Bruch Jordi Casas S\u00edlvia de la Osa Representants Sector Mestres Salvador Bosch Deli Rodr\u00edguez Xevi Roura S\u00edlvia Torruella Jordina Riu Anna Serra Representant [&hellip;]<\/p>\n","protected":false},"author":1,"featured_media":0,"parent":22,"menu_order":4,"comment_status":"closed","ping_status":"closed","template":"","meta":{"_bbp_topic_count":0,"_bbp_reply_count":0,"_bbp_total_topic_count":0,"_bbp_total_reply_count":0,"_bbp_voice_count":0,"_bbp_anonymous_reply_count":0,"_bbp_topic_count_hidden":0,"_bbp_reply_count_hidden":0,"_bbp_forum_subforum_count":0,"site-sidebar-layout":"left-sidebar","site-content-layout":"","ast-site-content-layout":"default","site-content-style":"default","site-sidebar-style":"default","ast-global-header-display":"","ast-banner-title-visibility":"","ast-main-header-display":"","ast-hfb-above-header-display":"","ast-hfb-below-header-display":"","ast-hfb-mobile-header-display":"","site-post-title":"","ast-breadcrumbs-content":"","ast-featured-img":"","footer-sml-layout":"","theme-transparent-header-meta":"","adv-header-id-meta":"","stick-header-meta":"","header-above-stick-meta":"","header-main-stick-meta":"","header-below-stick-meta":"","astra-migrate-meta-layouts":"set","ast-page-background-enabled":"default","ast-page-background-meta":{"desktop":{"background-color":"var(--ast-global-color-4)","background-image":"","background-repeat":"repeat","background-position":"center center","background-size":"auto","background-attachment":"scroll","background-type":"","background-media":"","overlay-type":"","overlay-color":"","overlay-opacity":"","overlay-gradient":""},"tablet":{"background-color":"","background-image":"","background-repeat":"repeat","background-position":"center center","background-size":"auto","background-attachment":"scroll","background-type":"","background-media":"","overlay-type":"","overlay-color":"","overlay-opacity":"","overlay-gradient":""},"mobile":{"background-color":"","background-image":"","background-repeat":"repeat","background-position":"center center","background-size":"auto","background-attachment":"scroll","background-type":"","background-media":"","overlay-type":"","overlay-color":"","overlay-opacity":"","overlay-gradient":""}},"ast-content-background-meta":{"desktop":{"background-color":"var(--ast-global-color-5)","background-image":"","background-repeat":"repeat","background-position":"center center","background-size":"auto","background-attachment":"scroll","background-type":"","background-media":"","overlay-type":"","overlay-color":"","overlay-opacity":"","overlay-gradient":""},"tablet":{"background-color":"var(--ast-global-color-5)","background-image":"","background-repeat":"repeat","background-position":"center center","background-size":"auto","background-attachment":"scroll","background-type":"","background-media":"","overlay-type":"","overlay-color":"","overlay-opacity":"","overlay-gradient":""},"mobile":{"background-color":"var(--ast-global-color-5)","background-image":"","background-repeat":"repeat","background-position":"center center","background-size":"auto","background-attachment":"scroll","background-type":"","background-media":"","overlay-type":"","overlay-color":"","overlay-opacity":"","overlay-gradient":""}},"footnotes":""},"class_list":["post-28","page","type-page","status-publish","hentry"],"post_mailing_queue_ids":[],"_links":{"self":[{"href":"https:\/\/agora.xtec.cat\/ceipsentfores\/wp-json\/wp\/v2\/pages\/28","targetHints":{"allow":["GET"]}}],"collection":[{"href":"https:\/\/agora.xtec.cat\/ceipsentfores\/wp-json\/wp\/v2\/pages"}],"about":[{"href":"https:\/\/agora.xtec.cat\/ceipsentfores\/wp-json\/wp\/v2\/types\/page"}],"author":[{"embeddable":true,"href":"https:\/\/agora.xtec.cat\/ceipsentfores\/wp-json\/wp\/v2\/users\/1"}],"replies":[{"embeddable":true,"href":"https:\/\/agora.xtec.cat\/ceipsentfores\/wp-json\/wp\/v2\/comments?post=28"}],"version-history":[{"count":6,"href":"https:\/\/agora.xtec.cat\/ceipsentfores\/wp-json\/wp\/v2\/pages\/28\/revisions"}],"predecessor-version":[{"id":6395,"href":"https:\/\/agora.xtec.cat\/ceipsentfores\/wp-json\/wp\/v2\/pages\/28\/revisions\/6395"}],"up":[{"embeddable":true,"href":"https:\/\/agora.xtec.cat\/ceipsentfores\/wp-json\/wp\/v2\/pages\/22"}],"wp:attachment":[{"href":"https:\/\/agora.xtec.cat\/ceipsentfores\/wp-json\/wp\/v2\/media?parent=28"}],"curies":[{"name":"wp","href":"https:\/\/api.w.org\/{rel}","templated":true}]}}