{"id":30,"date":"2014-09-18T12:30:23","date_gmt":"2014-09-18T11:30:23","guid":{"rendered":"http:\/\/agora.xtec.cat\/ceipsantsalvadordhorta\/?page_id=30"},"modified":"2026-03-19T13:13:11","modified_gmt":"2026-03-19T12:13:11","slug":"instal%c2%b7lacions","status":"publish","type":"page","link":"https:\/\/agora.xtec.cat\/ceipsantsalvadordhorta\/lescola\/instal%c2%b7lacions\/","title":{"rendered":"Projectes"},"content":{"rendered":"<p><strong>*Els nostres projectes d&#8217;escola s\u00f3n<\/strong>:<\/p>\n<p>-HORT ESCOLAR (SIEI)<\/p>\n<p>-TROBADES ESPORTIVES MUNICIPALS (3r i 6\u00e8)<\/p>\n<p>-PROTAGONISTA (CI)<\/p>\n<p>-CERTAMENT DE LECTURA EN VEU ALTA<\/p>\n<p>-FESTES D&#8217;ESCOLA<\/p>\n<p>-PADRINS I FILLOLS<\/p>\n<p>-PROJECTE ANUAL<\/p>\n<p>-BIBLIOTECA ESCOLAR<\/p>\n<p>-ACTIVITATS AMB FAM\u00cdLIES<\/p>\n<p><strong>*A nivell de municipi participem conjuntament amb les altres dues escoles en les seg\u00fcents activitats:<\/strong><\/p>\n<p>-1r: PROJECTE OLIVERA<\/p>\n<p>-2n: LA TREMENTINAIRE<\/p>\n<p>-3r: APADRINEM PATRIMONI NATURAL<\/p>\n<p>-4t: EXPERIMENTA LA CI\u00c8NCIA<\/p>\n<p>-5\u00e8: JORNADA ESPORTIVA<\/p>\n<p>-6\u00e8: ENGLISH DAY<\/p>\n<p>-CONCURS D&#8217;ORAT\u00d2RIA EN ANGL\u00c8S: alumnes de Cicle Superior.<\/p>\n<p><strong>*Altres activitats:<\/strong><\/p>\n<p>Gr\u00e0cies a la Fundaci\u00f3 Riera Gubau i amb l&#8217;objectiu de potenciar la comprensi\u00f3 i expressi\u00f3 oral en llengua anglesa podem gaudir de les seg\u00fcents activitats:<\/p>\n<p>-TEATRE en angl\u00e8s<\/p>\n<p>-SPEAKING pels alumnes de CM i CS<\/p>\n<p>&nbsp;<\/p>\n<p>&nbsp;<\/p>\n","protected":false},"excerpt":{"rendered":"<p>*Els nostres projectes d&#8217;escola s\u00f3n:<br \/>\n-HORT ESCOLAR (SIEI)<br \/>\n-TROBADES ESPORTIVES MUNICIPALS (3r i 6\u00e8)<br \/>\n-PROTAGONISTA (CI)<br \/>\n-CERTAMENT DE LECTURA EN VEU ALTA<br \/>\n-FESTES D&#8217;ESCOLA<br \/>\n-PADRINS I FILLOLS<br \/>\n-PROJECTE ANUAL<br \/>\n-BIBLIOTECA ESCOLAR<br \/>\n-ACTIVITATS AMB FAM\u00cdLIES<br \/>\n*A nivell de municipi participem conjuntament amb les altres dues escoles en les seg\u00fcents activitats:<br \/>\n-1r: PROJECTE OLIVERA<br \/>\n-2n: LA TREMENTINAIRE<br \/>\n-3r: APADRINEM PATRIMONI&hellip;  <a href=\"https:\/\/agora.xtec.cat\/ceipsantsalvadordhorta\/lescola\/instal%c2%b7lacions\/\" title=\"Read Projectes\">Llegeix m\u00e9s\u00bb<\/a><\/p>\n","protected":false},"author":1,"featured_media":0,"parent":22,"menu_order":40,"comment_status":"closed","ping_status":"closed","template":"page-templates\/side-menu.php","meta":{"_bbp_topic_count":0,"_bbp_reply_count":0,"_bbp_total_topic_count":0,"_bbp_total_reply_count":0,"_bbp_voice_count":0,"_bbp_anonymous_reply_count":0,"_bbp_topic_count_hidden":0,"_bbp_reply_count_hidden":0,"_bbp_forum_subforum_count":0,"footnotes":""},"class_list":["post-30","page","type-page","status-publish","hentry"],"post_mailing_queue_ids":[],"_links":{"self":[{"href":"https:\/\/agora.xtec.cat\/ceipsantsalvadordhorta\/wp-json\/wp\/v2\/pages\/30","targetHints":{"allow":["GET"]}}],"collection":[{"href":"https:\/\/agora.xtec.cat\/ceipsantsalvadordhorta\/wp-json\/wp\/v2\/pages"}],"about":[{"href":"https:\/\/agora.xtec.cat\/ceipsantsalvadordhorta\/wp-json\/wp\/v2\/types\/page"}],"author":[{"embeddable":true,"href":"https:\/\/agora.xtec.cat\/ceipsantsalvadordhorta\/wp-json\/wp\/v2\/users\/1"}],"replies":[{"embeddable":true,"href":"https:\/\/agora.xtec.cat\/ceipsantsalvadordhorta\/wp-json\/wp\/v2\/comments?post=30"}],"version-history":[{"count":7,"href":"https:\/\/agora.xtec.cat\/ceipsantsalvadordhorta\/wp-json\/wp\/v2\/pages\/30\/revisions"}],"predecessor-version":[{"id":36491,"href":"https:\/\/agora.xtec.cat\/ceipsantsalvadordhorta\/wp-json\/wp\/v2\/pages\/30\/revisions\/36491"}],"up":[{"embeddable":true,"href":"https:\/\/agora.xtec.cat\/ceipsantsalvadordhorta\/wp-json\/wp\/v2\/pages\/22"}],"wp:attachment":[{"href":"https:\/\/agora.xtec.cat\/ceipsantsalvadordhorta\/wp-json\/wp\/v2\/media?parent=30"}],"curies":[{"name":"wp","href":"https:\/\/api.w.org\/{rel}","templated":true}]}}