{"id":20933,"date":"2021-02-03T12:16:01","date_gmt":"2021-02-03T11:16:01","guid":{"rendered":"http:\/\/agora.xtec.cat\/ceipsantsalvadordhorta\/?page_id=20933"},"modified":"2021-02-03T12:41:36","modified_gmt":"2021-02-03T11:41:36","slug":"espai-familia","status":"publish","type":"page","link":"https:\/\/agora.xtec.cat\/ceipsantsalvadordhorta\/espai-familia\/","title":{"rendered":"Espai fam\u00edlia"},"content":{"rendered":"<h3 style=\"text-align: justify;\"><strong>En aquest apartat, hi trobareu informaci\u00f3 del vostre inter\u00e8s, e<span class=\"css-901oao css-16my406 r-1qd0xha r-ad9z0x r-bcqeeo r-qvutc0\">ines per facilitar la participaci\u00f3 en la vida escolar dels fills i filles i per guiar-vos en l&#8217;acompanyament de la seva educaci\u00f3.<\/span><\/strong><\/h3>\n<h2 style=\"text-align: center;\"><img loading=\"lazy\" decoding=\"async\" class=\"css-9pa8cd alignleft\" draggable=\"false\" src=\"https:\/\/abs-0.twimg.com\/emoji\/v2\/svg\/1f4e2.svg\" alt=\"?\" width=\"52\" height=\"52\" \/><\/h2>\n<p>&nbsp;<\/p>\n<h6 class=\"css-1dbjc4n r-xoduu5 r-1mlwlqe r-1d2f490 r-1udh08x r-u8s1d r-h9hxbl r-417010\" style=\"text-align: left;\" aria-label=\"?\"><a href=\"http:\/\/ensenyament.gencat.cat\/ca\/arees-actuacio\/families\/\">ESPAI FAM\u00cdLIES (Departament d&#8217;educaci\u00f3)<\/a><\/h6>\n<h6 aria-label=\"?\"><\/h6>\n<h6 aria-label=\"?\"><\/h6>\n<p>&nbsp;<\/p>\n<h4 class=\"css-1dbjc4n r-xoduu5 r-1mlwlqe r-1d2f490 r-1udh08x r-u8s1d r-h9hxbl r-417010\" style=\"text-align: left;\" aria-label=\"?\">Carta\u00a0 del Departament de Salut dirigides a les fam\u00edlies<\/h4>\n<p><a href=\"https:\/\/agora.xtec.cat\/ceipsantsalvadordhorta\/wp-content\/uploads\/usu880\/2020\/09\/Salut-_-Escola-CARTA-Families.pdf\">Salut _ Escola CARTA Families<\/a><\/p>\n<p><a href=\"https:\/\/agora.xtec.cat\/ceipsantsalvadordhorta\/wp-content\/uploads\/usu880\/2020\/09\/Salut-_-Escola-Annex-Families.pdf\">Salut _ Escola Annex Families<\/a><\/p>\n<p>&nbsp;<\/p>\n","protected":false},"excerpt":{"rendered":"<p>En aquest apartat, hi trobareu informaci\u00f3 del vostre inter\u00e8s, eines per facilitar la participaci\u00f3 en la vida escolar dels fills i filles i per guiar-vos en l&#8217;acompanyament de la seva educaci\u00f3.<\/p>\n<p>&nbsp;<br \/>\n<a href=\"http:\/\/ensenyament.gencat.cat\/ca\/arees-actuacio\/families\/\">ESPAI FAM\u00cdLIES (Departament d&#8217;educaci\u00f3)<\/a><\/p>\n<p>&nbsp;<br \/>\nCarta\u00a0 del Departament de Salut dirigides a les fam\u00edlies<br \/>\n<a href=\"https:\/\/agora.xtec.cat\/ceipsantsalvadordhorta\/wp-content\/uploads\/usu880\/2020\/09\/Salut-_-Escola-CARTA-Families.pdf\">Salut _&hellip;  <a href=\"https:\/\/agora.xtec.cat\/ceipsantsalvadordhorta\/espai-familia\/\" title=\"Read Espai fam\u00edlia\">Llegeix m\u00e9s\u00bb<\/a><\/p>\n","protected":false},"author":1,"featured_media":0,"parent":0,"menu_order":0,"comment_status":"closed","ping_status":"closed","template":"page-templates\/side-menu.php","meta":{"_bbp_topic_count":0,"_bbp_reply_count":0,"_bbp_total_topic_count":0,"_bbp_total_reply_count":0,"_bbp_voice_count":0,"_bbp_anonymous_reply_count":0,"_bbp_topic_count_hidden":0,"_bbp_reply_count_hidden":0,"_bbp_forum_subforum_count":0,"footnotes":""},"class_list":["post-20933","page","type-page","status-publish","hentry"],"post_mailing_queue_ids":[],"_links":{"self":[{"href":"https:\/\/agora.xtec.cat\/ceipsantsalvadordhorta\/wp-json\/wp\/v2\/pages\/20933","targetHints":{"allow":["GET"]}}],"collection":[{"href":"https:\/\/agora.xtec.cat\/ceipsantsalvadordhorta\/wp-json\/wp\/v2\/pages"}],"about":[{"href":"https:\/\/agora.xtec.cat\/ceipsantsalvadordhorta\/wp-json\/wp\/v2\/types\/page"}],"author":[{"embeddable":true,"href":"https:\/\/agora.xtec.cat\/ceipsantsalvadordhorta\/wp-json\/wp\/v2\/users\/1"}],"replies":[{"embeddable":true,"href":"https:\/\/agora.xtec.cat\/ceipsantsalvadordhorta\/wp-json\/wp\/v2\/comments?post=20933"}],"version-history":[{"count":3,"href":"https:\/\/agora.xtec.cat\/ceipsantsalvadordhorta\/wp-json\/wp\/v2\/pages\/20933\/revisions"}],"predecessor-version":[{"id":20943,"href":"https:\/\/agora.xtec.cat\/ceipsantsalvadordhorta\/wp-json\/wp\/v2\/pages\/20933\/revisions\/20943"}],"wp:attachment":[{"href":"https:\/\/agora.xtec.cat\/ceipsantsalvadordhorta\/wp-json\/wp\/v2\/media?parent=20933"}],"curies":[{"name":"wp","href":"https:\/\/api.w.org\/{rel}","templated":true}]}}