{"id":73,"date":"2014-09-18T14:01:51","date_gmt":"2014-09-18T13:01:51","guid":{"rendered":"http:\/\/agora.xtec.cat\/ceipsantsalvador\/?page_id=73"},"modified":"2024-11-20T13:19:29","modified_gmt":"2024-11-20T12:19:29","slug":"menjador-escolar","status":"publish","type":"page","link":"https:\/\/agora.xtec.cat\/ceipsantsalvador\/serveis\/menjador-escolar\/","title":{"rendered":"Menjador escolar"},"content":{"rendered":"<p>L&#8217;escola ofereix servei de menjador. El dinar es prepara a la cuina de l&#8217;escola amb productes de proximitat. Els nostres men\u00fas segueixen la <a href=\"https:\/\/agora.xtec.cat\/ceipsantsalvador\/wp-content\/uploads\/usu1858\/2024\/02\/guia_alimentacio_etapa_escolar.pdf\">Guia de l&#8217;alimentaci\u00f3 en l&#8217;etapa escolar<\/a> de la Generalitat de Catalunya.<\/p>\n<p>Actualment el servei \u00e9s gestionat per l&#8217;Ajuntament de Cercs. Per qualsevol consulta o dubte us podeu adre\u00e7ar a la Coordinadora del servei:<\/p>\n<p><strong>Queralt Par\u00e9s: queraltpl@gmail.com<\/strong><\/p>\n<p>Els nostres men\u00fas estan \u00a0supervisats per la Marta Cas\u00f2liva del centre La Neural i varia cada mes utilitzant verdures i fruites de temporada. Junt a l\u2019oferta de dinars mensuals tamb\u00e9 s\u2019adjunta una proposta de men\u00fas de sopars perqu\u00e8 les fam\u00edlies puguin seguir una alimentaci\u00f3 variada, equilibrada i saludable.<\/p>\n<p>Aqu\u00ed podeu trobar el men\u00fas mensuals<\/p>\n<p><strong>DINARS DE NOVEMBRE<\/strong><\/p>\n<p><a href=\"https:\/\/agora.xtec.cat\/ceipsantsalvador\/wp-content\/uploads\/usu1858\/2024\/11\/Menu-Novembre-Sant-Jordi.pdf.pdf\">Menu\u0301 Novembre <\/a><\/p>\n<p><strong>PROPOSTA DE SOPARS DE NOVEMBRE<\/strong><\/p>\n<p><a href=\"https:\/\/agora.xtec.cat\/ceipsantsalvador\/wp-content\/uploads\/usu1858\/2024\/11\/MenAo-sopars-Escola-Sant-Jordi.pdf\">Proposta sopars Novembre<\/a><\/p>\n<p>La\u00a0Subdirecci\u00f3 General de Promoci\u00f3 de la Salut\u00a0de l&#8217;Ag\u00e8ncia de Salut P\u00fablica de Catalunya, en el marc del Programa de Revisi\u00f3 de Men\u00fas Escolars (<a href=\"http:\/\/salutpublica.gencat.cat\/ca\/ambits\/promocio_salut\/alimentacio_saludable\/PREME\/\" target=\"_blank\" rel=\"noopener\" data-saferedirecturl=\"https:\/\/www.google.com\/url?q=http:\/\/salutpublica.gencat.cat\/ca\/ambits\/promocio_salut\/alimentacio_saludable\/PREME\/&amp;source=gmail&amp;ust=1708009113733000&amp;usg=AOvVaw22wIgYTSjZXPsMbHJX4A5q\">PReME<\/a>), ha elaborat un informe a partir de la revisi\u00f3 dels men\u00fas de la nostra escola.<\/p>\n<p>Aquest <a href=\"https:\/\/agora.xtec.cat\/ceipsantsalvador\/wp-content\/uploads\/usu1858\/2024\/02\/Informe-de-valoracio-dels-menus.pdf\">Informe de valoraci\u00f3 dels men\u00fas<\/a> t\u00e9 com a objectiu millorar l&#8217;alimentaci\u00f3 dels infants proposant recomanacions en relaci\u00f3 a la programaci\u00f3 dels men\u00fas que s&#8217;elaboren cada dia.<\/p>\n<p>Us recordem que, des del mes de juny de 2020, els criteris per a l&#8217;avaluaci\u00f3 de les programacions de men\u00fas escolars ha canviat. \u00c9s per aquest motiu que us animem a consultar el consens de recomanacions sobre les freq\u00fc\u00e8ncies de consum d&#8217;aliments i altres aspectes del men\u00fa escolar.<\/p>\n","protected":false},"excerpt":{"rendered":"<p>L&#8217;escola ofereix servei de menjador. El dinar es prepara a la cuina de l&#8217;escola amb productes de proximitat. Els nostres men\u00fas segueixen la <a href=\"https:\/\/agora.xtec.cat\/ceipsantsalvador\/wp-content\/uploads\/usu1858\/2024\/02\/guia_alimentacio_etapa_escolar.pdf\">Guia de l&#8217;alimentaci\u00f3 en l&#8217;etapa escolar<\/a> de la Generalitat de Catalunya.<br \/>\nActualment el servei \u00e9s gestionat per l&#8217;Ajuntament de Cercs. Per qualsevol&hellip;  <a href=\"https:\/\/agora.xtec.cat\/ceipsantsalvador\/serveis\/menjador-escolar\/\" title=\"Read Menjador escolar\">Llegeix m\u00e9s\u00bb<\/a><\/p>\n","protected":false},"author":1,"featured_media":0,"parent":66,"menu_order":30,"comment_status":"closed","ping_status":"closed","template":"page-templates\/side-menu.php","meta":{"_bbp_topic_count":0,"_bbp_reply_count":0,"_bbp_total_topic_count":0,"_bbp_total_reply_count":0,"_bbp_voice_count":0,"_bbp_anonymous_reply_count":0,"_bbp_topic_count_hidden":0,"_bbp_reply_count_hidden":0,"_bbp_forum_subforum_count":0,"footnotes":""},"class_list":["post-73","page","type-page","status-publish","hentry"],"post_mailing_queue_ids":[],"_links":{"self":[{"href":"https:\/\/agora.xtec.cat\/ceipsantsalvador\/wp-json\/wp\/v2\/pages\/73","targetHints":{"allow":["GET"]}}],"collection":[{"href":"https:\/\/agora.xtec.cat\/ceipsantsalvador\/wp-json\/wp\/v2\/pages"}],"about":[{"href":"https:\/\/agora.xtec.cat\/ceipsantsalvador\/wp-json\/wp\/v2\/types\/page"}],"author":[{"embeddable":true,"href":"https:\/\/agora.xtec.cat\/ceipsantsalvador\/wp-json\/wp\/v2\/users\/1"}],"replies":[{"embeddable":true,"href":"https:\/\/agora.xtec.cat\/ceipsantsalvador\/wp-json\/wp\/v2\/comments?post=73"}],"version-history":[{"count":7,"href":"https:\/\/agora.xtec.cat\/ceipsantsalvador\/wp-json\/wp\/v2\/pages\/73\/revisions"}],"predecessor-version":[{"id":2294,"href":"https:\/\/agora.xtec.cat\/ceipsantsalvador\/wp-json\/wp\/v2\/pages\/73\/revisions\/2294"}],"up":[{"embeddable":true,"href":"https:\/\/agora.xtec.cat\/ceipsantsalvador\/wp-json\/wp\/v2\/pages\/66"}],"wp:attachment":[{"href":"https:\/\/agora.xtec.cat\/ceipsantsalvador\/wp-json\/wp\/v2\/media?parent=73"}],"curies":[{"name":"wp","href":"https:\/\/api.w.org\/{rel}","templated":true}]}}

<p>L&#8217;escola ofereix servei de menjador. El dinar es prepara a la cuina de l&#8217;escola amb productes de proximitat. Els nostres menús segueixen la <a href="https://agora.xtec.cat/ceipsantsalvador/wp-content/uploads/usu1858/2024/02/guia_alimentacio_etapa_escolar.pdf">Guia de l&#8217;alimentació en l&#8217;etapa escolar</a> de la Generalitat de Catalunya.</p>
<p>Actualment el servei és gestionat per l&#8217;Ajuntament de Cercs. Per qualsevol consulta o dubte us podeu adreçar a la Coordinadora del servei:</p>
<p><strong>Queralt Parés: queraltpl@gmail.com</strong></p>
<p>Els nostres menús estan  supervisats per la Marta Casòliva del centre La Neural i varia cada mes utilitzant verdures i fruites de temporada. Junt a l’oferta de dinars mensuals també s’adjunta una proposta de menús de sopars perquè les famílies puguin seguir una alimentació variada, equilibrada i saludable.</p>
<p>Aquí podeu trobar el menús mensuals</p>
<p><strong>DINARS DE NOVEMBRE</strong></p>
<p><a href="https://agora.xtec.cat/ceipsantsalvador/wp-content/uploads/usu1858/2024/11/Menu-Novembre-Sant-Jordi.pdf.pdf">Menú Novembre </a></p>
<p><strong>PROPOSTA DE SOPARS DE NOVEMBRE</strong></p>
<p><a href="https://agora.xtec.cat/ceipsantsalvador/wp-content/uploads/usu1858/2024/11/MenAo-sopars-Escola-Sant-Jordi.pdf">Proposta sopars Novembre</a></p>
<p>La Subdirecció General de Promoció de la Salut de l&#8217;Agència de Salut Pública de Catalunya, en el marc del Programa de Revisió de Menús Escolars (<a href="http://salutpublica.gencat.cat/ca/ambits/promocio_salut/alimentacio_saludable/PREME/" target="_blank" rel="noopener" data-saferedirecturl="https://www.google.com/url?q=http://salutpublica.gencat.cat/ca/ambits/promocio_salut/alimentacio_saludable/PREME/&amp;source=gmail&amp;ust=1708009113733000&amp;usg=AOvVaw22wIgYTSjZXPsMbHJX4A5q">PReME</a>), ha elaborat un informe a partir de la revisió dels menús de la nostra escola.</p>
<p>Aquest <a href="https://agora.xtec.cat/ceipsantsalvador/wp-content/uploads/usu1858/2024/02/Informe-de-valoracio-dels-menus.pdf">Informe de valoració dels menús</a> té com a objectiu millorar l&#8217;alimentació dels infants proposant recomanacions en relació a la programació dels menús que s&#8217;elaboren cada dia.</p>
<p>Us recordem que, des del mes de juny de 2020, els criteris per a l&#8217;avaluació de les programacions de menús escolars ha canviat. És per aquest motiu que us animem a consultar el consens de recomanacions sobre les freqüències de consum d&#8217;aliments i altres aspectes del menú escolar.</p>

<p>L&#8217;escola ofereix servei de menjador. El dinar es prepara a la cuina de l&#8217;escola amb productes de proximitat. Els nostres menús segueixen la <a href="https://agora.xtec.cat/ceipsantsalvador/wp-content/uploads/usu1858/2024/02/guia_alimentacio_etapa_escolar.pdf">Guia de l&#8217;alimentació en l&#8217;etapa escolar</a> de la Generalitat de Catalunya.<br />
Actualment el servei és gestionat per l&#8217;Ajuntament de Cercs. Per qualsevol&hellip;  <a href="https://agora.xtec.cat/ceipsantsalvador/serveis/menjador-escolar/" title="Read Menjador escolar">Llegeix més»</a></p>
