{"id":38,"date":"2014-09-18T12:34:08","date_gmt":"2014-09-18T11:34:08","guid":{"rendered":"http:\/\/agora.xtec.cat\/ceipsantsalvador\/?page_id=38"},"modified":"2024-10-17T13:22:32","modified_gmt":"2024-10-17T11:22:32","slug":"salut","status":"publish","type":"page","link":"https:\/\/agora.xtec.cat\/ceipsantsalvador\/lescola\/salut\/","title":{"rendered":"Salut"},"content":{"rendered":"<header class=\"entry-header\"><\/header>\n<div class=\"entry-content\">\n<h5 style=\"text-align: justify;\"><span id=\"Allergies_i_intolerancies\"><strong>Medicaments<\/strong><\/span><\/h5>\n<p style=\"text-align: justify;\">A l\u2019escola i al menjador\u00a0<strong>NO<\/strong> s\u2019administrar\u00e0 cap medicament. Per poder administrar-lo cal que vagi acompanyat del corresponent justificant i recepta m\u00e8dica i l\u2019autoritzaci\u00f3 de les fam\u00edlies als mestres i personal del centre a administrar el\u00a0medicament.<\/p>\n<p style=\"text-align: justify;\">Es recorda a les fam\u00edlies la possibilitat d\u2019administrar el medicament fora de l\u2019horari lectiu, sempre i quan la dosi hor\u00e0ria ho permeti, o b\u00e9, que sigui el mateix pare\/mare\/tutor\/a legal de l\u2019alumne\/a qui vingui al centre a administrar-ho al seu fill\/a.<\/p>\n<h5 style=\"text-align: justify;\"><span id=\"Allergies_i_intolerancies\"><strong>Al\u00b7l\u00e8rgies i intoler\u00e0ncies<\/strong><\/span><\/h5>\n<p style=\"text-align: justify;\">Si algun\/a alumne\/a presenta algun tipus d\u2019intoler\u00e0ncia i\/o al\u00b7l\u00e8rgia \u00e9s responsabilitat de les fam\u00edlies comunicar-ho al centre, aix\u00ed com tamb\u00e9, entregar una c\u00f2pia del justificant m\u00e8dic pertinent.<\/p>\n<h5 style=\"text-align: justify;\"><span id=\"Tractaments_pediculicides_polls\"><strong>Tractaments pediculicides (polls)<\/strong><\/span><\/h5>\n<p style=\"text-align: justify;\">Cal que, des de casa, reviseu el cap dels vostres fills\/es peri\u00f2dicament. En cas que trobeu polls, cal avisar immediatament al centre i deixar el nen\/a a casa fent el tractament per tal d\u2019evitar contagis.<\/p>\n<p>Si, des de l\u2019escola, detectem algun cas de polls, avisarem a les fam\u00edlies.<\/p>\n<p style=\"text-align: justify;\">Quan ja hi hagi el cap net d\u2019infecci\u00f3, l\u2019alumne\/a pot tornar al centre.<\/p>\n<\/div>\n","protected":false},"excerpt":{"rendered":"<p>Medicaments<br \/>\nA l\u2019escola i al menjador\u00a0NO s\u2019administrar\u00e0 cap medicament. Per poder administrar-lo cal que vagi acompanyat del corresponent justificant i recepta m\u00e8dica i l\u2019autoritzaci\u00f3 de les fam\u00edlies als mestres i personal del centre a administrar el\u00a0medicament.<br \/>\nEs recorda a les fam\u00edlies la possibilitat d\u2019administrar el medicament fora&hellip;  <a href=\"https:\/\/agora.xtec.cat\/ceipsantsalvador\/lescola\/salut\/\" title=\"Read Salut\">Llegeix m\u00e9s\u00bb<\/a><\/p>\n","protected":false},"author":1,"featured_media":0,"parent":22,"menu_order":80,"comment_status":"closed","ping_status":"closed","template":"page-templates\/side-menu.php","meta":{"_bbp_topic_count":0,"_bbp_reply_count":0,"_bbp_total_topic_count":0,"_bbp_total_reply_count":0,"_bbp_voice_count":0,"_bbp_anonymous_reply_count":0,"_bbp_topic_count_hidden":0,"_bbp_reply_count_hidden":0,"_bbp_forum_subforum_count":0,"footnotes":""},"class_list":["post-38","page","type-page","status-publish","hentry"],"post_mailing_queue_ids":[],"_links":{"self":[{"href":"https:\/\/agora.xtec.cat\/ceipsantsalvador\/wp-json\/wp\/v2\/pages\/38","targetHints":{"allow":["GET"]}}],"collection":[{"href":"https:\/\/agora.xtec.cat\/ceipsantsalvador\/wp-json\/wp\/v2\/pages"}],"about":[{"href":"https:\/\/agora.xtec.cat\/ceipsantsalvador\/wp-json\/wp\/v2\/types\/page"}],"author":[{"embeddable":true,"href":"https:\/\/agora.xtec.cat\/ceipsantsalvador\/wp-json\/wp\/v2\/users\/1"}],"replies":[{"embeddable":true,"href":"https:\/\/agora.xtec.cat\/ceipsantsalvador\/wp-json\/wp\/v2\/comments?post=38"}],"version-history":[{"count":8,"href":"https:\/\/agora.xtec.cat\/ceipsantsalvador\/wp-json\/wp\/v2\/pages\/38\/revisions"}],"predecessor-version":[{"id":2239,"href":"https:\/\/agora.xtec.cat\/ceipsantsalvador\/wp-json\/wp\/v2\/pages\/38\/revisions\/2239"}],"up":[{"embeddable":true,"href":"https:\/\/agora.xtec.cat\/ceipsantsalvador\/wp-json\/wp\/v2\/pages\/22"}],"wp:attachment":[{"href":"https:\/\/agora.xtec.cat\/ceipsantsalvador\/wp-json\/wp\/v2\/media?parent=38"}],"curies":[{"name":"wp","href":"https:\/\/api.w.org\/{rel}","templated":true}]}}

<header class="entry-header"></header>
<div class="entry-content">
<h5 style="text-align: justify;"><span id="Allergies_i_intolerancies"><strong>Medicaments</strong></span></h5>
<p style="text-align: justify;">A l’escola i al menjador <strong>NO</strong> s’administrarà cap medicament. Per poder administrar-lo cal que vagi acompanyat del corresponent justificant i recepta mèdica i l’autorització de les famílies als mestres i personal del centre a administrar el medicament.</p>
<p style="text-align: justify;">Es recorda a les famílies la possibilitat d’administrar el medicament fora de l’horari lectiu, sempre i quan la dosi horària ho permeti, o bé, que sigui el mateix pare/mare/tutor/a legal de l’alumne/a qui vingui al centre a administrar-ho al seu fill/a.</p>
<h5 style="text-align: justify;"><span id="Allergies_i_intolerancies"><strong>Al·lèrgies i intoleràncies</strong></span></h5>
<p style="text-align: justify;">Si algun/a alumne/a presenta algun tipus d’intolerància i/o al·lèrgia és responsabilitat de les famílies comunicar-ho al centre, així com també, entregar una còpia del justificant mèdic pertinent.</p>
<h5 style="text-align: justify;"><span id="Tractaments_pediculicides_polls"><strong>Tractaments pediculicides (polls)</strong></span></h5>
<p style="text-align: justify;">Cal que, des de casa, reviseu el cap dels vostres fills/es periòdicament. En cas que trobeu polls, cal avisar immediatament al centre i deixar el nen/a a casa fent el tractament per tal d’evitar contagis.</p>
<p>Si, des de l’escola, detectem algun cas de polls, avisarem a les famílies.</p>
<p style="text-align: justify;">Quan ja hi hagi el cap net d’infecció, l’alumne/a pot tornar al centre.</p>
</div>

<p>Medicaments<br />
A l’escola i al menjador NO s’administrarà cap medicament. Per poder administrar-lo cal que vagi acompanyat del corresponent justificant i recepta mèdica i l’autorització de les famílies als mestres i personal del centre a administrar el medicament.<br />
Es recorda a les famílies la possibilitat d’administrar el medicament fora&hellip;  <a href="https://agora.xtec.cat/ceipsantsalvador/lescola/salut/" title="Read Salut">Llegeix més»</a></p>
