{"id":26,"date":"2014-09-18T12:24:32","date_gmt":"2014-09-18T11:24:32","guid":{"rendered":"http:\/\/agora.xtec.cat\/ceipsantsalvador\/?page_id=26"},"modified":"2018-11-26T12:14:08","modified_gmt":"2018-11-26T11:14:08","slug":"historia","status":"publish","type":"page","link":"https:\/\/agora.xtec.cat\/ceipsantsalvador\/lescola\/historia\/","title":{"rendered":"Hist\u00f2ria"},"content":{"rendered":"<p style=\"text-align: justify;\">La nostra escola, en la seva ubicaci\u00f3 actual, neix amb el poble de Sant Jordi, quan\u00a0 les aig\u00fces del\u00a0 pant\u00e0\u00a0 inunden els pobles de La Baells i Sant Salvador de la Vedella. Fins llavors, cada nucli de poblaci\u00f3 del municipi havia tingut la seva pr\u00f2pia escola. Eren escoles molt petites (nom\u00e9s s&#8217;hi podia estudiar la prim\u00e0ria d&#8217;aquella \u00e8poca)\u00a0 i algunes depenien de l&#8217;empresa minera, com la de la col\u00f2nia de Sant Josep. Quan els alumnes es feien m\u00e9s grans i volien continuar estudiant (als 9 o 10 anys) havien de marxar a fora del municipi per fer el batxillerat. Quan construeixen el nou poble a envistes de l&#8217;ermita de Sant Jordi, l&#8217;any 1979, tamb\u00e9 hi construeixen la nostra escola, que concentrar\u00e0 els alumnes de tots els pobles i col\u00f2nies del municipi, aix\u00ed com alumnes dels municipis ve\u00efns de La Nou de Bergued\u00e0 i F\u00edgols.<\/p>\n","protected":false},"excerpt":{"rendered":"<p>La nostra escola, en la seva ubicaci\u00f3 actual, neix amb el poble de Sant Jordi, quan\u00a0 les aig\u00fces del\u00a0 pant\u00e0\u00a0 inunden els pobles de La Baells i Sant Salvador de la Vedella. Fins llavors, cada nucli de poblaci\u00f3 del municipi havia tingut la seva pr\u00f2pia&hellip;  <a href=\"https:\/\/agora.xtec.cat\/ceipsantsalvador\/lescola\/historia\/\" title=\"Read Hist\u00f2ria\">Llegeix m\u00e9s\u00bb<\/a><\/p>\n","protected":false},"author":1,"featured_media":0,"parent":22,"menu_order":20,"comment_status":"closed","ping_status":"closed","template":"page-templates\/side-menu.php","meta":{"_bbp_topic_count":0,"_bbp_reply_count":0,"_bbp_total_topic_count":0,"_bbp_total_reply_count":0,"_bbp_voice_count":0,"_bbp_anonymous_reply_count":0,"_bbp_topic_count_hidden":0,"_bbp_reply_count_hidden":0,"_bbp_forum_subforum_count":0,"footnotes":""},"class_list":["post-26","page","type-page","status-publish","hentry"],"post_mailing_queue_ids":[],"_links":{"self":[{"href":"https:\/\/agora.xtec.cat\/ceipsantsalvador\/wp-json\/wp\/v2\/pages\/26","targetHints":{"allow":["GET"]}}],"collection":[{"href":"https:\/\/agora.xtec.cat\/ceipsantsalvador\/wp-json\/wp\/v2\/pages"}],"about":[{"href":"https:\/\/agora.xtec.cat\/ceipsantsalvador\/wp-json\/wp\/v2\/types\/page"}],"author":[{"embeddable":true,"href":"https:\/\/agora.xtec.cat\/ceipsantsalvador\/wp-json\/wp\/v2\/users\/1"}],"replies":[{"embeddable":true,"href":"https:\/\/agora.xtec.cat\/ceipsantsalvador\/wp-json\/wp\/v2\/comments?post=26"}],"version-history":[{"count":3,"href":"https:\/\/agora.xtec.cat\/ceipsantsalvador\/wp-json\/wp\/v2\/pages\/26\/revisions"}],"predecessor-version":[{"id":706,"href":"https:\/\/agora.xtec.cat\/ceipsantsalvador\/wp-json\/wp\/v2\/pages\/26\/revisions\/706"}],"up":[{"embeddable":true,"href":"https:\/\/agora.xtec.cat\/ceipsantsalvador\/wp-json\/wp\/v2\/pages\/22"}],"wp:attachment":[{"href":"https:\/\/agora.xtec.cat\/ceipsantsalvador\/wp-json\/wp\/v2\/media?parent=26"}],"curies":[{"name":"wp","href":"https:\/\/api.w.org\/{rel}","templated":true}]}}

Història

<p style="text-align: justify;">La nostra escola, en la seva ubicació actual, neix amb el poble de Sant Jordi, quan  les aigües del  pantà  inunden els pobles de La Baells i Sant Salvador de la Vedella. Fins llavors, cada nucli de població del municipi havia tingut la seva pròpia escola. Eren escoles molt petites (només s&#8217;hi podia estudiar la primària d&#8217;aquella època)  i algunes depenien de l&#8217;empresa minera, com la de la colònia de Sant Josep. Quan els alumnes es feien més grans i volien continuar estudiant (als 9 o 10 anys) havien de marxar a fora del municipi per fer el batxillerat. Quan construeixen el nou poble a envistes de l&#8217;ermita de Sant Jordi, l&#8217;any 1979, també hi construeixen la nostra escola, que concentrarà els alumnes de tots els pobles i colònies del municipi, així com alumnes dels municipis veïns de La Nou de Berguedà i Fígols.</p>

<p>La nostra escola, en la seva ubicació actual, neix amb el poble de Sant Jordi, quan  les aigües del  pantà  inunden els pobles de La Baells i Sant Salvador de la Vedella. Fins llavors, cada nucli de població del municipi havia tingut la seva pròpia&hellip;  <a href="https://agora.xtec.cat/ceipsantsalvador/lescola/historia/" title="Read Història">Llegeix més»</a></p>
