{"id":982,"date":"2016-11-30T22:31:44","date_gmt":"2016-11-30T21:31:44","guid":{"rendered":"http:\/\/agora.xtec.cat\/ceipsantpere\/?page_id=982"},"modified":"2025-11-26T20:39:08","modified_gmt":"2025-11-26T19:39:08","slug":"equip-de-mestres-2016-2017","status":"publish","type":"page","link":"https:\/\/agora.xtec.cat\/ceipsantpere\/lescola\/equip-de-mestres-2016-2017\/","title":{"rendered":"Equip hum\u00e0 2025-26"},"content":{"rendered":"<p><b>EQUIP DIRECTIU:<\/b><\/p>\n<p><b>Secret\u00e0ria: <\/b><span style=\"font-weight: 400;\">Noemi Casamitjana<\/span><span style=\"font-weight: 400;\"><br \/>\n<\/span><b>Cap d&#8217;estudis: <\/b><span style=\"font-weight: 400;\">Cec\u00edlia Rizos<\/span><span style=\"font-weight: 400;\"><br \/>\n<\/span><b>Director:<\/b><span style=\"font-weight: 400;\"> Miquel A. Serrano<\/span><\/p>\n<p><b>EDUCACI\u00d3 INFANTIL<\/b><b><br \/>\n<\/b><b>I3: <\/b><span style=\"font-weight: 400;\">Joana Gonz\u00e1lez<\/span><span style=\"font-weight: 400;\"><br \/>\n<\/span><b>I4: <\/b><span style=\"font-weight: 400;\">Judit\u00a0 Grande \/ Subst.: Conxi Grima<\/span><span style=\"font-weight: 400;\"><br \/>\n<\/span><b>I5: <\/b><span style=\"font-weight: 400;\">Ester Gald\u00f3n<\/span><\/p>\n<p><b>Suport infantil: <\/b><span style=\"font-weight: 400;\">Carla Santacreu<\/span><\/p>\n<p><b>EDUCACI\u00d3 PRIM\u00c0RIA<\/b><b><br \/>\n<\/b><b>P1: <\/b><span style=\"font-weight: 400;\">Aida Mallofr\u00e9<\/span><span style=\"font-weight: 400;\"><br \/>\n<\/span><b>P2: <\/b><span style=\"font-weight: 400;\">Pilar P\u00e9rez<\/span><span style=\"font-weight: 400;\"><br \/>\n<\/span><b>P3: <\/b><span style=\"font-weight: 400;\">N\u00faria V\u00e1zquez<\/span><span style=\"font-weight: 400;\"><br \/>\n<\/span><b>P4: <\/b><span style=\"font-weight: 400;\">Olga Planes \/ Subs.: Elisabet Sol\u00e9<\/span><span style=\"font-weight: 400;\"><br \/>\n<\/span><b>P5: <\/b><span style=\"font-weight: 400;\">Montserrat Cots<\/span><span style=\"font-weight: 400;\"><br \/>\n<\/span><b>P6: <\/b><span style=\"font-weight: 400;\">Maribel Bujons \/ Subs.: Laia Lahoz<\/span><\/p>\n<p><b>Suport cicle inicial: <\/b><span style=\"font-weight: 400;\">Erika Buz\u00f3n<\/span><\/p>\n<p><b>Suport cicle mitj\u00e0: <\/b><span style=\"font-weight: 400;\">Miquel Serrano<\/span><\/p>\n<p><b>Suport cicle superior: <\/b><span style=\"font-weight: 400;\">Cec\u00edlia Rizos\u00a0<\/span><\/p>\n<p><b>ESPECIALISTES <\/b><b><br \/>\n<\/b><b>Angl\u00e8s:<\/b><span style=\"font-weight: 400;\"> Aina Mart\u00edn<\/span><span style=\"font-weight: 400;\"><br \/>\n<\/span><b>M\u00fasica:<\/b><span style=\"font-weight: 400;\"> Merc\u00e8 Feltrer<\/span><span style=\"font-weight: 400;\"><br \/>\n<\/span><b>Educaci\u00f3 F\u00edsica: <\/b><span style=\"font-weight: 400;\">Noemi Casamitjana<\/span><span style=\"font-weight: 400;\"><br \/>\n<\/span><b>Atenci\u00f3 a la diversitat i tutora SIEI: <\/b><span style=\"font-weight: 400;\">Erika Buz\u00f3n \/ Elisabet Sol\u00e9<\/span><span style=\"font-weight: 400;\"><br \/>\n<\/span><b>Religi\u00f3: <\/b><span style=\"font-weight: 400;\">Toni Sanch\u00eds<\/span><\/p>\n<p><b>COORDINACIONS <\/b><b><br \/>\n<\/b><b>Infantil: <\/b><span style=\"font-weight: 400;\">Ester Gald\u00f3n<\/span><span style=\"font-weight: 400;\"><br \/>\n<\/span><b>Prim\u00e0ria: <\/b><span style=\"font-weight: 400;\">Merc\u00e8 Feltrer<\/span><span style=\"font-weight: 400;\"><br \/>\n<\/span><b>Pla Catal\u00e0 de l&#8217;Esport: <\/b><span style=\"font-weight: 400;\">Noemi Casamitjana<\/span><span style=\"font-weight: 400;\"><br \/>\n<\/span><b>Coeducaci\u00f3, Conviv\u00e8ncia i Benestar (COCOBE): <\/b><span style=\"font-weight: 400;\">Erika Buz\u00f3n<\/span><span style=\"font-weight: 400;\"><br \/>\n<\/span><b>Prevenci\u00f3 Riscos Laborals: <\/b><span style=\"font-weight: 400;\">Pilar P\u00e9rez<\/span><span style=\"font-weight: 400;\"><br \/>\n<\/span><b>Escola Verda: <\/b><span style=\"font-weight: 400;\">N\u00faria V\u00e1zquez<\/span><span style=\"font-weight: 400;\"><br \/>\n<\/span><b>Biblioteca, Llengua i Cohesi\u00f3 Social (LIC): <\/b>Aida Mallofr\u00e9<span style=\"font-weight: 400;\"><br \/>\n<\/span><b>Cultura Digital: <\/b><span style=\"font-weight: 400;\">Aina Mart\u00edn<\/span><\/p>\n<p><b>ALTRES PROFESSIONALS DEL CENTRE<\/b><b><br \/>\n<\/b><b>Administrativa: <\/b><span style=\"font-weight: 400;\">Lidia B\u00e1guena\/Subs.: Tania Mellado<\/span><\/p>\n<p><b>Educadora SIEI: <\/b><span style=\"font-weight: 400;\">Rosa Santamaria\u00a0<\/span><\/p>\n<p><b>Vetlladora: <\/b><span style=\"font-weight: 400;\">Montse Vi\u00f1as\/Subs.: Lupe Huertas<\/span><\/p>\n<p><b>Cuinera:<\/b><span style=\"font-weight: 400;\"> Aroha Romero<\/span><span style=\"font-weight: 400;\"><br \/>\n<\/span><b>Coordinadora menjador: <\/b><span style=\"font-weight: 400;\">M\u00aa Jos\u00e9 Garc\u00eda<\/span><span style=\"font-weight: 400;\"><br \/>\n<\/span><b>Monitors\/es:<\/b><span style=\"font-weight: 400;\"> Lupe Huertas, Olga S\u00e1nchez, Montse Vi\u00f1as, Carmen Ru\u00edz i Patr\u00edcia Morcate<\/span><\/p>\n<p><b>Neteja<\/b><span style=\"font-weight: 400;\">: Margarita Gonz\u00e1lez i Beatriz L\u00f3pez\u00a0<\/span><\/p>\n<p><b>SERVEIS EDUCATIUS<\/b><\/p>\n<p><b>EAP: <\/b><span style=\"font-weight: 400;\">Jordi Pidelaserra (psicopedagog)<\/span><span style=\"font-weight: 400;\"><br \/>\n<\/span><b>ELIC: <\/b><span style=\"font-weight: 400;\">Sandra Guti\u00e9rrez<\/span><\/p>\n<p><b>CRETDIC:<\/b><span style=\"font-weight: 400;\"> Ximo Jornet<\/span><\/p>\n<p>*Presentat en claustre dia\u00a0 4 de setembre de 2025.<\/p>\n","protected":false},"excerpt":{"rendered":"<p>EQUIP DIRECTIU: Secret\u00e0ria: Noemi Casamitjana Cap d&#8217;estudis: Cec\u00edlia Rizos Director: Miquel A. Serrano EDUCACI\u00d3 INFANTIL I3: Joana Gonz\u00e1lez I4: Judit\u00a0 Grande \/ Subst.: Conxi Grima I5: Ester Gald\u00f3n Suport infantil: Carla Santacreu EDUCACI\u00d3 PRIM\u00c0RIA P1: Aida Mallofr\u00e9 P2: Pilar P\u00e9rez P3: N\u00faria V\u00e1zquez P4: Olga Planes \/ Subs.: Elisabet Sol\u00e9 P5: Montserrat Cots P6: Maribel [&hellip;]<\/p>\n","protected":false},"author":6,"featured_media":0,"parent":22,"menu_order":0,"comment_status":"closed","ping_status":"closed","template":"","meta":{"_bbp_topic_count":0,"_bbp_reply_count":0,"_bbp_total_topic_count":0,"_bbp_total_reply_count":0,"_bbp_voice_count":0,"_bbp_anonymous_reply_count":0,"_bbp_topic_count_hidden":0,"_bbp_reply_count_hidden":0,"_bbp_forum_subforum_count":0,"site-sidebar-layout":"default","site-content-layout":"","ast-site-content-layout":"default","site-content-style":"default","site-sidebar-style":"default","ast-global-header-display":"","ast-banner-title-visibility":"","ast-main-header-display":"","ast-hfb-above-header-display":"","ast-hfb-below-header-display":"","ast-hfb-mobile-header-display":"","site-post-title":"","ast-breadcrumbs-content":"","ast-featured-img":"","footer-sml-layout":"","theme-transparent-header-meta":"default","adv-header-id-meta":"","stick-header-meta":"","header-above-stick-meta":"","header-main-stick-meta":"","header-below-stick-meta":"","astra-migrate-meta-layouts":"set","ast-page-background-enabled":"default","ast-page-background-meta":{"desktop":{"background-color":"var(--ast-global-color-4)","background-image":"","background-repeat":"repeat","background-position":"center center","background-size":"auto","background-attachment":"scroll","background-type":"","background-media":"","overlay-type":"","overlay-color":"","overlay-opacity":"","overlay-gradient":""},"tablet":{"background-color":"","background-image":"","background-repeat":"repeat","background-position":"center center","background-size":"auto","background-attachment":"scroll","background-type":"","background-media":"","overlay-type":"","overlay-color":"","overlay-opacity":"","overlay-gradient":""},"mobile":{"background-color":"","background-image":"","background-repeat":"repeat","background-position":"center center","background-size":"auto","background-attachment":"scroll","background-type":"","background-media":"","overlay-type":"","overlay-color":"","overlay-opacity":"","overlay-gradient":""}},"ast-content-background-meta":{"desktop":{"background-color":"var(--ast-global-color-5)","background-image":"","background-repeat":"repeat","background-position":"center center","background-size":"auto","background-attachment":"scroll","background-type":"","background-media":"","overlay-type":"","overlay-color":"","overlay-opacity":"","overlay-gradient":""},"tablet":{"background-color":"var(--ast-global-color-5)","background-image":"","background-repeat":"repeat","background-position":"center center","background-size":"auto","background-attachment":"scroll","background-type":"","background-media":"","overlay-type":"","overlay-color":"","overlay-opacity":"","overlay-gradient":""},"mobile":{"background-color":"var(--ast-global-color-5)","background-image":"","background-repeat":"repeat","background-position":"center center","background-size":"auto","background-attachment":"scroll","background-type":"","background-media":"","overlay-type":"","overlay-color":"","overlay-opacity":"","overlay-gradient":""}},"footnotes":""},"class_list":["post-982","page","type-page","status-publish","hentry"],"post_mailing_queue_ids":[],"_links":{"self":[{"href":"https:\/\/agora.xtec.cat\/ceipsantpere\/wp-json\/wp\/v2\/pages\/982","targetHints":{"allow":["GET"]}}],"collection":[{"href":"https:\/\/agora.xtec.cat\/ceipsantpere\/wp-json\/wp\/v2\/pages"}],"about":[{"href":"https:\/\/agora.xtec.cat\/ceipsantpere\/wp-json\/wp\/v2\/types\/page"}],"author":[{"embeddable":true,"href":"https:\/\/agora.xtec.cat\/ceipsantpere\/wp-json\/wp\/v2\/users\/6"}],"replies":[{"embeddable":true,"href":"https:\/\/agora.xtec.cat\/ceipsantpere\/wp-json\/wp\/v2\/comments?post=982"}],"version-history":[{"count":8,"href":"https:\/\/agora.xtec.cat\/ceipsantpere\/wp-json\/wp\/v2\/pages\/982\/revisions"}],"predecessor-version":[{"id":17590,"href":"https:\/\/agora.xtec.cat\/ceipsantpere\/wp-json\/wp\/v2\/pages\/982\/revisions\/17590"}],"up":[{"embeddable":true,"href":"https:\/\/agora.xtec.cat\/ceipsantpere\/wp-json\/wp\/v2\/pages\/22"}],"wp:attachment":[{"href":"https:\/\/agora.xtec.cat\/ceipsantpere\/wp-json\/wp\/v2\/media?parent=982"}],"curies":[{"name":"wp","href":"https:\/\/api.w.org\/{rel}","templated":true}]}}