{"id":623,"date":"2020-11-02T16:09:03","date_gmt":"2020-11-02T15:09:03","guid":{"rendered":"https:\/\/agora.xtec.cat\/ceipsantmiquel\/?page_id=623"},"modified":"2025-10-17T15:40:47","modified_gmt":"2025-10-17T13:40:47","slug":"projecte-salut-integral-si","status":"publish","type":"page","link":"https:\/\/agora.xtec.cat\/ceipsantmiquel\/projecte-educatiu\/projecte-salut-integral-si\/","title":{"rendered":"Projecte Salut Integral SI!"},"content":{"rendered":"<p><a href=\"https:\/\/agora.xtec.cat\/ceipsantmiquel\/wp-content\/uploads\/usu2020\/2025\/10\/logo-programa-SI.jpg\"><img loading=\"lazy\" decoding=\"async\" class=\" wp-image-6212 alignright\" src=\"https:\/\/agora.xtec.cat\/ceipsantmiquel\/wp-content\/uploads\/usu2020\/2025\/10\/logo-programa-SI.jpg\" alt=\"\" width=\"374\" height=\"374\" srcset=\"https:\/\/agora.xtec.cat\/ceipsantmiquel\/wp-content\/uploads\/usu2020\/2025\/10\/logo-programa-SI.jpg 538w, https:\/\/agora.xtec.cat\/ceipsantmiquel\/wp-content\/uploads\/usu2020\/2025\/10\/logo-programa-SI-300x300.jpg 300w, https:\/\/agora.xtec.cat\/ceipsantmiquel\/wp-content\/uploads\/usu2020\/2025\/10\/logo-programa-SI-150x150.jpg 150w\" sizes=\"auto, (max-width: 374px) 100vw, 374px\" \/><\/a>El Departament d&#8217;Educaci\u00f3 va engegar el curs 2017-18 el Programa de salut integral SI!. Des de llavors a la nostra escola hi participa l\u2019alumnat d\u2019Educaci\u00f3 Infantil.<\/p>\n<p>\u00c9s un programa d&#8217;intervenci\u00f3 escolar que promou la salut cardiovascular. Desenvolupa metodologies globalitzadores i integra quatre components b\u00e0sics: l&#8217;adquisici\u00f3 d&#8217;h\u00e0bits d&#8217;alimentaci\u00f3 saludable, desenvolupament de l&#8217;activitat f\u00edsica, el coneixement del cos i la gesti\u00f3 emocional com a factor de protecci\u00f3.<\/p>\n<p>Els nens treballen diverses activitats a l&#8217;aula, per\u00f2 perqu\u00e8 els h\u00e0bits es consolidin \u00e9s fonamental que tamb\u00e9 treballen en <strong>fam\u00edlia<\/strong>. Amb el programa es pret\u00e9n que totes les fam\u00edlies i infants puguin con\u00e8ixer i aprendre a mantenir bons h\u00e0bits de salut de forma f\u00e0cil i divertida. Per aquest motiu, des de la Fundaci\u00f3 SHE (<em>Foundation for Science, Health and Education<\/em>), s&#8217;ofereixen idees sobre activitats per a compartir en fam\u00edlia, sortides o receptes i informaci\u00f3 general sobre h\u00e0bits saludables per a tothom. Des de l&#8217;escola es facilita a les fam\u00edlies un enlla\u00e7, un usuari i una contrasenya per a qu\u00e8 tots hi puguin entrar, siguin sabedors del que fan els seus fills i, principalment, per a que les fam\u00edlies tamb\u00e9 incorporin els h\u00e0bits saludables a la seva vida di\u00e0ria.<\/p>\n","protected":false},"excerpt":{"rendered":"<p>El Departament d&#8217;Educaci\u00f3 va engegar el curs 2017-18 el Programa de salut integral SI!. Des de llavors a la nostra escola hi participa l\u2019alumnat d\u2019Educaci\u00f3 Infantil. \u00c9s un programa d&#8217;intervenci\u00f3 escolar que promou la salut cardiovascular. Desenvolupa metodologies globalitzadores i integra quatre components b\u00e0sics: l&#8217;adquisici\u00f3 d&#8217;h\u00e0bits d&#8217;alimentaci\u00f3 saludable, desenvolupament de l&#8217;activitat f\u00edsica, el coneixement del [&hellip;]<\/p>\n","protected":false},"author":1,"featured_media":0,"parent":64,"menu_order":7,"comment_status":"closed","ping_status":"closed","template":"","meta":{"_bbp_topic_count":0,"_bbp_reply_count":0,"_bbp_total_topic_count":0,"_bbp_total_reply_count":0,"_bbp_voice_count":0,"_bbp_anonymous_reply_count":0,"_bbp_topic_count_hidden":0,"_bbp_reply_count_hidden":0,"_bbp_forum_subforum_count":0,"site-sidebar-layout":"default","site-content-layout":"","ast-site-content-layout":"default","site-content-style":"default","site-sidebar-style":"default","ast-global-header-display":"","ast-banner-title-visibility":"","ast-main-header-display":"","ast-hfb-above-header-display":"","ast-hfb-below-header-display":"","ast-hfb-mobile-header-display":"","site-post-title":"","ast-breadcrumbs-content":"","ast-featured-img":"","footer-sml-layout":"","theme-transparent-header-meta":"default","adv-header-id-meta":"","stick-header-meta":"","header-above-stick-meta":"","header-main-stick-meta":"","header-below-stick-meta":"","astra-migrate-meta-layouts":"set","ast-page-background-enabled":"default","ast-page-background-meta":{"desktop":{"background-color":"var(--ast-global-color-4)","background-image":"","background-repeat":"repeat","background-position":"center center","background-size":"auto","background-attachment":"scroll","background-type":"","background-media":"","overlay-type":"","overlay-color":"","overlay-opacity":"","overlay-gradient":""},"tablet":{"background-color":"","background-image":"","background-repeat":"repeat","background-position":"center center","background-size":"auto","background-attachment":"scroll","background-type":"","background-media":"","overlay-type":"","overlay-color":"","overlay-opacity":"","overlay-gradient":""},"mobile":{"background-color":"","background-image":"","background-repeat":"repeat","background-position":"center center","background-size":"auto","background-attachment":"scroll","background-type":"","background-media":"","overlay-type":"","overlay-color":"","overlay-opacity":"","overlay-gradient":""}},"ast-content-background-meta":{"desktop":{"background-color":"var(--ast-global-color-5)","background-image":"","background-repeat":"repeat","background-position":"center center","background-size":"auto","background-attachment":"scroll","background-type":"","background-media":"","overlay-type":"","overlay-color":"","overlay-opacity":"","overlay-gradient":""},"tablet":{"background-color":"var(--ast-global-color-5)","background-image":"","background-repeat":"repeat","background-position":"center center","background-size":"auto","background-attachment":"scroll","background-type":"","background-media":"","overlay-type":"","overlay-color":"","overlay-opacity":"","overlay-gradient":""},"mobile":{"background-color":"var(--ast-global-color-5)","background-image":"","background-repeat":"repeat","background-position":"center center","background-size":"auto","background-attachment":"scroll","background-type":"","background-media":"","overlay-type":"","overlay-color":"","overlay-opacity":"","overlay-gradient":""}},"footnotes":""},"class_list":["post-623","page","type-page","status-publish","hentry"],"post_mailing_queue_ids":[],"_links":{"self":[{"href":"https:\/\/agora.xtec.cat\/ceipsantmiquel\/wp-json\/wp\/v2\/pages\/623","targetHints":{"allow":["GET"]}}],"collection":[{"href":"https:\/\/agora.xtec.cat\/ceipsantmiquel\/wp-json\/wp\/v2\/pages"}],"about":[{"href":"https:\/\/agora.xtec.cat\/ceipsantmiquel\/wp-json\/wp\/v2\/types\/page"}],"author":[{"embeddable":true,"href":"https:\/\/agora.xtec.cat\/ceipsantmiquel\/wp-json\/wp\/v2\/users\/1"}],"replies":[{"embeddable":true,"href":"https:\/\/agora.xtec.cat\/ceipsantmiquel\/wp-json\/wp\/v2\/comments?post=623"}],"version-history":[{"count":4,"href":"https:\/\/agora.xtec.cat\/ceipsantmiquel\/wp-json\/wp\/v2\/pages\/623\/revisions"}],"predecessor-version":[{"id":6213,"href":"https:\/\/agora.xtec.cat\/ceipsantmiquel\/wp-json\/wp\/v2\/pages\/623\/revisions\/6213"}],"up":[{"embeddable":true,"href":"https:\/\/agora.xtec.cat\/ceipsantmiquel\/wp-json\/wp\/v2\/pages\/64"}],"wp:attachment":[{"href":"https:\/\/agora.xtec.cat\/ceipsantmiquel\/wp-json\/wp\/v2\/media?parent=623"}],"curies":[{"name":"wp","href":"https:\/\/api.w.org\/{rel}","templated":true}]}}