{"id":6228,"date":"2025-10-17T16:26:45","date_gmt":"2025-10-17T14:26:45","guid":{"rendered":"https:\/\/agora.xtec.cat\/ceipsantmiquel\/?page_id=6228"},"modified":"2025-10-20T10:01:16","modified_gmt":"2025-10-20T08:01:16","slug":"activitats-extraescolars","status":"publish","type":"page","link":"https:\/\/agora.xtec.cat\/ceipsantmiquel\/activitats-extraescolars\/","title":{"rendered":"Activitats extraescolars"},"content":{"rendered":"<p>Aquest curs 2025-26 a l&#8217;escola s&#8217;ofereixen les seg\u00fcents <strong>activitats extraescolars gestionades per l&#8217;AFA<\/strong>:<\/p>\n<p>&#8211; Angl\u00e8s (Infantil \/ 1r i 2n \/ 3r i 4t \/ 5\u00e8 i 6\u00e8)<\/p>\n<p>&#8211; Escacs (Infantil, 1r i 2n \/ 3r, 4t, 5\u00e8 i 6\u00e8)<\/p>\n<p>&#8211; Gimn\u00e0stica r\u00edtmica (Prim\u00e0ra)<\/p>\n<p>&#8211; Mecanografia i inform\u00e0tica (3r, 4t, 5\u00e8 i 6\u00e8)<\/p>\n<p>&#8211; Multiesport (Infantil, 1r i 2n)<\/p>\n<p>&#8211; Teatre (Prim\u00e0ria)<\/p>\n<p>A m\u00e9s, tamb\u00e9 s&#8217;ofereix l&#8217;activitat de Cant coral, <strong>organitzada per l&#8217;Ajuntament d&#8217;Asc\u00f3 i l&#8217;Escola Municipal de M\u00fasica d&#8217;Asc\u00f3<\/strong>.<\/p>\n<p>&nbsp;<\/p>\n","protected":false},"excerpt":{"rendered":"<p>Aquest curs 2025-26 a l&#8217;escola s&#8217;ofereixen les seg\u00fcents activitats extraescolars gestionades per l&#8217;AFA: &#8211; Angl\u00e8s (Infantil \/ 1r i 2n \/ 3r i 4t \/ 5\u00e8 i 6\u00e8) &#8211; Escacs (Infantil, 1r i 2n \/ 3r, 4t, 5\u00e8 i 6\u00e8) &#8211; Gimn\u00e0stica r\u00edtmica (Prim\u00e0ra) &#8211; Mecanografia i inform\u00e0tica (3r, 4t, 5\u00e8 i 6\u00e8) &#8211; Multiesport [&hellip;]<\/p>\n","protected":false},"author":1,"featured_media":0,"parent":0,"menu_order":0,"comment_status":"closed","ping_status":"closed","template":"","meta":{"_bbp_topic_count":0,"_bbp_reply_count":0,"_bbp_total_topic_count":0,"_bbp_total_reply_count":0,"_bbp_voice_count":0,"_bbp_anonymous_reply_count":0,"_bbp_topic_count_hidden":0,"_bbp_reply_count_hidden":0,"_bbp_forum_subforum_count":0,"site-sidebar-layout":"default","site-content-layout":"","ast-site-content-layout":"default","site-content-style":"default","site-sidebar-style":"default","ast-global-header-display":"","ast-banner-title-visibility":"","ast-main-header-display":"","ast-hfb-above-header-display":"","ast-hfb-below-header-display":"","ast-hfb-mobile-header-display":"","site-post-title":"","ast-breadcrumbs-content":"","ast-featured-img":"","footer-sml-layout":"","theme-transparent-header-meta":"default","adv-header-id-meta":"","stick-header-meta":"","header-above-stick-meta":"","header-main-stick-meta":"","header-below-stick-meta":"","astra-migrate-meta-layouts":"set","ast-page-background-enabled":"default","ast-page-background-meta":{"desktop":{"background-color":"var(--ast-global-color-4)","background-image":"","background-repeat":"repeat","background-position":"center center","background-size":"auto","background-attachment":"scroll","background-type":"","background-media":"","overlay-type":"","overlay-color":"","overlay-opacity":"","overlay-gradient":""},"tablet":{"background-color":"","background-image":"","background-repeat":"repeat","background-position":"center center","background-size":"auto","background-attachment":"scroll","background-type":"","background-media":"","overlay-type":"","overlay-color":"","overlay-opacity":"","overlay-gradient":""},"mobile":{"background-color":"","background-image":"","background-repeat":"repeat","background-position":"center center","background-size":"auto","background-attachment":"scroll","background-type":"","background-media":"","overlay-type":"","overlay-color":"","overlay-opacity":"","overlay-gradient":""}},"ast-content-background-meta":{"desktop":{"background-color":"var(--ast-global-color-5)","background-image":"","background-repeat":"repeat","background-position":"center center","background-size":"auto","background-attachment":"scroll","background-type":"","background-media":"","overlay-type":"","overlay-color":"","overlay-opacity":"","overlay-gradient":""},"tablet":{"background-color":"var(--ast-global-color-5)","background-image":"","background-repeat":"repeat","background-position":"center center","background-size":"auto","background-attachment":"scroll","background-type":"","background-media":"","overlay-type":"","overlay-color":"","overlay-opacity":"","overlay-gradient":""},"mobile":{"background-color":"var(--ast-global-color-5)","background-image":"","background-repeat":"repeat","background-position":"center center","background-size":"auto","background-attachment":"scroll","background-type":"","background-media":"","overlay-type":"","overlay-color":"","overlay-opacity":"","overlay-gradient":""}},"footnotes":""},"class_list":["post-6228","page","type-page","status-publish","hentry"],"post_mailing_queue_ids":[],"_links":{"self":[{"href":"https:\/\/agora.xtec.cat\/ceipsantmiquel\/wp-json\/wp\/v2\/pages\/6228","targetHints":{"allow":["GET"]}}],"collection":[{"href":"https:\/\/agora.xtec.cat\/ceipsantmiquel\/wp-json\/wp\/v2\/pages"}],"about":[{"href":"https:\/\/agora.xtec.cat\/ceipsantmiquel\/wp-json\/wp\/v2\/types\/page"}],"author":[{"embeddable":true,"href":"https:\/\/agora.xtec.cat\/ceipsantmiquel\/wp-json\/wp\/v2\/users\/1"}],"replies":[{"embeddable":true,"href":"https:\/\/agora.xtec.cat\/ceipsantmiquel\/wp-json\/wp\/v2\/comments?post=6228"}],"version-history":[{"count":4,"href":"https:\/\/agora.xtec.cat\/ceipsantmiquel\/wp-json\/wp\/v2\/pages\/6228\/revisions"}],"predecessor-version":[{"id":6237,"href":"https:\/\/agora.xtec.cat\/ceipsantmiquel\/wp-json\/wp\/v2\/pages\/6228\/revisions\/6237"}],"wp:attachment":[{"href":"https:\/\/agora.xtec.cat\/ceipsantmiquel\/wp-json\/wp\/v2\/media?parent=6228"}],"curies":[{"name":"wp","href":"https:\/\/api.w.org\/{rel}","templated":true}]}}