{"id":6194,"date":"2025-10-17T09:27:47","date_gmt":"2025-10-17T07:27:47","guid":{"rendered":"https:\/\/agora.xtec.cat\/ceipsantmiquel\/?page_id=6194"},"modified":"2025-10-17T15:32:36","modified_gmt":"2025-10-17T13:32:36","slug":"escola-verda","status":"publish","type":"page","link":"https:\/\/agora.xtec.cat\/ceipsantmiquel\/projecte-educatiu\/escola-verda\/","title":{"rendered":"Escola Verda"},"content":{"rendered":"<p><a href=\"https:\/\/agora.xtec.cat\/ceipsantmiquel\/wp-content\/uploads\/usu2020\/2025\/10\/logo-escola-verda.jpeg\"><img loading=\"lazy\" decoding=\"async\" class=\" wp-image-6198 alignright\" src=\"https:\/\/agora.xtec.cat\/ceipsantmiquel\/wp-content\/uploads\/usu2020\/2025\/10\/logo-escola-verda.jpeg\" alt=\"\" width=\"367\" height=\"367\" srcset=\"https:\/\/agora.xtec.cat\/ceipsantmiquel\/wp-content\/uploads\/usu2020\/2025\/10\/logo-escola-verda.jpeg 340w, https:\/\/agora.xtec.cat\/ceipsantmiquel\/wp-content\/uploads\/usu2020\/2025\/10\/logo-escola-verda-300x300.jpeg 300w, https:\/\/agora.xtec.cat\/ceipsantmiquel\/wp-content\/uploads\/usu2020\/2025\/10\/logo-escola-verda-150x150.jpeg 150w\" sizes=\"auto, (max-width: 367px) 100vw, 367px\" \/><\/a>La nostra escola forma part de la Xarxa d\u2019Escoles Verdes de Catalunya, un projecte que reconeix i acompanya els centres educatius compromesos amb el respecte pel medi ambient i la sostenibilitat. Ser Escola Verda vol dir anar m\u00e9s enll\u00e0 de fer activitats puntuals: implica treballar de manera continuada per millorar el nostre entorn i fomentar una actitud responsable i conscient en tota la comunitat educativa.<\/p>\n<p>Apostem per una educaci\u00f3 que connecti amb la natura i que ajudi els infants a entendre que cada petit gest compta. Des de la gesti\u00f3 dels residus i l\u2019estalvi d\u2019aigua i energia fins a sortides per descobrir el nostre entorn, busquem que els nens i nenes aprenguin vivint i experimentant.<\/p>\n<p>Formar part de la Xarxa d\u2019Escoles Verdes tamb\u00e9 significa treballar en equip amb altres centres i compartir bones pr\u00e0ctiques, tot aprenent plegats com fer de l\u2019escola un espai m\u00e9s sostenible, saludable i respectu\u00f3s amb el planeta.<\/p>\n<p>Amb il\u00b7lusi\u00f3 i comprom\u00eds, continuem avan\u00e7ant cap a una escola que t\u00e9 cura de les persones i del medi ambient: una escola verda en tots els sentits.<\/p>\n<p>&nbsp;<\/p>\n","protected":false},"excerpt":{"rendered":"<p>La nostra escola forma part de la Xarxa d\u2019Escoles Verdes de Catalunya, un projecte que reconeix i acompanya els centres educatius compromesos amb el respecte pel medi ambient i la sostenibilitat. Ser Escola Verda vol dir anar m\u00e9s enll\u00e0 de fer activitats puntuals: implica treballar de manera continuada per millorar el nostre entorn i fomentar [&hellip;]<\/p>\n","protected":false},"author":1,"featured_media":0,"parent":64,"menu_order":5,"comment_status":"closed","ping_status":"closed","template":"","meta":{"_bbp_topic_count":0,"_bbp_reply_count":0,"_bbp_total_topic_count":0,"_bbp_total_reply_count":0,"_bbp_voice_count":0,"_bbp_anonymous_reply_count":0,"_bbp_topic_count_hidden":0,"_bbp_reply_count_hidden":0,"_bbp_forum_subforum_count":0,"site-sidebar-layout":"default","site-content-layout":"","ast-site-content-layout":"default","site-content-style":"default","site-sidebar-style":"default","ast-global-header-display":"","ast-banner-title-visibility":"","ast-main-header-display":"","ast-hfb-above-header-display":"","ast-hfb-below-header-display":"","ast-hfb-mobile-header-display":"","site-post-title":"","ast-breadcrumbs-content":"","ast-featured-img":"","footer-sml-layout":"","theme-transparent-header-meta":"default","adv-header-id-meta":"","stick-header-meta":"","header-above-stick-meta":"","header-main-stick-meta":"","header-below-stick-meta":"","astra-migrate-meta-layouts":"set","ast-page-background-enabled":"default","ast-page-background-meta":{"desktop":{"background-color":"var(--ast-global-color-4)","background-image":"","background-repeat":"repeat","background-position":"center center","background-size":"auto","background-attachment":"scroll","background-type":"","background-media":"","overlay-type":"","overlay-color":"","overlay-opacity":"","overlay-gradient":""},"tablet":{"background-color":"","background-image":"","background-repeat":"repeat","background-position":"center center","background-size":"auto","background-attachment":"scroll","background-type":"","background-media":"","overlay-type":"","overlay-color":"","overlay-opacity":"","overlay-gradient":""},"mobile":{"background-color":"","background-image":"","background-repeat":"repeat","background-position":"center center","background-size":"auto","background-attachment":"scroll","background-type":"","background-media":"","overlay-type":"","overlay-color":"","overlay-opacity":"","overlay-gradient":""}},"ast-content-background-meta":{"desktop":{"background-color":"var(--ast-global-color-5)","background-image":"","background-repeat":"repeat","background-position":"center center","background-size":"auto","background-attachment":"scroll","background-type":"","background-media":"","overlay-type":"","overlay-color":"","overlay-opacity":"","overlay-gradient":""},"tablet":{"background-color":"var(--ast-global-color-5)","background-image":"","background-repeat":"repeat","background-position":"center center","background-size":"auto","background-attachment":"scroll","background-type":"","background-media":"","overlay-type":"","overlay-color":"","overlay-opacity":"","overlay-gradient":""},"mobile":{"background-color":"var(--ast-global-color-5)","background-image":"","background-repeat":"repeat","background-position":"center center","background-size":"auto","background-attachment":"scroll","background-type":"","background-media":"","overlay-type":"","overlay-color":"","overlay-opacity":"","overlay-gradient":""}},"footnotes":""},"class_list":["post-6194","page","type-page","status-publish","hentry"],"post_mailing_queue_ids":[],"_links":{"self":[{"href":"https:\/\/agora.xtec.cat\/ceipsantmiquel\/wp-json\/wp\/v2\/pages\/6194","targetHints":{"allow":["GET"]}}],"collection":[{"href":"https:\/\/agora.xtec.cat\/ceipsantmiquel\/wp-json\/wp\/v2\/pages"}],"about":[{"href":"https:\/\/agora.xtec.cat\/ceipsantmiquel\/wp-json\/wp\/v2\/types\/page"}],"author":[{"embeddable":true,"href":"https:\/\/agora.xtec.cat\/ceipsantmiquel\/wp-json\/wp\/v2\/users\/1"}],"replies":[{"embeddable":true,"href":"https:\/\/agora.xtec.cat\/ceipsantmiquel\/wp-json\/wp\/v2\/comments?post=6194"}],"version-history":[{"count":6,"href":"https:\/\/agora.xtec.cat\/ceipsantmiquel\/wp-json\/wp\/v2\/pages\/6194\/revisions"}],"predecessor-version":[{"id":6207,"href":"https:\/\/agora.xtec.cat\/ceipsantmiquel\/wp-json\/wp\/v2\/pages\/6194\/revisions\/6207"}],"up":[{"embeddable":true,"href":"https:\/\/agora.xtec.cat\/ceipsantmiquel\/wp-json\/wp\/v2\/pages\/64"}],"wp:attachment":[{"href":"https:\/\/agora.xtec.cat\/ceipsantmiquel\/wp-json\/wp\/v2\/media?parent=6194"}],"curies":[{"name":"wp","href":"https:\/\/api.w.org\/{rel}","templated":true}]}}