{"id":32,"date":"2014-09-18T12:31:33","date_gmt":"2014-09-18T11:31:33","guid":{"rendered":"http:\/\/agora.xtec.cat\/ceipsantmiquel\/?page_id=32"},"modified":"2025-10-16T14:32:25","modified_gmt":"2025-10-16T12:32:25","slug":"calendari-del-curs","status":"publish","type":"page","link":"https:\/\/agora.xtec.cat\/ceipsantmiquel\/lescola\/calendari-del-curs\/","title":{"rendered":"Calendari del curs"},"content":{"rendered":"<h4><a href=\"https:\/\/agora.xtec.cat\/ceipsantmiquel\/wp-content\/uploads\/usu2020\/2025\/06\/calendari-25-26.jpg\"><img loading=\"lazy\" decoding=\"async\" class=\"size-full wp-image-6063 aligncenter\" src=\"https:\/\/agora.xtec.cat\/ceipsantmiquel\/wp-content\/uploads\/usu2020\/2025\/06\/calendari-25-26.jpg\" alt=\"\" width=\"595\" height=\"878\" srcset=\"https:\/\/agora.xtec.cat\/ceipsantmiquel\/wp-content\/uploads\/usu2020\/2025\/06\/calendari-25-26.jpg 595w, https:\/\/agora.xtec.cat\/ceipsantmiquel\/wp-content\/uploads\/usu2020\/2025\/06\/calendari-25-26-203x300.jpg 203w\" sizes=\"auto, (max-width: 595px) 100vw, 595px\" \/><\/a><\/h4>\n<h4 style=\"text-align: left;\"><strong>Horari:<\/strong><\/h4>\n<p style=\"text-align: left;\">L\u2019<b>horari lectiu<\/b> \u00e9s de 9 a 12.30h i de 15.00 a 16.30h per a tot l&#8217;alumnat del centre.<\/p>\n<p style=\"text-align: left;\">Es far\u00e0 <strong>horari compactat,<\/strong> de 9 a 13h, el 20 de desembre de 2024, i del 9 al 20 de juny de 2025 (ambd\u00f3s inclosos).<\/p>\n<p style=\"text-align: left;\">L&#8217;horari del servei de <strong>menjador<\/strong> \u00e9s de 12.30 a 15h, tot i que en el per\u00edode d&#8217;horari compactat \u00e9s de 13 a 15h.<\/p>\n<h4><strong>Entrades i sortides:<\/strong><\/h4>\n<p>Tot l&#8217;alumnat entrar\u00e0 i sortir\u00e0 per la <strong>porta del carrer Escoles<\/strong>.<\/p>\n<p>Els horaris d&#8217;<strong>entrada<\/strong> seran de 8.55h a 9h i de 14.55h a 15h.<\/p>\n<p>L&#8217;alumnat d&#8217;Educaci\u00f3 Infantil entrar\u00e0 i far\u00e0 fila al pati, i l&#8217;alumnat d&#8217;Educaci\u00f3 Prim\u00e0ria anir\u00e0 directament a la classe.<\/p>\n<p>Els horaris de <strong>sortida<\/strong> seran per Educaci\u00f3 Infantil a les 12.25h i 16.25h, i per Educaci\u00f3 Prim\u00e0ria a les 12.30h i 16.30h.<\/p>\n<h4><\/h4>\n<h4 style=\"text-align: left;\"><strong>Inici de curs:<\/strong><\/h4>\n<p style=\"text-align: left;\">8 de setembre de 2025.<\/p>\n<h4 style=\"text-align: left;\"><strong>\u00daltim dia del curs:<\/strong><\/h4>\n<p style=\"text-align: left;\">19 de juny de 2026.<\/p>\n<h4 style=\"text-align: left;\"><strong>Vacances i festius:<\/strong><\/h4>\n<p style=\"text-align: left;\"><em>1r trimestre<\/em>: 11 de setembre de 2025, 8 de desembre de 2025, del 20 al 31 de desembre de 2025, i de l&#8217;1 al 7 de gener de 2026.<\/p>\n<p style=\"text-align: left;\"><em>2n trimestre<\/em>: 16 de gener de 2026, del 28 de mar\u00e7 al 6 d&#8217;abril de 2026.<\/p>\n<p style=\"text-align: left;\"><em>3r trimestre:<\/em> 1 de maig de 2026 i 24 de juny de 2026.<\/p>\n<h4 style=\"text-align: left;\"><strong>Dies festius de lliure disposici\u00f3:<\/strong><\/h4>\n<p style=\"text-align: left;\"><em>1r trimestre<\/em>: 3 de novembre de 2025.<\/p>\n<p style=\"text-align: left;\"><em>2n trimestre<\/em>: 19 de gener de 2026 i 16 de febrer de 2026.<\/p>\n<p><em>3r trimestre<\/em>: 30 d&#8217;abril de 2026 i 25 de maig de 2026.<\/p>\n<p>&nbsp;<\/p>\n<h4><\/h4>\n","protected":false},"excerpt":{"rendered":"<p>Horari: L\u2019horari lectiu \u00e9s de 9 a 12.30h i de 15.00 a 16.30h per a tot l&#8217;alumnat del centre. Es far\u00e0 horari compactat, de 9 a 13h, el 20 de desembre de 2024, i del 9 al 20 de juny de 2025 (ambd\u00f3s inclosos). L&#8217;horari del servei de menjador \u00e9s de 12.30 a 15h, tot [&hellip;]<\/p>\n","protected":false},"author":1,"featured_media":0,"parent":22,"menu_order":50,"comment_status":"closed","ping_status":"closed","template":"","meta":{"_bbp_topic_count":0,"_bbp_reply_count":0,"_bbp_total_topic_count":0,"_bbp_total_reply_count":0,"_bbp_voice_count":0,"_bbp_anonymous_reply_count":0,"_bbp_topic_count_hidden":0,"_bbp_reply_count_hidden":0,"_bbp_forum_subforum_count":0,"site-sidebar-layout":"default","site-content-layout":"","ast-site-content-layout":"default","site-content-style":"default","site-sidebar-style":"default","ast-global-header-display":"","ast-banner-title-visibility":"","ast-main-header-display":"","ast-hfb-above-header-display":"","ast-hfb-below-header-display":"","ast-hfb-mobile-header-display":"","site-post-title":"","ast-breadcrumbs-content":"","ast-featured-img":"","footer-sml-layout":"","theme-transparent-header-meta":"default","adv-header-id-meta":"","stick-header-meta":"","header-above-stick-meta":"","header-main-stick-meta":"","header-below-stick-meta":"","astra-migrate-meta-layouts":"set","ast-page-background-enabled":"default","ast-page-background-meta":{"desktop":{"background-color":"var(--ast-global-color-4)","background-image":"","background-repeat":"repeat","background-position":"center center","background-size":"auto","background-attachment":"scroll","background-type":"","background-media":"","overlay-type":"","overlay-color":"","overlay-opacity":"","overlay-gradient":""},"tablet":{"background-color":"","background-image":"","background-repeat":"repeat","background-position":"center center","background-size":"auto","background-attachment":"scroll","background-type":"","background-media":"","overlay-type":"","overlay-color":"","overlay-opacity":"","overlay-gradient":""},"mobile":{"background-color":"","background-image":"","background-repeat":"repeat","background-position":"center center","background-size":"auto","background-attachment":"scroll","background-type":"","background-media":"","overlay-type":"","overlay-color":"","overlay-opacity":"","overlay-gradient":""}},"ast-content-background-meta":{"desktop":{"background-color":"var(--ast-global-color-5)","background-image":"","background-repeat":"repeat","background-position":"center center","background-size":"auto","background-attachment":"scroll","background-type":"","background-media":"","overlay-type":"","overlay-color":"","overlay-opacity":"","overlay-gradient":""},"tablet":{"background-color":"var(--ast-global-color-5)","background-image":"","background-repeat":"repeat","background-position":"center center","background-size":"auto","background-attachment":"scroll","background-type":"","background-media":"","overlay-type":"","overlay-color":"","overlay-opacity":"","overlay-gradient":""},"mobile":{"background-color":"var(--ast-global-color-5)","background-image":"","background-repeat":"repeat","background-position":"center center","background-size":"auto","background-attachment":"scroll","background-type":"","background-media":"","overlay-type":"","overlay-color":"","overlay-opacity":"","overlay-gradient":""}},"footnotes":""},"class_list":["post-32","page","type-page","status-publish","hentry"],"post_mailing_queue_ids":[],"_links":{"self":[{"href":"https:\/\/agora.xtec.cat\/ceipsantmiquel\/wp-json\/wp\/v2\/pages\/32","targetHints":{"allow":["GET"]}}],"collection":[{"href":"https:\/\/agora.xtec.cat\/ceipsantmiquel\/wp-json\/wp\/v2\/pages"}],"about":[{"href":"https:\/\/agora.xtec.cat\/ceipsantmiquel\/wp-json\/wp\/v2\/types\/page"}],"author":[{"embeddable":true,"href":"https:\/\/agora.xtec.cat\/ceipsantmiquel\/wp-json\/wp\/v2\/users\/1"}],"replies":[{"embeddable":true,"href":"https:\/\/agora.xtec.cat\/ceipsantmiquel\/wp-json\/wp\/v2\/comments?post=32"}],"version-history":[{"count":6,"href":"https:\/\/agora.xtec.cat\/ceipsantmiquel\/wp-json\/wp\/v2\/pages\/32\/revisions"}],"predecessor-version":[{"id":6175,"href":"https:\/\/agora.xtec.cat\/ceipsantmiquel\/wp-json\/wp\/v2\/pages\/32\/revisions\/6175"}],"up":[{"embeddable":true,"href":"https:\/\/agora.xtec.cat\/ceipsantmiquel\/wp-json\/wp\/v2\/pages\/22"}],"wp:attachment":[{"href":"https:\/\/agora.xtec.cat\/ceipsantmiquel\/wp-json\/wp\/v2\/media?parent=32"}],"curies":[{"name":"wp","href":"https:\/\/api.w.org\/{rel}","templated":true}]}}