{"id":5886,"date":"2022-01-28T19:08:03","date_gmt":"2022-01-28T18:08:03","guid":{"rendered":"https:\/\/agora.xtec.cat\/ceipsantmarti-cerdanyola\/?page_id=5886"},"modified":"2023-11-20T13:47:11","modified_gmt":"2023-11-20T12:47:11","slug":"autoritzacions","status":"publish","type":"page","link":"https:\/\/agora.xtec.cat\/ceipsantmarti-cerdanyola\/autoritzacions\/","title":{"rendered":"Autoritzacions"},"content":{"rendered":"<p>Compartim les diferents autoritzacions que podeu trobar o necessitar del centre.<\/p>\n<p>Autoritzaci\u00f3 per la recollida de l&#8217;alumne:<\/p>\n<p><a href=\"https:\/\/agora.xtec.cat\/ceipsantmarti-cerdanyola\/autoritzacions\/attachment\/autoritzacions-recollida-alumnes-actualitzada\/\" rel=\"attachment wp-att-7043\">AUTORITZACIONS RECOLLIDA ALUMNES<\/a><\/p>\n<p>Carta de comprom\u00eds educatiu:<\/p>\n<p><a href=\"https:\/\/agora.xtec.cat\/ceipsantmarti-cerdanyola\/autoritzacions\/attachment\/carta-de-compromis-nova-sant-marti\/\" rel=\"attachment wp-att-6674\">CARTA DE COMPROM\u00cdS nova Sant Mart\u00ed<\/a><\/p>\n<p>Autoritzaci\u00f3 per l&#8217;\u00fas d&#8217;imatges, publicaci\u00f3 de dades de car\u00e0cter personal i de material que elaboren:<\/p>\n<p><a href=\"https:\/\/agora.xtec.cat\/ceipsantmarti-cerdanyola\/autoritzacions\/attachment\/autoritzacio-us-de-dades-personals-als-recursos-digitals\/\" rel=\"attachment wp-att-7046\">AUTORITZACI\u00d3 \u00das de dades personals als recursos digitals<\/a><\/p>\n<p>Autoritzaci\u00f3 per l&#8217;administraci\u00f3 de paracetamol als infants del centre:<\/p>\n<p><a href=\"https:\/\/agora.xtec.cat\/ceipsantmarti-cerdanyola\/autoritzacions\/attachment\/paracetamol\/\" rel=\"attachment wp-att-6676\">paracetamol<\/a><\/p>\n<p>Autoritzaci\u00f3 de les sortides del centre:<\/p>\n<p><a href=\"https:\/\/agora.xtec.cat\/ceipsantmarti-cerdanyola\/autoritzacions\/attachment\/autoritzacio-sortides\/\" rel=\"attachment wp-att-6677\">Autoritzaci\u00f3 sortides<\/a><\/p>\n","protected":false},"excerpt":{"rendered":"<p>Compartim les diferents autoritzacions que podeu trobar o necessitar del centre.<br \/>\nAutoritzaci\u00f3 per la recollida de l&#8217;alumne:<br \/>\n<a href=\"https:\/\/agora.xtec.cat\/ceipsantmarti-cerdanyola\/autoritzacions\/attachment\/autoritzacions-recollida-alumnes-actualitzada\/\" rel=\"attachment wp-att-7043\">AUTORITZACIONS RECOLLIDA ALUMNES<\/a><br \/>\nCarta de comprom\u00eds educatiu:<br \/>\n<a href=\"https:\/\/agora.xtec.cat\/ceipsantmarti-cerdanyola\/autoritzacions\/attachment\/carta-de-compromis-nova-sant-marti\/\" rel=\"attachment wp-att-6674\">CARTA DE COMPROM\u00cdS nova Sant Mart\u00ed<\/a><br \/>\nAutoritzaci\u00f3 per l&#8217;\u00fas d&#8217;imatges, publicaci\u00f3 de dades de car\u00e0cter personal i de material que&hellip;  <a href=\"https:\/\/agora.xtec.cat\/ceipsantmarti-cerdanyola\/autoritzacions\/\" title=\"Read Autoritzacions\">Llegeix m\u00e9s\u00bb<\/a><\/p>\n","protected":false},"author":1,"featured_media":0,"parent":0,"menu_order":0,"comment_status":"closed","ping_status":"closed","template":"","meta":{"_bbp_topic_count":0,"_bbp_reply_count":0,"_bbp_total_topic_count":0,"_bbp_total_reply_count":0,"_bbp_voice_count":0,"_bbp_anonymous_reply_count":0,"_bbp_topic_count_hidden":0,"_bbp_reply_count_hidden":0,"_bbp_forum_subforum_count":0,"footnotes":""},"class_list":["post-5886","page","type-page","status-publish","hentry"],"post_mailing_queue_ids":[],"_links":{"self":[{"href":"https:\/\/agora.xtec.cat\/ceipsantmarti-cerdanyola\/wp-json\/wp\/v2\/pages\/5886","targetHints":{"allow":["GET"]}}],"collection":[{"href":"https:\/\/agora.xtec.cat\/ceipsantmarti-cerdanyola\/wp-json\/wp\/v2\/pages"}],"about":[{"href":"https:\/\/agora.xtec.cat\/ceipsantmarti-cerdanyola\/wp-json\/wp\/v2\/types\/page"}],"author":[{"embeddable":true,"href":"https:\/\/agora.xtec.cat\/ceipsantmarti-cerdanyola\/wp-json\/wp\/v2\/users\/1"}],"replies":[{"embeddable":true,"href":"https:\/\/agora.xtec.cat\/ceipsantmarti-cerdanyola\/wp-json\/wp\/v2\/comments?post=5886"}],"version-history":[{"count":5,"href":"https:\/\/agora.xtec.cat\/ceipsantmarti-cerdanyola\/wp-json\/wp\/v2\/pages\/5886\/revisions"}],"predecessor-version":[{"id":7045,"href":"https:\/\/agora.xtec.cat\/ceipsantmarti-cerdanyola\/wp-json\/wp\/v2\/pages\/5886\/revisions\/7045"}],"wp:attachment":[{"href":"https:\/\/agora.xtec.cat\/ceipsantmarti-cerdanyola\/wp-json\/wp\/v2\/media?parent=5886"}],"curies":[{"name":"wp","href":"https:\/\/api.w.org\/{rel}","templated":true}]}}