{"id":3285,"date":"2019-11-02T15:58:30","date_gmt":"2019-11-02T14:58:30","guid":{"rendered":"http:\/\/agora.xtec.cat\/ceipsantmarti-cerdanyola\/?page_id=3285"},"modified":"2019-11-02T18:50:24","modified_gmt":"2019-11-02T17:50:24","slug":"poliesportiu","status":"publish","type":"page","link":"https:\/\/agora.xtec.cat\/ceipsantmarti-cerdanyola\/ampa\/extraescolars\/poliesportiu\/","title":{"rendered":"Iniciaci\u00f3 a l&#8217;esport i poliesportiu"},"content":{"rendered":"<h5><strong>Horari\/<em>Horario<\/em><\/strong><\/h5>\n<p><span style=\"font-weight: 400;\">Dilluns i dimecres\/<em>Lunes y mi\u00e9rcoles<\/em>: <\/span><span style=\"font-weight: 400;\">16.30-17.30<\/span><\/p>\n<h5><strong>Preu\/<em>Precio<\/em><\/strong><\/h5>\n<p><span style=\"font-weight: 400;\">15 \u20ac\/mes<\/span><\/p>\n<h5><strong>Equipament\/<em>Equipamiento<\/em><\/strong><\/h5>\n<p><span style=\"font-weight: 400;\"><strong>Per als partits<\/strong>: samarreta de l&#8217;equip (8 \u20ac a l&#8217;AFA) i pantal\u00f3 negre.<\/span><\/p>\n<p><em><span style=\"font-weight: 400;\"><strong>Para los partidos<\/strong>: camiseta del equipo <\/span><span style=\"font-weight: 400;\">(8 \u20ac a l&#8217;AFA) y pantal\u00f3n negro.<\/span><\/em><\/p>\n<p>Amb l&#8217;Andrea (iniciaci\u00f3 a l&#8217;esport) i l&#8217;Eva (poliesportiu), els nens i nenes de l&#8217;escola es diverteixen alhora que practiquen diferents esports. Coneixeu una manera millor d&#8217;acabar el dia?<\/p>\n<p><em>Con Andrea (iniciaci\u00f3n al deporte) y Eva (polideportivo), los ni\u00f1os y ni\u00f1as de la escuela se diverten a la vez que practican diferentes deportes. \u00bfConoc\u00e9is una manera mejor de acabar el d\u00eda?<\/em><\/p>\n<p style=\"text-align: center;\"><iframe loading=\"lazy\" src=\"\/\/www.youtube.com\/embed\/raZo2Zt0Ego\" width=\"784\" height=\"441\" frameborder=\"0\" allowfullscreen=\"allowfullscreen\"><\/iframe><\/p>\n<div id='gallery-1' class='gallery galleryid-3285 gallery-columns-2 gallery-size-medium'><figure class='gallery-item'>\n\t\t\t<div class='gallery-icon landscape'>\n\t\t\t\t<a href='https:\/\/agora.xtec.cat\/ceipsantmarti-cerdanyola\/ampa\/extraescolars\/poliesportiu\/attachment\/img-20191102-wa0025\/'><img loading=\"lazy\" decoding=\"async\" width=\"300\" height=\"300\" src=\"https:\/\/agora.xtec.cat\/ceipsantmarti-cerdanyola\/wp-content\/uploads\/usu938\/2019\/11\/IMG-20191102-WA0025-300x300.jpg\" class=\"attachment-medium size-medium\" alt=\"\" srcset=\"https:\/\/agora.xtec.cat\/ceipsantmarti-cerdanyola\/wp-content\/uploads\/usu938\/2019\/11\/IMG-20191102-WA0025-300x300.jpg 300w, https:\/\/agora.xtec.cat\/ceipsantmarti-cerdanyola\/wp-content\/uploads\/usu938\/2019\/11\/IMG-20191102-WA0025-150x150.jpg 150w, https:\/\/agora.xtec.cat\/ceipsantmarti-cerdanyola\/wp-content\/uploads\/usu938\/2019\/11\/IMG-20191102-WA0025-768x768.jpg 768w, https:\/\/agora.xtec.cat\/ceipsantmarti-cerdanyola\/wp-content\/uploads\/usu938\/2019\/11\/IMG-20191102-WA0025-1024x1024.jpg 1024w, https:\/\/agora.xtec.cat\/ceipsantmarti-cerdanyola\/wp-content\/uploads\/usu938\/2019\/11\/IMG-20191102-WA0025.jpg 1512w\" sizes=\"auto, (max-width: 300px) 100vw, 300px\" \/><\/a>\n\t\t\t<\/div><\/figure><figure class='gallery-item'>\n\t\t\t<div class='gallery-icon landscape'>\n\t\t\t\t<a href='https:\/\/agora.xtec.cat\/ceipsantmarti-cerdanyola\/ampa\/extraescolars\/poliesportiu\/attachment\/img-20191102-wa0024\/'><img loading=\"lazy\" decoding=\"async\" width=\"300\" height=\"300\" src=\"https:\/\/agora.xtec.cat\/ceipsantmarti-cerdanyola\/wp-content\/uploads\/usu938\/2019\/11\/IMG-20191102-WA0024-300x300.jpg\" class=\"attachment-medium size-medium\" alt=\"\" srcset=\"https:\/\/agora.xtec.cat\/ceipsantmarti-cerdanyola\/wp-content\/uploads\/usu938\/2019\/11\/IMG-20191102-WA0024-300x300.jpg 300w, https:\/\/agora.xtec.cat\/ceipsantmarti-cerdanyola\/wp-content\/uploads\/usu938\/2019\/11\/IMG-20191102-WA0024-150x150.jpg 150w, https:\/\/agora.xtec.cat\/ceipsantmarti-cerdanyola\/wp-content\/uploads\/usu938\/2019\/11\/IMG-20191102-WA0024-768x768.jpg 768w, https:\/\/agora.xtec.cat\/ceipsantmarti-cerdanyola\/wp-content\/uploads\/usu938\/2019\/11\/IMG-20191102-WA0024-1024x1024.jpg 1024w, https:\/\/agora.xtec.cat\/ceipsantmarti-cerdanyola\/wp-content\/uploads\/usu938\/2019\/11\/IMG-20191102-WA0024.jpg 1512w\" sizes=\"auto, (max-width: 300px) 100vw, 300px\" \/><\/a>\n\t\t\t<\/div><\/figure>\n\t\t<\/div>\n\n","protected":false},"excerpt":{"rendered":"<p>Horari\/Horario Dilluns i dimecres\/Lunes y mi\u00e9rcoles: 16.30-17.30 Preu\/Precio 15 \u20ac\/mes Equipament\/Equipamiento Per als partits: samarreta de l&#8217;equip (8 \u20ac a l&#8217;AFA) i pantal\u00f3 negre. Para los partidos: camiseta del equipo (8 \u20ac a l&#8217;AFA) y pantal\u00f3n negro. Amb l&#8217;Andrea (iniciaci\u00f3 a l&#8217;esport) i l&#8217;Eva (poliesportiu), els nens i nenes de l&#8217;escola es diverteixen alhora que [&hellip;]<\/p>\n","protected":false},"author":1,"featured_media":0,"parent":3182,"menu_order":0,"comment_status":"closed","ping_status":"closed","template":"","meta":{"_bbp_topic_count":0,"_bbp_reply_count":0,"_bbp_total_topic_count":0,"_bbp_total_reply_count":0,"_bbp_voice_count":0,"_bbp_anonymous_reply_count":0,"_bbp_topic_count_hidden":0,"_bbp_reply_count_hidden":0,"_bbp_forum_subforum_count":0,"site-sidebar-layout":"default","site-content-layout":"","ast-site-content-layout":"","site-content-style":"default","site-sidebar-style":"default","ast-global-header-display":"","ast-banner-title-visibility":"","ast-main-header-display":"","ast-hfb-above-header-display":"","ast-hfb-below-header-display":"","ast-hfb-mobile-header-display":"","site-post-title":"","ast-breadcrumbs-content":"","ast-featured-img":"","footer-sml-layout":"","theme-transparent-header-meta":"","adv-header-id-meta":"","stick-header-meta":"","header-above-stick-meta":"","header-main-stick-meta":"","header-below-stick-meta":"","astra-migrate-meta-layouts":"default","ast-page-background-enabled":"default","ast-page-background-meta":{"desktop":{"background-color":"var(--ast-global-color-4)","background-image":"","background-repeat":"repeat","background-position":"center center","background-size":"auto","background-attachment":"scroll","background-type":"","background-media":"","overlay-type":"","overlay-color":"","overlay-opacity":"","overlay-gradient":""},"tablet":{"background-color":"","background-image":"","background-repeat":"repeat","background-position":"center center","background-size":"auto","background-attachment":"scroll","background-type":"","background-media":"","overlay-type":"","overlay-color":"","overlay-opacity":"","overlay-gradient":""},"mobile":{"background-color":"","background-image":"","background-repeat":"repeat","background-position":"center center","background-size":"auto","background-attachment":"scroll","background-type":"","background-media":"","overlay-type":"","overlay-color":"","overlay-opacity":"","overlay-gradient":""}},"ast-content-background-meta":{"desktop":{"background-color":"var(--ast-global-color-5)","background-image":"","background-repeat":"repeat","background-position":"center center","background-size":"auto","background-attachment":"scroll","background-type":"","background-media":"","overlay-type":"","overlay-color":"","overlay-opacity":"","overlay-gradient":""},"tablet":{"background-color":"var(--ast-global-color-5)","background-image":"","background-repeat":"repeat","background-position":"center center","background-size":"auto","background-attachment":"scroll","background-type":"","background-media":"","overlay-type":"","overlay-color":"","overlay-opacity":"","overlay-gradient":""},"mobile":{"background-color":"var(--ast-global-color-5)","background-image":"","background-repeat":"repeat","background-position":"center center","background-size":"auto","background-attachment":"scroll","background-type":"","background-media":"","overlay-type":"","overlay-color":"","overlay-opacity":"","overlay-gradient":""}},"footnotes":""},"class_list":["post-3285","page","type-page","status-publish","hentry"],"post_mailing_queue_ids":[],"_links":{"self":[{"href":"https:\/\/agora.xtec.cat\/ceipsantmarti-cerdanyola\/wp-json\/wp\/v2\/pages\/3285","targetHints":{"allow":["GET"]}}],"collection":[{"href":"https:\/\/agora.xtec.cat\/ceipsantmarti-cerdanyola\/wp-json\/wp\/v2\/pages"}],"about":[{"href":"https:\/\/agora.xtec.cat\/ceipsantmarti-cerdanyola\/wp-json\/wp\/v2\/types\/page"}],"author":[{"embeddable":true,"href":"https:\/\/agora.xtec.cat\/ceipsantmarti-cerdanyola\/wp-json\/wp\/v2\/users\/1"}],"replies":[{"embeddable":true,"href":"https:\/\/agora.xtec.cat\/ceipsantmarti-cerdanyola\/wp-json\/wp\/v2\/comments?post=3285"}],"version-history":[{"count":3,"href":"https:\/\/agora.xtec.cat\/ceipsantmarti-cerdanyola\/wp-json\/wp\/v2\/pages\/3285\/revisions"}],"predecessor-version":[{"id":3317,"href":"https:\/\/agora.xtec.cat\/ceipsantmarti-cerdanyola\/wp-json\/wp\/v2\/pages\/3285\/revisions\/3317"}],"up":[{"embeddable":true,"href":"https:\/\/agora.xtec.cat\/ceipsantmarti-cerdanyola\/wp-json\/wp\/v2\/pages\/3182"}],"wp:attachment":[{"href":"https:\/\/agora.xtec.cat\/ceipsantmarti-cerdanyola\/wp-json\/wp\/v2\/media?parent=3285"}],"curies":[{"name":"wp","href":"https:\/\/api.w.org\/{rel}","templated":true}]}}

Iniciació a l&#8217;esport i poliesportiu

<h5><strong>Horari/<em>Horario</em></strong></h5>
<p><span style="font-weight: 400;">Dilluns i dimecres/<em>Lunes y miércoles</em>: </span><span style="font-weight: 400;">16.30-17.30</span></p>
<h5><strong>Preu/<em>Precio</em></strong></h5>
<p><span style="font-weight: 400;">15 €/mes</span></p>
<h5><strong>Equipament/<em>Equipamiento</em></strong></h5>
<p><span style="font-weight: 400;"><strong>Per als partits</strong>: samarreta de l&#8217;equip (8 € a l&#8217;AFA) i pantaló negre.</span></p>
<p><em><span style="font-weight: 400;"><strong>Para los partidos</strong>: camiseta del equipo </span><span style="font-weight: 400;">(8 € a l&#8217;AFA) y pantalón negro.</span></em></p>
<p>Amb l&#8217;Andrea (iniciació a l&#8217;esport) i l&#8217;Eva (poliesportiu), els nens i nenes de l&#8217;escola es diverteixen alhora que practiquen diferents esports. Coneixeu una manera millor d&#8217;acabar el dia?</p>
<p><em>Con Andrea (iniciación al deporte) y Eva (polideportivo), los niños y niñas de la escuela se diverten a la vez que practican diferentes deportes. ¿Conocéis una manera mejor de acabar el día?</em></p>
<p style="text-align: center;"><iframe loading="lazy" src="//www.youtube.com/embed/raZo2Zt0Ego" width="784" height="441" frameborder="0" allowfullscreen="allowfullscreen"></iframe></p>
<div id='gallery-1' class='gallery galleryid-3285 gallery-columns-2 gallery-size-medium'><figure class='gallery-item'>
			<div class='gallery-icon landscape'>
				<a href='https://agora.xtec.cat/ceipsantmarti-cerdanyola/ampa/extraescolars/poliesportiu/attachment/img-20191102-wa0025/'><img loading="lazy" decoding="async" width="300" height="300" src="https://agora.xtec.cat/ceipsantmarti-cerdanyola/wp-content/uploads/usu938/2019/11/IMG-20191102-WA0025-300x300.jpg" class="attachment-medium size-medium" alt="" srcset="https://agora.xtec.cat/ceipsantmarti-cerdanyola/wp-content/uploads/usu938/2019/11/IMG-20191102-WA0025-300x300.jpg 300w, https://agora.xtec.cat/ceipsantmarti-cerdanyola/wp-content/uploads/usu938/2019/11/IMG-20191102-WA0025-150x150.jpg 150w, https://agora.xtec.cat/ceipsantmarti-cerdanyola/wp-content/uploads/usu938/2019/11/IMG-20191102-WA0025-768x768.jpg 768w, https://agora.xtec.cat/ceipsantmarti-cerdanyola/wp-content/uploads/usu938/2019/11/IMG-20191102-WA0025-1024x1024.jpg 1024w, https://agora.xtec.cat/ceipsantmarti-cerdanyola/wp-content/uploads/usu938/2019/11/IMG-20191102-WA0025.jpg 1512w" sizes="auto, (max-width: 300px) 100vw, 300px" /></a>
			</div></figure><figure class='gallery-item'>
			<div class='gallery-icon landscape'>
				<a href='https://agora.xtec.cat/ceipsantmarti-cerdanyola/ampa/extraescolars/poliesportiu/attachment/img-20191102-wa0024/'><img loading="lazy" decoding="async" width="300" height="300" src="https://agora.xtec.cat/ceipsantmarti-cerdanyola/wp-content/uploads/usu938/2019/11/IMG-20191102-WA0024-300x300.jpg" class="attachment-medium size-medium" alt="" srcset="https://agora.xtec.cat/ceipsantmarti-cerdanyola/wp-content/uploads/usu938/2019/11/IMG-20191102-WA0024-300x300.jpg 300w, https://agora.xtec.cat/ceipsantmarti-cerdanyola/wp-content/uploads/usu938/2019/11/IMG-20191102-WA0024-150x150.jpg 150w, https://agora.xtec.cat/ceipsantmarti-cerdanyola/wp-content/uploads/usu938/2019/11/IMG-20191102-WA0024-768x768.jpg 768w, https://agora.xtec.cat/ceipsantmarti-cerdanyola/wp-content/uploads/usu938/2019/11/IMG-20191102-WA0024-1024x1024.jpg 1024w, https://agora.xtec.cat/ceipsantmarti-cerdanyola/wp-content/uploads/usu938/2019/11/IMG-20191102-WA0024.jpg 1512w" sizes="auto, (max-width: 300px) 100vw, 300px" /></a>
			</div></figure>
		</div>

<p>Horari/Horario Dilluns i dimecres/Lunes y miércoles: 16.30-17.30 Preu/Precio 15 €/mes Equipament/Equipamiento Per als partits: samarreta de l&#8217;equip (8 € a l&#8217;AFA) i pantaló negre. Para los partidos: camiseta del equipo (8 € a l&#8217;AFA) y pantalón negro. Amb l&#8217;Andrea (iniciació a l&#8217;esport) i l&#8217;Eva (poliesportiu), els nens i nenes de l&#8217;escola es diverteixen alhora que [&hellip;]</p>
