{"id":3283,"date":"2019-11-02T15:58:03","date_gmt":"2019-11-02T14:58:03","guid":{"rendered":"http:\/\/agora.xtec.cat\/ceipsantmarti-cerdanyola\/?page_id=3283"},"modified":"2019-11-02T18:56:59","modified_gmt":"2019-11-02T17:56:59","slug":"piscina","status":"publish","type":"page","link":"https:\/\/agora.xtec.cat\/ceipsantmarti-cerdanyola\/ampa\/extraescolars\/piscina\/","title":{"rendered":"Piscina"},"content":{"rendered":"<h5><strong>Horari\/<em>Horario<\/em><\/strong><\/h5>\n<p>Divendres\/<em>Viernes<\/em>: 16:45-17:25 h (P3-P5)<\/p>\n<p>Divendres\/<em>Viernes<\/em>: 17:30-18:10 h (1\u00ba-6\u00ba)<\/p>\n<h5><strong>Preu\/<em>Precio<\/em><\/strong><\/h5>\n<p><span style=\"font-weight: 400;\">60 \u20ac\/curso<\/span><\/p>\n<p>Cada divendres, els nens i les nenes de l&#8217;escola van a la piscina municipal per aprendre a nedar o per millorar la seva t\u00e8cnica. Tots a l&#8217;aigua!<\/p>\n<p><em>Cada viernes, los ni\u00f1os y ni\u00f1as de la escuela van a la piscina municipal para aprender a nadar o para mejorar su t\u00e9cnica. \u00a1Al agua patos!<\/em><\/p>\n<p><a href=\"https:\/\/agora.xtec.cat\/ceipsantmarti-cerdanyola\/wp-content\/uploads\/usu938\/2019\/10\/IMG-20191004-WA0008.jpg\"><img loading=\"lazy\" decoding=\"async\" class=\"aligncenter wp-image-3195 size-medium\" src=\"https:\/\/agora.xtec.cat\/ceipsantmarti-cerdanyola\/wp-content\/uploads\/usu938\/2019\/10\/IMG-20191004-WA0008-300x225.jpg\" alt=\"\" width=\"300\" height=\"225\" srcset=\"https:\/\/agora.xtec.cat\/ceipsantmarti-cerdanyola\/wp-content\/uploads\/usu938\/2019\/10\/IMG-20191004-WA0008-300x225.jpg 300w, https:\/\/agora.xtec.cat\/ceipsantmarti-cerdanyola\/wp-content\/uploads\/usu938\/2019\/10\/IMG-20191004-WA0008-768x576.jpg 768w, https:\/\/agora.xtec.cat\/ceipsantmarti-cerdanyola\/wp-content\/uploads\/usu938\/2019\/10\/IMG-20191004-WA0008-1024x768.jpg 1024w, https:\/\/agora.xtec.cat\/ceipsantmarti-cerdanyola\/wp-content\/uploads\/usu938\/2019\/10\/IMG-20191004-WA0008-200x150.jpg 200w, https:\/\/agora.xtec.cat\/ceipsantmarti-cerdanyola\/wp-content\/uploads\/usu938\/2019\/10\/IMG-20191004-WA0008.jpg 1600w\" sizes=\"auto, (max-width: 300px) 100vw, 300px\" \/><\/a><\/p>\n","protected":false},"excerpt":{"rendered":"<p>Horari\/Horario Divendres\/Viernes: 16:45-17:25 h (P3-P5) Divendres\/Viernes: 17:30-18:10 h (1\u00ba-6\u00ba) Preu\/Precio 60 \u20ac\/curso Cada divendres, els nens i les nenes de l&#8217;escola van a la piscina municipal per aprendre a nedar o per millorar la seva t\u00e8cnica. Tots a l&#8217;aigua! Cada viernes, los ni\u00f1os y ni\u00f1as de la escuela van a la piscina municipal para aprender [&hellip;]<\/p>\n","protected":false},"author":1,"featured_media":0,"parent":3182,"menu_order":0,"comment_status":"closed","ping_status":"closed","template":"","meta":{"_bbp_topic_count":0,"_bbp_reply_count":0,"_bbp_total_topic_count":0,"_bbp_total_reply_count":0,"_bbp_voice_count":0,"_bbp_anonymous_reply_count":0,"_bbp_topic_count_hidden":0,"_bbp_reply_count_hidden":0,"_bbp_forum_subforum_count":0,"site-sidebar-layout":"default","site-content-layout":"","ast-site-content-layout":"","site-content-style":"default","site-sidebar-style":"default","ast-global-header-display":"","ast-banner-title-visibility":"","ast-main-header-display":"","ast-hfb-above-header-display":"","ast-hfb-below-header-display":"","ast-hfb-mobile-header-display":"","site-post-title":"","ast-breadcrumbs-content":"","ast-featured-img":"","footer-sml-layout":"","theme-transparent-header-meta":"","adv-header-id-meta":"","stick-header-meta":"","header-above-stick-meta":"","header-main-stick-meta":"","header-below-stick-meta":"","astra-migrate-meta-layouts":"default","ast-page-background-enabled":"default","ast-page-background-meta":{"desktop":{"background-color":"var(--ast-global-color-4)","background-image":"","background-repeat":"repeat","background-position":"center center","background-size":"auto","background-attachment":"scroll","background-type":"","background-media":"","overlay-type":"","overlay-color":"","overlay-opacity":"","overlay-gradient":""},"tablet":{"background-color":"","background-image":"","background-repeat":"repeat","background-position":"center center","background-size":"auto","background-attachment":"scroll","background-type":"","background-media":"","overlay-type":"","overlay-color":"","overlay-opacity":"","overlay-gradient":""},"mobile":{"background-color":"","background-image":"","background-repeat":"repeat","background-position":"center center","background-size":"auto","background-attachment":"scroll","background-type":"","background-media":"","overlay-type":"","overlay-color":"","overlay-opacity":"","overlay-gradient":""}},"ast-content-background-meta":{"desktop":{"background-color":"var(--ast-global-color-5)","background-image":"","background-repeat":"repeat","background-position":"center center","background-size":"auto","background-attachment":"scroll","background-type":"","background-media":"","overlay-type":"","overlay-color":"","overlay-opacity":"","overlay-gradient":""},"tablet":{"background-color":"var(--ast-global-color-5)","background-image":"","background-repeat":"repeat","background-position":"center center","background-size":"auto","background-attachment":"scroll","background-type":"","background-media":"","overlay-type":"","overlay-color":"","overlay-opacity":"","overlay-gradient":""},"mobile":{"background-color":"var(--ast-global-color-5)","background-image":"","background-repeat":"repeat","background-position":"center center","background-size":"auto","background-attachment":"scroll","background-type":"","background-media":"","overlay-type":"","overlay-color":"","overlay-opacity":"","overlay-gradient":""}},"footnotes":""},"class_list":["post-3283","page","type-page","status-publish","hentry"],"post_mailing_queue_ids":[],"_links":{"self":[{"href":"https:\/\/agora.xtec.cat\/ceipsantmarti-cerdanyola\/wp-json\/wp\/v2\/pages\/3283","targetHints":{"allow":["GET"]}}],"collection":[{"href":"https:\/\/agora.xtec.cat\/ceipsantmarti-cerdanyola\/wp-json\/wp\/v2\/pages"}],"about":[{"href":"https:\/\/agora.xtec.cat\/ceipsantmarti-cerdanyola\/wp-json\/wp\/v2\/types\/page"}],"author":[{"embeddable":true,"href":"https:\/\/agora.xtec.cat\/ceipsantmarti-cerdanyola\/wp-json\/wp\/v2\/users\/1"}],"replies":[{"embeddable":true,"href":"https:\/\/agora.xtec.cat\/ceipsantmarti-cerdanyola\/wp-json\/wp\/v2\/comments?post=3283"}],"version-history":[{"count":4,"href":"https:\/\/agora.xtec.cat\/ceipsantmarti-cerdanyola\/wp-json\/wp\/v2\/pages\/3283\/revisions"}],"predecessor-version":[{"id":3376,"href":"https:\/\/agora.xtec.cat\/ceipsantmarti-cerdanyola\/wp-json\/wp\/v2\/pages\/3283\/revisions\/3376"}],"up":[{"embeddable":true,"href":"https:\/\/agora.xtec.cat\/ceipsantmarti-cerdanyola\/wp-json\/wp\/v2\/pages\/3182"}],"wp:attachment":[{"href":"https:\/\/agora.xtec.cat\/ceipsantmarti-cerdanyola\/wp-json\/wp\/v2\/media?parent=3283"}],"curies":[{"name":"wp","href":"https:\/\/api.w.org\/{rel}","templated":true}]}}

<h5><strong>Horari/<em>Horario</em></strong></h5>
<p>Divendres/<em>Viernes</em>: 16:45-17:25 h (P3-P5)</p>
<p>Divendres/<em>Viernes</em>: 17:30-18:10 h (1º-6º)</p>
<h5><strong>Preu/<em>Precio</em></strong></h5>
<p><span style="font-weight: 400;">60 €/curso</span></p>
<p>Cada divendres, els nens i les nenes de l&#8217;escola van a la piscina municipal per aprendre a nedar o per millorar la seva tècnica. Tots a l&#8217;aigua!</p>
<p><em>Cada viernes, los niños y niñas de la escuela van a la piscina municipal para aprender a nadar o para mejorar su técnica. ¡Al agua patos!</em></p>
<p><a href="https://agora.xtec.cat/ceipsantmarti-cerdanyola/wp-content/uploads/usu938/2019/10/IMG-20191004-WA0008.jpg"><img loading="lazy" decoding="async" class="aligncenter wp-image-3195 size-medium" src="https://agora.xtec.cat/ceipsantmarti-cerdanyola/wp-content/uploads/usu938/2019/10/IMG-20191004-WA0008-300x225.jpg" alt="" width="300" height="225" srcset="https://agora.xtec.cat/ceipsantmarti-cerdanyola/wp-content/uploads/usu938/2019/10/IMG-20191004-WA0008-300x225.jpg 300w, https://agora.xtec.cat/ceipsantmarti-cerdanyola/wp-content/uploads/usu938/2019/10/IMG-20191004-WA0008-768x576.jpg 768w, https://agora.xtec.cat/ceipsantmarti-cerdanyola/wp-content/uploads/usu938/2019/10/IMG-20191004-WA0008-1024x768.jpg 1024w, https://agora.xtec.cat/ceipsantmarti-cerdanyola/wp-content/uploads/usu938/2019/10/IMG-20191004-WA0008-200x150.jpg 200w, https://agora.xtec.cat/ceipsantmarti-cerdanyola/wp-content/uploads/usu938/2019/10/IMG-20191004-WA0008.jpg 1600w" sizes="auto, (max-width: 300px) 100vw, 300px" /></a></p>

<p>Horari/Horario Divendres/Viernes: 16:45-17:25 h (P3-P5) Divendres/Viernes: 17:30-18:10 h (1º-6º) Preu/Precio 60 €/curso Cada divendres, els nens i les nenes de l&#8217;escola van a la piscina municipal per aprendre a nedar o per millorar la seva tècnica. Tots a l&#8217;aigua! Cada viernes, los niños y niñas de la escuela van a la piscina municipal para aprender [&hellip;]</p>
