{"id":3182,"date":"2019-10-04T23:10:51","date_gmt":"2019-10-04T21:10:51","guid":{"rendered":"http:\/\/agora.xtec.cat\/ceipsantmarti-cerdanyola\/?page_id=3182"},"modified":"2019-11-02T19:06:15","modified_gmt":"2019-11-02T18:06:15","slug":"extraescolars","status":"publish","type":"page","link":"https:\/\/agora.xtec.cat\/ceipsantmarti-cerdanyola\/ampa\/extraescolars\/","title":{"rendered":"Extraescolars"},"content":{"rendered":"<p>L&#8217;AFA Sant Mart\u00ed organitza les seg\u00fcents activitats extraescolars:<\/p>\n<p><em>El AFA Sant Mart\u00ed organiza las siguientes actividades extraescolares:<\/em><\/p>\n<h5><strong>Infantil<\/strong><\/h5>\n<table style=\"height: 378px; width: 837px;\" width=\"837\">\n<tbody>\n<tr style=\"height: 48px;\">\n<td style=\"width: 265.556px; height: 48px;\"><strong>Activitat\/<\/strong><strong><em>Actividad<\/em><\/strong><\/td>\n<td style=\"width: 145.556px; height: 48px; text-align: left;\"><b>Curs\/<em>Curso<\/em><\/b><\/td>\n<td style=\"width: 225.556px; height: 48px; text-align: left;\"><strong>Horari\/<\/strong><strong><em>Horario<\/em><\/strong><\/td>\n<td style=\"width: 194.444px; height: 48px;\"><strong>Preu\/<em>Precio<\/em><\/strong><\/td>\n<\/tr>\n<tr style=\"height: 33px;\">\n<td style=\"width: 265.556px; height: 33px;\"><a href=\"https:\/\/agora.xtec.cat\/ceipsantmarti-cerdanyola\/ampa\/extraescolars\/poliesportiu\/\" target=\"_blank\" rel=\"noopener noreferrer\">Iniciaci\u00f3 a l&#8217;esport\/<em>Iniciaci\u00f3n al deporte<\/em><\/a><\/td>\n<td style=\"width: 145.556px; height: 33px; text-align: left;\">P5<\/td>\n<td style=\"width: 225.556px; height: 33px; text-align: left;\"><span style=\"font-weight: 400;\"><span style=\"font-weight: 400;\">Dilluns i dimecres<\/span><\/span><\/p>\n<p><span style=\"font-weight: 400;\"><span style=\"font-weight: 400;\"><em>Lunes y mi\u00e9rcoles<\/em><\/span><\/span><\/p>\n<p>16.30-17.30 h<\/td>\n<td style=\"width: 194.444px; height: 33px;\">15 \u20ac\/mes<\/td>\n<\/tr>\n<tr style=\"height: 33px;\">\n<td style=\"width: 265.556px; height: 33px;\"><a href=\"https:\/\/agora.xtec.cat\/ceipsantmarti-cerdanyola\/ampa\/extraescolars\/angles\/\" target=\"_blank\" rel=\"noopener noreferrer\">Rob\u00f2tica\/<em>Rob\u00f3tica<\/em><\/a><\/td>\n<td style=\"width: 145.556px; height: 33px; text-align: left;\">P3-P5<\/td>\n<td style=\"width: 225.556px; height: 33px; text-align: left;\"><span style=\"font-weight: 400;\">Dimarts\/<em>Martes<\/em><\/span><\/p>\n<p>16.45-17.45 h<\/td>\n<td style=\"width: 194.444px; height: 33px;\">22 \u20ac\/mes<\/td>\n<\/tr>\n<tr style=\"height: 33px;\">\n<td style=\"width: 265.556px; height: 33px;\"><a href=\"https:\/\/agora.xtec.cat\/ceipsantmarti-cerdanyola\/ampa\/extraescolars\/patinatge\/\" target=\"_blank\" rel=\"noopener noreferrer\">Patinatge\/<em>Patinaje<\/em><\/a><\/td>\n<td style=\"width: 145.556px; height: 33px; text-align: left;\">P3-P5<\/td>\n<td style=\"width: 225.556px; height: 33px; text-align: left;\"><span style=\"font-weight: 400;\"><span style=\"font-weight: 400;\">Dimarts i divendres<\/span><\/span><\/p>\n<p><span style=\"font-weight: 400;\"><span style=\"font-weight: 400;\"><em>Martes y viernes<\/em><\/span><\/span><\/p>\n<p>16.45-17.45 h<\/td>\n<td style=\"width: 194.444px; height: 33px;\">20 \u20ac\/mes<\/td>\n<\/tr>\n<tr style=\"height: 33px;\">\n<td style=\"width: 265.556px; height: 33px;\"><a href=\"https:\/\/agora.xtec.cat\/ceipsantmarti-cerdanyola\/ampa\/extraescolars\/ball\/\" target=\"_blank\" rel=\"noopener noreferrer\">Ball\/<em>Baile<\/em><\/a><\/td>\n<td style=\"width: 145.556px; height: 33px; text-align: left;\">P3-P5<\/td>\n<td style=\"width: 225.556px; height: 33px; text-align: left;\"><span style=\"font-weight: 400;\">Dijous\/<em>Jueves<\/em><\/span><\/p>\n<p>16.45-17.45 h<\/td>\n<td style=\"width: 194.444px; height: 33px;\">10 \u20ac\/mes<\/td>\n<\/tr>\n<tr style=\"height: 33px;\">\n<td style=\"width: 265.556px; height: 33px;\"><a href=\"https:\/\/agora.xtec.cat\/ceipsantmarti-cerdanyola\/ampa\/extraescolars\/angles-2\/\" target=\"_blank\" rel=\"noopener noreferrer\">Angl\u00e8s\/<em>Ingl\u00e9s<\/em><\/a><\/td>\n<td style=\"width: 145.556px; height: 33px; text-align: left;\">P3-P5<\/td>\n<td style=\"width: 225.556px; height: 33px; text-align: left;\"><span style=\"font-weight: 400;\">Dijous\/<em>Jueves<\/em><\/span><\/p>\n<p>16.45-17.45 h<\/td>\n<td style=\"width: 194.444px; height: 33px;\">10 \u20ac\/mes<\/td>\n<\/tr>\n<tr style=\"height: 33px;\">\n<td style=\"width: 265.556px; height: 33px;\"><a href=\"https:\/\/agora.xtec.cat\/ceipsantmarti-cerdanyola\/ampa\/extraescolars\/piscina\/\" target=\"_blank\" rel=\"noopener noreferrer\">Piscina<\/a><\/td>\n<td style=\"width: 145.556px; height: 33px; text-align: left;\">P3-P5<\/td>\n<td style=\"width: 225.556px; height: 33px; text-align: left;\">Divendres\/<em>Viernes<\/em><\/p>\n<p><em><span style=\"font-weight: 400;\">16.45-17.45 h<\/span><br \/>\n<\/em><\/td>\n<td style=\"width: 194.444px; height: 33px;\">60 \u20ac\/curso<\/td>\n<\/tr>\n<\/tbody>\n<\/table>\n<h5><strong>Prim\u00e0ria\/Primaria<\/strong><\/h5>\n<table style=\"height: 378px; width: 829px;\" width=\"837\">\n<tbody>\n<tr style=\"height: 48px;\">\n<td style=\"width: 265px; height: 48px;\"><strong>Activitat\/<\/strong><strong><em>Actividad<\/em><\/strong><\/td>\n<td style=\"width: 145px; height: 48px; text-align: left;\"><b>Curs\/<em>Curso<\/em><\/b><\/td>\n<td style=\"width: 225px; height: 48px; text-align: left;\"><strong>Horari\/<\/strong><strong><em>Horario<\/em><\/strong><\/td>\n<td style=\"width: 194px; height: 48px;\"><strong>Preu\/<em>Precio<\/em><\/strong><\/td>\n<\/tr>\n<tr style=\"height: 33px;\">\n<td style=\"width: 265px; height: 33px;\"><a href=\"https:\/\/agora.xtec.cat\/ceipsantmarti-cerdanyola\/ampa\/extraescolars\/poliesportiu\/\" target=\"_blank\" rel=\"noopener noreferrer\">Poliesportiu\/<em>Polideportivo<\/em><\/a><\/td>\n<td style=\"width: 145px; height: 33px; text-align: left;\">1r-2n<\/p>\n<p>1\u00ba-2\u00ba<\/td>\n<td style=\"width: 225px; height: 33px; text-align: left;\"><span style=\"font-weight: 400;\"><span style=\"font-weight: 400;\">Dilluns i dimecres<\/span><\/span><\/p>\n<p><span style=\"font-weight: 400;\"><span style=\"font-weight: 400;\"><em>Lunes y mi\u00e9rcoles<\/em><\/span><\/span><\/p>\n<p>16.30-17.30 h<\/td>\n<td style=\"width: 194px; height: 33px;\">15 \u20ac\/mes<\/td>\n<\/tr>\n<tr>\n<td style=\"width: 265px;\"><a href=\"https:\/\/agora.xtec.cat\/ceipsantmarti-cerdanyola\/ampa\/extraescolars\/basquet\/\" target=\"_blank\" rel=\"noopener noreferrer\">B\u00e0squet\/<em>Baloncesto<\/em><\/a><\/td>\n<td style=\"width: 145px; height: 33px; text-align: left;\">3r-6\u00e8<\/p>\n<p>3\u00ba-6\u00ba<\/td>\n<td style=\"width: 225px; height: 33px; text-align: left;\"><span style=\"font-weight: 400;\"><span style=\"font-weight: 400;\">Dilluns i dimecres<\/span><\/span><\/p>\n<p><span style=\"font-weight: 400;\"><span style=\"font-weight: 400;\"><em>Lunes y mi\u00e9rcoles<\/em><\/span><\/span><\/p>\n<p>17.30-18.30 h<\/td>\n<td style=\"width: 194px; height: 33px;\">15 \u20ac\/mes<\/td>\n<\/tr>\n<tr style=\"height: 33px;\">\n<td style=\"width: 265px; height: 33px;\"><a href=\"https:\/\/agora.xtec.cat\/ceipsantmarti-cerdanyola\/ampa\/extraescolars\/angles\/\" target=\"_blank\" rel=\"noopener noreferrer\">Rob\u00f2tica\/<em>Rob\u00f3tica<\/em><\/a><\/td>\n<td style=\"width: 145px; height: 33px; text-align: left;\">1r-3r<\/p>\n<p>1\u00ba-3\u00ba<\/td>\n<td style=\"width: 225px; height: 33px; text-align: left;\"><span style=\"font-weight: 400;\">Dilluns\/<em>Lunes<\/em><\/span><\/p>\n<p>16.45-17.45 h<\/td>\n<td style=\"width: 194px; height: 33px;\">22 \u20ac\/mes<\/td>\n<\/tr>\n<tr>\n<td style=\"width: 265px;\"><a href=\"https:\/\/agora.xtec.cat\/ceipsantmarti-cerdanyola\/ampa\/extraescolars\/futbol\/\" target=\"_blank\" rel=\"noopener noreferrer\">Futbol\/<em>F\u00fatbol<\/em><\/a><\/td>\n<td style=\"width: 145px; height: 33px; text-align: left;\">3r-6\u00e8<\/p>\n<p>3\u00ba-6\u00ba<\/td>\n<td style=\"width: 225px; height: 33px; text-align: left;\"><span style=\"font-weight: 400;\"><span style=\"font-weight: 400;\">Dimarts\/<em>Martes<\/em><\/span><\/span><\/p>\n<p>17.45-18.45 h<\/p>\n<p><span style=\"font-weight: 400;\">i dijous\/<em>y jueves<\/em><\/span><\/p>\n<p>16.45-17.45 h<\/td>\n<td style=\"width: 194px; height: 33px;\">15 \u20ac\/mes<\/td>\n<\/tr>\n<tr style=\"height: 33px;\">\n<td style=\"width: 265px; height: 33px;\"><a href=\"https:\/\/agora.xtec.cat\/ceipsantmarti-cerdanyola\/ampa\/extraescolars\/patinatge\/\" target=\"_blank\" rel=\"noopener noreferrer\">Patinatge\/<em>Patinaje<\/em><\/a><\/td>\n<td style=\"width: 145px; height: 33px; text-align: left;\">1r-6\u00e8<\/p>\n<p>1\u00ba-6\u00ba<\/td>\n<td style=\"width: 225px; height: 33px; text-align: left;\"><span style=\"font-weight: 400;\"><span style=\"font-weight: 400;\">Dimarts i divendres<\/span><\/span><\/p>\n<p><span style=\"font-weight: 400;\"><span style=\"font-weight: 400;\"><em>Martes y viernes<\/em><\/span><\/span><\/p>\n<p>16.45-17.45 h<\/td>\n<td style=\"width: 194px; height: 33px;\">20 \u20ac\/mes<\/td>\n<\/tr>\n<tr style=\"height: 33px;\">\n<td style=\"width: 265px; height: 33px;\"><a href=\"https:\/\/agora.xtec.cat\/ceipsantmarti-cerdanyola\/ampa\/extraescolars\/angles\/\" target=\"_blank\" rel=\"noopener noreferrer\">Rob\u00f2tica\/<em>Rob\u00f3tica<\/em><\/a><\/td>\n<td style=\"width: 145px; height: 33px; text-align: left;\">4t-6\u00e8<\/p>\n<p>4\u00ba-6\u00ba<\/td>\n<td style=\"width: 225px; height: 33px; text-align: left;\"><span style=\"font-weight: 400;\">Dimecres\/<em>Mi\u00e9rcoles<\/em><\/span><\/p>\n<p>16.45-17.45 h<\/td>\n<td style=\"width: 194px; height: 33px;\">22 \u20ac\/mes<\/td>\n<\/tr>\n<tr style=\"height: 33px;\">\n<td style=\"width: 265px; height: 33px;\"><a href=\"https:\/\/agora.xtec.cat\/ceipsantmarti-cerdanyola\/ampa\/extraescolars\/ball\/\" target=\"_blank\" rel=\"noopener noreferrer\">Ball\/<em>Baile<\/em><\/a><\/td>\n<td style=\"width: 145px; height: 33px; text-align: left;\">1r-6\u00e8<\/p>\n<p>1\u00ba-6\u00ba<\/td>\n<td style=\"width: 225px; height: 33px; text-align: left;\"><span style=\"font-weight: 400;\">Dijous\/<em>Jueves<\/em><\/span><\/p>\n<p>16.45-17.45 h<\/td>\n<td style=\"width: 194px; height: 33px;\">10 \u20ac\/mes<\/td>\n<\/tr>\n<tr style=\"height: 33px;\">\n<td style=\"width: 265px; height: 33px;\"><a href=\"https:\/\/agora.xtec.cat\/ceipsantmarti-cerdanyola\/ampa\/extraescolars\/angles-2\/\" target=\"_blank\" rel=\"noopener noreferrer\">Angl\u00e8s\/<em>Ingl\u00e9s<\/em><\/a><\/td>\n<td style=\"width: 145px; height: 33px; text-align: left;\">1r-2n<\/p>\n<p>1\u00ba-2\u00ba<\/td>\n<td style=\"width: 225px; height: 33px; text-align: left;\"><span style=\"font-weight: 400;\">Dimecres\/<em>Mi\u00e9rcoles<\/em><\/span><\/p>\n<p>16.40-17.40 h<\/td>\n<td style=\"width: 194px; height: 33px;\">10 \u20ac\/mes<\/td>\n<\/tr>\n<tr style=\"height: 33px;\">\n<td style=\"width: 265px; height: 33px;\"><a href=\"https:\/\/agora.xtec.cat\/ceipsantmarti-cerdanyola\/ampa\/extraescolars\/angles-2\/\" target=\"_blank\" rel=\"noopener noreferrer\">Angl\u00e8s\/<em>Ingl\u00e9s<\/em><\/a><\/td>\n<td style=\"width: 145px; height: 33px; text-align: left;\">3r-4t<\/p>\n<p>3\u00ba-4\u00ba<\/td>\n<td style=\"width: 225px; height: 33px; text-align: left;\"><span style=\"font-weight: 400;\">Dilluns\/<em>Lunes<\/em><\/span><\/p>\n<p>16.40-17.40 h<\/td>\n<td style=\"width: 194px; height: 33px;\">10 \u20ac\/mes<\/td>\n<\/tr>\n<tr style=\"height: 33px;\">\n<td style=\"width: 265px; height: 33px;\"><a href=\"https:\/\/agora.xtec.cat\/ceipsantmarti-cerdanyola\/ampa\/extraescolars\/angles-2\/\" target=\"_blank\" rel=\"noopener noreferrer\">Angl\u00e8s\/<em>Ingl\u00e9s<\/em><\/a><\/td>\n<td style=\"width: 145px; height: 33px; text-align: left;\">5\u00e8-6\u00e8<\/p>\n<p>5\u00ba-6\u00ba<\/td>\n<td style=\"width: 225px; height: 33px; text-align: left;\"><span style=\"font-weight: 400;\">Dimarts\/<em>Martes<\/em><\/span><\/p>\n<p>16.40-17.40 h<\/td>\n<td style=\"width: 194px; height: 33px;\">10 \u20ac\/mes<\/td>\n<\/tr>\n<\/tbody>\n<\/table>\n<p style=\"padding-left: 40px;\"><iframe loading=\"lazy\" src=\"\/\/www.youtube.com\/embed\/71_SLWhh-q0\" width=\"784\" height=\"441\" frameborder=\"0\" allowfullscreen=\"allowfullscreen\"><\/iframe><\/p>\n<p style=\"text-align: left; padding-left: 40px;\"><iframe loading=\"lazy\" src=\"\/\/www.youtube.com\/embed\/ctBIZmyLunM\" width=\"784\" height=\"441\" frameborder=\"0\" allowfullscreen=\"allowfullscreen\"><\/iframe><\/p>\n<p style=\"padding-left: 40px;\"><iframe loading=\"lazy\" src=\"\/\/www.youtube.com\/embed\/6NmcfrlwKko\" width=\"784\" height=\"441\" frameborder=\"0\" allowfullscreen=\"allowfullscreen\"><\/iframe><\/p>\n<h5><strong>NORMES B\u00c0SIQUES\/<em>NORMAS B\u00c1SICAS<\/em><\/strong><\/h5>\n<h6>A l&#8217;escola\/<em>En el colegio<\/em><\/h6>\n<p><span style=\"font-weight: 400;\">Los monitores ir\u00e1n a buscar a las aulas a los ni\u00f1os de P3, P4 y P5 al t\u00e9rmino de las clases para llevarlos a la actividad en la que est\u00e9n inscritos.<\/span><\/p>\n<p><span style=\"font-weight: 400;\">Las familias de aquellos ni\u00f1os que realicen cualquier actividad extraescolar en las instalaciones del colegio deben esperar fuera. Los monitores acompa\u00f1ar\u00e1n a los ni\u00f1os hasta la salida cuando acabe la sesi\u00f3n, por lo que se pide que no se llame al timbre.<\/span><\/p>\n<p><span style=\"font-weight: 400;\">Cuando el encargado de recoger al ni\u00f1o sea un familiar menor de edad, el padre\/madre\/tutor legal debe haber entregado firmado previamente un papel de responsabilidad as\u00ed como informar de qui\u00e9n recoger\u00e1 a su hijo\/hija.\u00a0<\/span><\/p>\n<p><span style=\"font-weight: 400;\">Las actividades extraescolares deportivas se desarrollan de octubre a mayo. <\/span><\/p>\n","protected":false},"excerpt":{"rendered":"<p>L&#8217;AFA Sant Mart\u00ed organitza les seg\u00fcents activitats extraescolars: El AFA Sant Mart\u00ed organiza las siguientes actividades extraescolares: Infantil Activitat\/Actividad Curs\/Curso Horari\/Horario Preu\/Precio Iniciaci\u00f3 a l&#8217;esport\/Iniciaci\u00f3n al deporte P5 Dilluns i dimecres Lunes y mi\u00e9rcoles 16.30-17.30 h 15 \u20ac\/mes Rob\u00f2tica\/Rob\u00f3tica P3-P5 Dimarts\/Martes 16.45-17.45 h 22 \u20ac\/mes Patinatge\/Patinaje P3-P5 Dimarts i divendres Martes y viernes 16.45-17.45 h [&hellip;]<\/p>\n","protected":false},"author":1,"featured_media":0,"parent":530,"menu_order":0,"comment_status":"closed","ping_status":"closed","template":"page-templates\/side-menu.php","meta":{"_bbp_topic_count":0,"_bbp_reply_count":0,"_bbp_total_topic_count":0,"_bbp_total_reply_count":0,"_bbp_voice_count":0,"_bbp_anonymous_reply_count":0,"_bbp_topic_count_hidden":0,"_bbp_reply_count_hidden":0,"_bbp_forum_subforum_count":0,"site-sidebar-layout":"default","site-content-layout":"","ast-site-content-layout":"","site-content-style":"default","site-sidebar-style":"default","ast-global-header-display":"","ast-banner-title-visibility":"","ast-main-header-display":"","ast-hfb-above-header-display":"","ast-hfb-below-header-display":"","ast-hfb-mobile-header-display":"","site-post-title":"","ast-breadcrumbs-content":"","ast-featured-img":"","footer-sml-layout":"","theme-transparent-header-meta":"","adv-header-id-meta":"","stick-header-meta":"","header-above-stick-meta":"","header-main-stick-meta":"","header-below-stick-meta":"","astra-migrate-meta-layouts":"default","ast-page-background-enabled":"default","ast-page-background-meta":{"desktop":{"background-color":"var(--ast-global-color-4)","background-image":"","background-repeat":"repeat","background-position":"center center","background-size":"auto","background-attachment":"scroll","background-type":"","background-media":"","overlay-type":"","overlay-color":"","overlay-opacity":"","overlay-gradient":""},"tablet":{"background-color":"","background-image":"","background-repeat":"repeat","background-position":"center center","background-size":"auto","background-attachment":"scroll","background-type":"","background-media":"","overlay-type":"","overlay-color":"","overlay-opacity":"","overlay-gradient":""},"mobile":{"background-color":"","background-image":"","background-repeat":"repeat","background-position":"center center","background-size":"auto","background-attachment":"scroll","background-type":"","background-media":"","overlay-type":"","overlay-color":"","overlay-opacity":"","overlay-gradient":""}},"ast-content-background-meta":{"desktop":{"background-color":"var(--ast-global-color-5)","background-image":"","background-repeat":"repeat","background-position":"center center","background-size":"auto","background-attachment":"scroll","background-type":"","background-media":"","overlay-type":"","overlay-color":"","overlay-opacity":"","overlay-gradient":""},"tablet":{"background-color":"var(--ast-global-color-5)","background-image":"","background-repeat":"repeat","background-position":"center center","background-size":"auto","background-attachment":"scroll","background-type":"","background-media":"","overlay-type":"","overlay-color":"","overlay-opacity":"","overlay-gradient":""},"mobile":{"background-color":"var(--ast-global-color-5)","background-image":"","background-repeat":"repeat","background-position":"center center","background-size":"auto","background-attachment":"scroll","background-type":"","background-media":"","overlay-type":"","overlay-color":"","overlay-opacity":"","overlay-gradient":""}},"footnotes":""},"class_list":["post-3182","page","type-page","status-publish","hentry"],"post_mailing_queue_ids":[],"_links":{"self":[{"href":"https:\/\/agora.xtec.cat\/ceipsantmarti-cerdanyola\/wp-json\/wp\/v2\/pages\/3182","targetHints":{"allow":["GET"]}}],"collection":[{"href":"https:\/\/agora.xtec.cat\/ceipsantmarti-cerdanyola\/wp-json\/wp\/v2\/pages"}],"about":[{"href":"https:\/\/agora.xtec.cat\/ceipsantmarti-cerdanyola\/wp-json\/wp\/v2\/types\/page"}],"author":[{"embeddable":true,"href":"https:\/\/agora.xtec.cat\/ceipsantmarti-cerdanyola\/wp-json\/wp\/v2\/users\/1"}],"replies":[{"embeddable":true,"href":"https:\/\/agora.xtec.cat\/ceipsantmarti-cerdanyola\/wp-json\/wp\/v2\/comments?post=3182"}],"version-history":[{"count":2,"href":"https:\/\/agora.xtec.cat\/ceipsantmarti-cerdanyola\/wp-json\/wp\/v2\/pages\/3182\/revisions"}],"predecessor-version":[{"id":3382,"href":"https:\/\/agora.xtec.cat\/ceipsantmarti-cerdanyola\/wp-json\/wp\/v2\/pages\/3182\/revisions\/3382"}],"up":[{"embeddable":true,"href":"https:\/\/agora.xtec.cat\/ceipsantmarti-cerdanyola\/wp-json\/wp\/v2\/pages\/530"}],"wp:attachment":[{"href":"https:\/\/agora.xtec.cat\/ceipsantmarti-cerdanyola\/wp-json\/wp\/v2\/media?parent=3182"}],"curies":[{"name":"wp","href":"https:\/\/api.w.org\/{rel}","templated":true}]}}