{"id":4444,"date":"2021-10-22T09:37:06","date_gmt":"2021-10-22T07:37:06","guid":{"rendered":"https:\/\/agora.xtec.cat\/ceipsantllorenc\/?page_id=4444"},"modified":"2026-04-09T11:22:48","modified_gmt":"2026-04-09T09:22:48","slug":"com-treballem","status":"publish","type":"page","link":"https:\/\/agora.xtec.cat\/ceipsantllorenc\/com-treballem\/","title":{"rendered":""},"content":{"rendered":"\n<h2 class=\"wp-block-heading\">Com treballem<\/h2>\n\n\n\n<p><\/p>\n\n\n\n<p>A la nostra escola compartim una mateixa mirada educativa i una l\u00ednia pedag\u00f2gica comuna que dona coher\u00e8ncia a totes les etapes. Hi ha projectes i propostes que formen part del dia a dia de tot el centre i que es poden trobar a l\u2019apartat general d\u2019escola.<\/p>\n\n\n\n<p>Alhora, entenem que cada etapa t\u00e9 les seves particularitats i necessitats. Per aix\u00f2, hi ha alguns aspectes que es desenvolupen espec\u00edficament dins de cada cicle i que expliquem de manera diferenciada.<\/p>\n\n\n\n<p><strong>General d&#8217;escola<\/strong><\/p>\n\n\n\n<ul class=\"wp-block-list\">\n<li>La capsa del conte<\/li>\n\n\n\n<li>Literatura<\/li>\n\n\n\n<li>Projecte artista.<\/li>\n<\/ul>\n\n\n\n<p><strong>Educaci\u00f3 Infantil<\/strong><\/p>\n\n\n\n<ul class=\"wp-block-list\">\n<li><a href=\"https:\/\/agora.xtec.cat\/ceipsantllorenc\/espais-daprenentatge\/\">Espais d\u2019aprenentatge<\/a><\/li>\n\n\n\n<li>Sortides a l\u2019entorn,<\/li>\n\n\n\n<li>Jocs matem\u00e0tics i jocs de llengua<\/li>\n\n\n\n<li>Psicomotricitat.<\/li>\n<\/ul>\n\n\n\n<p><strong>Educaci\u00f3 Prim\u00e0ria<\/strong><\/p>\n\n\n\n<ul class=\"wp-block-list\">\n<li>Projectes<\/li>\n\n\n\n<li>Ambients<\/li>\n\n\n\n<li>Espai \u00c0gora<\/li>\n<\/ul>\n","protected":false},"excerpt":{"rendered":"<p>Com treballem A la nostra escola compartim una mateixa mirada educativa i una l\u00ednia pedag\u00f2gica comuna que dona coher\u00e8ncia a totes les etapes. Hi ha projectes i propostes que formen part del dia a dia de tot el centre i que es poden trobar a l\u2019apartat general d\u2019escola. Alhora, entenem que cada etapa t\u00e9 les [&hellip;]<\/p>\n","protected":false},"author":1,"featured_media":0,"parent":0,"menu_order":0,"comment_status":"closed","ping_status":"closed","template":"","meta":{"_bbp_topic_count":0,"_bbp_reply_count":0,"_bbp_total_topic_count":0,"_bbp_total_reply_count":0,"_bbp_voice_count":0,"_bbp_anonymous_reply_count":0,"_bbp_topic_count_hidden":0,"_bbp_reply_count_hidden":0,"_bbp_forum_subforum_count":0,"site-sidebar-layout":"default","site-content-layout":"","ast-site-content-layout":"default","site-content-style":"default","site-sidebar-style":"default","ast-global-header-display":"","ast-banner-title-visibility":"","ast-main-header-display":"","ast-hfb-above-header-display":"","ast-hfb-below-header-display":"","ast-hfb-mobile-header-display":"","site-post-title":"disabled","ast-breadcrumbs-content":"","ast-featured-img":"","footer-sml-layout":"","theme-transparent-header-meta":"","adv-header-id-meta":"","stick-header-meta":"","header-above-stick-meta":"","header-main-stick-meta":"","header-below-stick-meta":"","astra-migrate-meta-layouts":"set","ast-page-background-enabled":"default","ast-page-background-meta":{"desktop":{"background-color":"var(--ast-global-color-4)","background-image":"","background-repeat":"repeat","background-position":"center center","background-size":"auto","background-attachment":"scroll","background-type":"","background-media":"","overlay-type":"","overlay-color":"","overlay-opacity":"","overlay-gradient":""},"tablet":{"background-color":"","background-image":"","background-repeat":"repeat","background-position":"center center","background-size":"auto","background-attachment":"scroll","background-type":"","background-media":"","overlay-type":"","overlay-color":"","overlay-opacity":"","overlay-gradient":""},"mobile":{"background-color":"","background-image":"","background-repeat":"repeat","background-position":"center center","background-size":"auto","background-attachment":"scroll","background-type":"","background-media":"","overlay-type":"","overlay-color":"","overlay-opacity":"","overlay-gradient":""}},"ast-content-background-meta":{"desktop":{"background-color":"var(--ast-global-color-5)","background-image":"","background-repeat":"repeat","background-position":"center center","background-size":"auto","background-attachment":"scroll","background-type":"","background-media":"","overlay-type":"","overlay-color":"","overlay-opacity":"","overlay-gradient":""},"tablet":{"background-color":"var(--ast-global-color-5)","background-image":"","background-repeat":"repeat","background-position":"center center","background-size":"auto","background-attachment":"scroll","background-type":"","background-media":"","overlay-type":"","overlay-color":"","overlay-opacity":"","overlay-gradient":""},"mobile":{"background-color":"var(--ast-global-color-5)","background-image":"","background-repeat":"repeat","background-position":"center center","background-size":"auto","background-attachment":"scroll","background-type":"","background-media":"","overlay-type":"","overlay-color":"","overlay-opacity":"","overlay-gradient":""}},"footnotes":""},"class_list":["post-4444","page","type-page","status-publish","hentry"],"post_mailing_queue_ids":[],"_links":{"self":[{"href":"https:\/\/agora.xtec.cat\/ceipsantllorenc\/wp-json\/wp\/v2\/pages\/4444","targetHints":{"allow":["GET"]}}],"collection":[{"href":"https:\/\/agora.xtec.cat\/ceipsantllorenc\/wp-json\/wp\/v2\/pages"}],"about":[{"href":"https:\/\/agora.xtec.cat\/ceipsantllorenc\/wp-json\/wp\/v2\/types\/page"}],"author":[{"embeddable":true,"href":"https:\/\/agora.xtec.cat\/ceipsantllorenc\/wp-json\/wp\/v2\/users\/1"}],"replies":[{"embeddable":true,"href":"https:\/\/agora.xtec.cat\/ceipsantllorenc\/wp-json\/wp\/v2\/comments?post=4444"}],"version-history":[{"count":6,"href":"https:\/\/agora.xtec.cat\/ceipsantllorenc\/wp-json\/wp\/v2\/pages\/4444\/revisions"}],"predecessor-version":[{"id":5857,"href":"https:\/\/agora.xtec.cat\/ceipsantllorenc\/wp-json\/wp\/v2\/pages\/4444\/revisions\/5857"}],"wp:attachment":[{"href":"https:\/\/agora.xtec.cat\/ceipsantllorenc\/wp-json\/wp\/v2\/media?parent=4444"}],"curies":[{"name":"wp","href":"https:\/\/api.w.org\/{rel}","templated":true}]}}