{"id":28,"date":"2014-09-18T12:29:35","date_gmt":"2014-09-18T12:29:35","guid":{"rendered":"http:\/\/agora.xtec.cat\/ceipsantllorenc\/?page_id=28"},"modified":"2026-01-09T10:05:30","modified_gmt":"2026-01-09T09:05:30","slug":"consell-escolar","status":"publish","type":"page","link":"https:\/\/agora.xtec.cat\/ceipsantllorenc\/lescola\/consell-escolar\/","title":{"rendered":"Consell escolar"},"content":{"rendered":"<p style=\"text-align: center;\"><span style=\"text-decoration: underline;\"><strong>CONSELL ESCOLAR<\/strong><\/span><\/p>\n<p><em><span style=\"text-decoration: underline;\">COMPOSICI\u00d3<\/span><\/em><\/p>\n<ul>\n<li>PRESID\u00c8NCIA\n<ul>\n<li>S\u00f2nia Vico<\/li>\n<\/ul>\n<\/li>\n<li>SECRETARIA\n<ul>\n<li>Anabel Franco<\/li>\n<\/ul>\n<\/li>\n<li>REPRESENTACI\u00d3 DE FAM\u00cdLIES\n<ul>\n<li>Anna Morillas<\/li>\n<li>Marta Bertran<\/li>\n<li>David G\u00f3mez<\/li>\n<li>Laura Prats<\/li>\n<\/ul>\n<\/li>\n<li>REPRESENTACI\u00d3 DE MESTRES\n<ul>\n<li>Carles Macaya<\/li>\n<li>Meritxell Cristi\u00e0<\/li>\n<li>In\u00e9s Mart\u00edn<\/li>\n<li>David Mozas<\/li>\n<li>Laura Casanovas<\/li>\n<\/ul>\n<\/li>\n<li>REPRESENTACI\u00d3 DE L&#8217;AFI\n<ul>\n<li>Lissette Jurado<\/li>\n<\/ul>\n<\/li>\n<li>REPRESENTACI\u00d3 DE L&#8217;AJUNTAMENT\n<ul>\n<li>Fer Sayes<\/li>\n<\/ul>\n<\/li>\n<\/ul>\n<p><a href=\"https:\/\/drive.google.com\/file\/d\/1CBC5kM3ADHqbSCHkMHEtothBD3aGPHEo\/view?usp=drive_link\">Acta<\/a> constituci\u00f3 del nou consell escolar<\/p>\n<p><span style=\"text-decoration: underline;\"><em>ACORDS<\/em><\/span><\/p>\n<ul>\n<li style=\"list-style-type: none;\">\n<ul>\n<li><a href=\"https:\/\/drive.google.com\/file\/d\/1sSujInOEqnOniTolImIGlDzUFcMA6NQU\/view?usp=drive_link\">Reuni\u00f3 19-octubre-2023<\/a><\/li>\n<li><a href=\"https:\/\/drive.google.com\/file\/d\/14LP8t7f2bZISbef-mTacktToJqthfmxV\/view?usp=sharing\">Reuni\u00f3 3-juny-2024<\/a><\/li>\n<li><a href=\"https:\/\/drive.google.com\/file\/d\/1kaqEGGMPfr38CUNffdOrkX-2jDQbT30H\/view?usp=sharing\">Reuni\u00f3 5-novembre-2024<\/a><\/li>\n<li><a href=\"https:\/\/drive.google.com\/file\/d\/1HoCVOMmjZLLgkYvpNPDk66DMxwi-EosH\/view?usp=drive_link\">Reuni\u00f3 27-gener-2025<\/a><\/li>\n<li><a href=\"https:\/\/drive.google.com\/file\/d\/1DBOhMsRG9Gdexlj3BfArEvdHUxcsJWVY\/view?usp=sharing\">Reuni\u00f3 28-maig-2025<\/a><\/li>\n<li><a href=\"https:\/\/drive.google.com\/file\/d\/1m4dKniQkO8DWOFMCmMeoCoW7n2ZCLr9Y\/view?usp=drive_link\">Reuni\u00f3 13-octubre-2025<\/a><\/li>\n<li><a href=\"https:\/\/drive.google.com\/file\/d\/1RfMElK43M_hWJ_piMcVj5QUBrf0z2p0Y\/view?usp=drive_link\">Reuni\u00f3 3-desembre-2025<\/a><\/li>\n<\/ul>\n<\/li>\n<\/ul>\n<p>&nbsp;<\/p>\n<p><em><span style=\"text-decoration: underline;\">INFORMACI\u00d3 SOBRE LES REUNIONS<\/span><\/em><\/p>\n<p>1) El Consell Escolar del Centre es <strong>reuneix<\/strong> preceptivament una vegada al trimestre i sempre que el convoqui el\/la seu\/va president\/a o ho sol\u00b7liciti almenys un ter\u00e7 dels i les seus\/ves membres. A m\u00e9s, preceptivament, es far\u00e0 una reuni\u00f3 a l&#8217;inici i al final del curs.<\/p>\n<p>2) La <strong>convocat\u00f2ria de les reunion<\/strong>s ordin\u00e0ries i extraordin\u00e0ries ser\u00e0 tramesa pel director, amb l&#8217;antelaci\u00f3 suficient, juntament amb la documentaci\u00f3 necess\u00e0ria que hagi de ser objecte de debat, i en el seu cas d&#8217;aprovaci\u00f3.<\/p>\n<p>3) <strong>Assist\u00e8ncia<\/strong>: Perqu\u00e8 una reuni\u00f3 o sessi\u00f3 d&#8217;un consell escolar de centre es pugui considerar v\u00e0lida cal que hi hagi \u201cqu\u00f2rum\u201d, \u00e9s a dir, que hi siguin presents un m\u00ednim suficient dels seus membres. Aquest m\u00ednim s&#8217;estipula en la meitat del total de membres del Consell, si la sessi\u00f3 \u00e9s en primera convocat\u00f2ria i, si \u00e9s en segona convocat\u00f2ria, en una tercera part del total de membres.<\/p>\n<p>4) Es procurar\u00e0 que les <strong>decisions<\/strong> en el si del Consell Escolar es prenguin per consens. Si no \u00e9s possible arribar a un acord, es determinar\u00e0 la decisi\u00f3 per majoria dels membres presents, llevat dels casos que la normativa determini una altra majoria qualificada.<\/p>\n<p>En el cas concret de les decisions sobre l\u2019horari escolar cal que aquestes s\u2019aprovin amb \u00be parts de vots favorables respecte al nombre total de vots i amb majoria simple dels vots provinents del sector de pares i mares.<\/p>\n<p>5) <strong>Cap membre del Consell es pot substituir per un altre en les reunions<\/strong>, del sector que sigui, ja que el c\u00e0rrec \u00e9s nominal, i no \u00e9s delegable.<\/p>\n<p>6) <strong>Si es produeix una vacant abans que finalitzi el seu per\u00edode de mandat<\/strong>, la substituci\u00f3 s&#8217;ha de produir segons estigui establert en les Normes d\u2019Organitzaci\u00f3 i Funcionament del Centre (NOFC). Si en les NOFC no es preveu, aleshores la vacant ser\u00e0 ocupada pel seg\u00fcent candidat m\u00e9s votat en les darreres eleccions. Si no hi ha m\u00e9s candidats per cobrir la vacant, aquesta queda sense cobrir fins a la propera renovaci\u00f3 del Consell Escolar.<\/p>\n<p><em><u>FUNCIONS DEL CONSELL ESCOLAR:<\/u><\/em><\/p>\n<ul>\n<li>Formular propostes a l&#8217;equip directiu sobre la programaci\u00f3 anual del centre i aprovar el Projecte Educatiu (PEC), sense perjudici de les compet\u00e8ncies del Claustre de professors, relatives a la planificaci\u00f3 i organitzaci\u00f3 docent.<\/li>\n<li>Elaborar informes, a petici\u00f3 de l&#8217;administraci\u00f3 competent, sobre el funcionament del centre i sobre aquells aspectes relatius a l&#8217;activitat d&#8217;aquest.<\/li>\n<li>Participar en el proc\u00e9s d&#8217;admissi\u00f3 d&#8217;alumnes i vetllar perqu\u00e8 es dugui a terme amb subjecci\u00f3 d&#8217;all\u00f2 establert en la Llei d&#8217;Educaci\u00f3 i disposicions que la desenvolupin.<\/li>\n<li>Aprovar les Normes d\u2019Organitzaci\u00f3 i Funcionament del Centre (NOFC)<\/li>\n<li>Con\u00e8ixer la resoluci\u00f3 de conflictes disciplinaris i la imposici\u00f3 de sancions i vetllar perqu\u00e8 aquestes s&#8217;atenguin a la normativa vigent.<\/li>\n<li>Aprovar el projecte de pressupost del centre i la seva liquidaci\u00f3.<\/li>\n<li>Promoure la conservaci\u00f3 i renovaci\u00f3 de les instal\u00b7lacions i l&#8217;equip escolar.<\/li>\n<li>Proposar les directrius per a la col\u00b7laboraci\u00f3, amb fins educatius i culturals, amb els centres, entitats i organismes.<\/li>\n<li>Analitzar i valorar el funcionament general del centre, l&#8217;evoluci\u00f3 del rendiment escolar i els resultats de l&#8217;avaluaci\u00f3 que del centre realitzi l&#8217;administraci\u00f3 educativa.<\/li>\n<li>Ser informat de la proposta a l&#8217;administraci\u00f3 educativa del nomenament i cessament dels membres de l&#8217;equip directiu.<\/li>\n<li>Recomanar mesures i iniciatives que afavoreixin la conviv\u00e8ncia en el centre.<\/li>\n<li>Qualsevol altre que li siguin atribu\u00efdes per l&#8217;administraci\u00f3 educativa.<\/li>\n<\/ul>\n","protected":false},"excerpt":{"rendered":"<p>CONSELL ESCOLAR COMPOSICI\u00d3 PRESID\u00c8NCIA S\u00f2nia Vico SECRETARIA Anabel Franco REPRESENTACI\u00d3 DE FAM\u00cdLIES Anna Morillas Marta Bertran David G\u00f3mez Laura Prats REPRESENTACI\u00d3 DE MESTRES Carles Macaya Meritxell Cristi\u00e0 In\u00e9s Mart\u00edn David Mozas Laura Casanovas REPRESENTACI\u00d3 DE L&#8217;AFI Lissette Jurado REPRESENTACI\u00d3 DE L&#8217;AJUNTAMENT Fer Sayes Acta constituci\u00f3 del nou consell escolar ACORDS Reuni\u00f3 19-octubre-2023 Reuni\u00f3 3-juny-2024 Reuni\u00f3 [&hellip;]<\/p>\n","protected":false},"author":2,"featured_media":0,"parent":22,"menu_order":7,"comment_status":"closed","ping_status":"closed","template":"page-templates\/side-menu.php","meta":{"_bbp_topic_count":0,"_bbp_reply_count":0,"_bbp_total_topic_count":0,"_bbp_total_reply_count":0,"_bbp_voice_count":0,"_bbp_anonymous_reply_count":0,"_bbp_topic_count_hidden":0,"_bbp_reply_count_hidden":0,"_bbp_forum_subforum_count":0,"site-sidebar-layout":"default","site-content-layout":"","ast-site-content-layout":"","site-content-style":"default","site-sidebar-style":"default","ast-global-header-display":"","ast-banner-title-visibility":"","ast-main-header-display":"","ast-hfb-above-header-display":"","ast-hfb-below-header-display":"","ast-hfb-mobile-header-display":"","site-post-title":"","ast-breadcrumbs-content":"","ast-featured-img":"","footer-sml-layout":"","theme-transparent-header-meta":"","adv-header-id-meta":"","stick-header-meta":"","header-above-stick-meta":"","header-main-stick-meta":"","header-below-stick-meta":"","astra-migrate-meta-layouts":"default","ast-page-background-enabled":"default","ast-page-background-meta":{"desktop":{"background-color":"var(--ast-global-color-4)","background-image":"","background-repeat":"repeat","background-position":"center center","background-size":"auto","background-attachment":"scroll","background-type":"","background-media":"","overlay-type":"","overlay-color":"","overlay-opacity":"","overlay-gradient":""},"tablet":{"background-color":"","background-image":"","background-repeat":"repeat","background-position":"center center","background-size":"auto","background-attachment":"scroll","background-type":"","background-media":"","overlay-type":"","overlay-color":"","overlay-opacity":"","overlay-gradient":""},"mobile":{"background-color":"","background-image":"","background-repeat":"repeat","background-position":"center center","background-size":"auto","background-attachment":"scroll","background-type":"","background-media":"","overlay-type":"","overlay-color":"","overlay-opacity":"","overlay-gradient":""}},"ast-content-background-meta":{"desktop":{"background-color":"var(--ast-global-color-5)","background-image":"","background-repeat":"repeat","background-position":"center center","background-size":"auto","background-attachment":"scroll","background-type":"","background-media":"","overlay-type":"","overlay-color":"","overlay-opacity":"","overlay-gradient":""},"tablet":{"background-color":"var(--ast-global-color-5)","background-image":"","background-repeat":"repeat","background-position":"center center","background-size":"auto","background-attachment":"scroll","background-type":"","background-media":"","overlay-type":"","overlay-color":"","overlay-opacity":"","overlay-gradient":""},"mobile":{"background-color":"var(--ast-global-color-5)","background-image":"","background-repeat":"repeat","background-position":"center center","background-size":"auto","background-attachment":"scroll","background-type":"","background-media":"","overlay-type":"","overlay-color":"","overlay-opacity":"","overlay-gradient":""}},"footnotes":""},"class_list":["post-28","page","type-page","status-publish","hentry"],"post_mailing_queue_ids":[],"_links":{"self":[{"href":"https:\/\/agora.xtec.cat\/ceipsantllorenc\/wp-json\/wp\/v2\/pages\/28","targetHints":{"allow":["GET"]}}],"collection":[{"href":"https:\/\/agora.xtec.cat\/ceipsantllorenc\/wp-json\/wp\/v2\/pages"}],"about":[{"href":"https:\/\/agora.xtec.cat\/ceipsantllorenc\/wp-json\/wp\/v2\/types\/page"}],"author":[{"embeddable":true,"href":"https:\/\/agora.xtec.cat\/ceipsantllorenc\/wp-json\/wp\/v2\/users\/2"}],"replies":[{"embeddable":true,"href":"https:\/\/agora.xtec.cat\/ceipsantllorenc\/wp-json\/wp\/v2\/comments?post=28"}],"version-history":[{"count":7,"href":"https:\/\/agora.xtec.cat\/ceipsantllorenc\/wp-json\/wp\/v2\/pages\/28\/revisions"}],"predecessor-version":[{"id":5617,"href":"https:\/\/agora.xtec.cat\/ceipsantllorenc\/wp-json\/wp\/v2\/pages\/28\/revisions\/5617"}],"up":[{"embeddable":true,"href":"https:\/\/agora.xtec.cat\/ceipsantllorenc\/wp-json\/wp\/v2\/pages\/22"}],"wp:attachment":[{"href":"https:\/\/agora.xtec.cat\/ceipsantllorenc\/wp-json\/wp\/v2\/media?parent=28"}],"curies":[{"name":"wp","href":"https:\/\/api.w.org\/{rel}","templated":true}]}}