{"id":38,"date":"2014-09-18T12:34:08","date_gmt":"2014-09-18T11:34:08","guid":{"rendered":"http:\/\/agora.xtec.cat\/ceipsantjust\/?page_id=38"},"modified":"2022-10-26T13:50:14","modified_gmt":"2022-10-26T11:50:14","slug":"salut","status":"publish","type":"page","link":"https:\/\/agora.xtec.cat\/ceipsantjust\/lescola\/salut\/","title":{"rendered":"Salut  a l&#8217;escola"},"content":{"rendered":"<p><strong>ALIMENTACI\u00d3<\/strong><\/p>\n<p>Per tal de conscienciar-los cap a una alimentaci\u00f3 sana, cada dimecres els\/les alumnes hauran de portar a l\u2019escola fruita i\/o fruits secs (no es podr\u00e0 portar ni blat de moro ni pipes).<br \/>\nDes de l\u00b4escola s\u00b4anima a les fam\u00edlies a qu\u00e8 portin els\/les seus\/ves fills\/es menjars saludables.<br \/>\n<strong>Recomanem l\u2019\u00fas de carmanyola o altres embolcalls reciclables.<\/strong><\/p>\n<p>Podeu descarregar el <a href=\"https:\/\/agora.xtec.cat\/ceipsantjust\/lescola\/salut\/full-al-lergies\/\" target=\"_blank\" rel=\"noopener\">full d&#8217;al\u00b7l\u00e8rgies aliment\u00e0ries<\/a> (que cal tenir actualitzat a l&#8217;escola) <a href=\"https:\/\/agora.xtec.cat\/ceipsantjust\/lescola\/salut\/full-al-lergies\/\" target=\"_blank\" rel=\"noopener\">fent clic aqu\u00ed.<\/a><\/p>\n<p><strong>MEDICAMENTS<\/strong><\/p>\n<p>Per poder administrar medicaci\u00f3 a l\u00b4alumnat dins del centre escolar cal que el pare, la mare o el\/la tutor\/a legal aporti la recepta o l&#8217;informe del metge o metgessa on consti el nom de l\u2019alumne\/a, el medicament i\u00a0 dosis qu\u00e8 s&#8217; ha de prendre. Aix\u00ed mateix, aquest recepta haur\u00e0 d&#8217;anar acompanyada per una autoritzaci\u00f3 del pare, la mare o tutor\/a legal , que\u00a0 autoritzant a qualsevol\u00a0 persona del centre educatiu (mestre\/a, monitor\/a i\/o auxiliar t\u00e8cnic\/a) a administri-li la medicaci\u00f3 prescrita. Es recomana\u00a0 que la seva administraci\u00f3 sempre sigui fora de l&#8217; horari lectiu, a ser possible. En el cas que sigui <b>realment imprescindible<\/b> el subministrarem a l&#8217;escola.<\/p>\n<p><strong>EN CAP CAS ES DONAR\u00c0 UN MEDICAMENT SENSE HAVER COMPLERT AQUEST\u00a0 DOS REQUISITS.<\/strong><\/p>\n<p>Cal que l&#8217;adult faci arribar el medicament a secretaria. Cap alumne\/a pot portar-lo a la motxilla ni administrar-se\u00b4l ell sol\/a.<br \/>\nEn el cas que un\/a alumne\/a tingui febre, si aquesta \u00e9s de 38 d\u00e8cimes, se li administrar\u00e0 paracetamol per tal d\u2019abaixar-se-la (sempre i quan la fam\u00edlia hagi signat l&#8217;autoritzaci\u00f3 corresponent), i se li comunicar\u00e0 a la fam\u00edlia per tal de qu\u00e8 passin a recollir al\/ a la seu\/seva fill\/a el m\u00e9s aviat possible. Les fam\u00edlies hauran de signar l\u2019autoritzaci\u00f3, esmentada anteriorment, a l\u2019inici de l&#8217;escolaritzaci\u00f3 o en la incorporaci\u00f3 al centre.<\/p>\n<p>Podeu descarregar el <a href=\"https:\/\/agora.xtec.cat\/ceipsantjust\/lescola\/salut\/full-autoritzacio-paracetamol\/\" target=\"_blank\" rel=\"noopener\">full d&#8217;autoritzaci\u00f3 del paracetamol fent clic aqu\u00ed.<\/a><\/p>\n<p><b>MALALTIES<\/b><\/p>\n<p>Quan un nen o nena manifesti s\u00edmptomes de malaltia durant la jornada escolar es contactar\u00e0 amb la fam\u00edlia perqu\u00e8 se&#8217;n faci c\u00e0rrec i l&#8217;alumne pugui ser adequadament at\u00e8s.<br \/>\nEn el cas que tinguin alguna malaltia que pugui contagiar-se (conjuntivitis, varicel\u00b7la..), haur\u00e0 de retornar al centre amb un justificant m\u00e8dic , especificant que pot incorporar-se a l\u2019escola.<\/p>\n<p><b>ACCIDENTS<\/b><\/p>\n<p>En cas d&#8217;accident (sempre a consideraci\u00f3 de les persones responsables, per\u00f2 amb un criteri de precauci\u00f3), si \u00e9s de car\u00e0cter menor i no requereix atenci\u00f3 especial s&#8217;informar\u00e0 a la fam\u00edlia. Quan revesteixi m\u00e9s import\u00e0ncia es contactar\u00e0 amb la fam\u00edlia . Si no es pot contactar o no poden fer-se c\u00e0rrec en un temps prudencial es contactar\u00e0 amb els serveis d&#8217;urg\u00e8ncies i es seguiran les seves instruccions.<br \/>\nEn cas d&#8217;accident greu, primer de tot, s&#8217;informar\u00e0 al serveis d&#8217;emerg\u00e8ncies m\u00e8diques i, a continuaci\u00f3, es contactar\u00e0 amb la fam\u00edlia. La direcci\u00f3 del centre coordinar\u00e0 totes les actuacions que s&#8217;hagin d&#8217;emprendre en aquests casos, per\u00f2 sempre \u00e9s priorit\u00e0ria l&#8217;atenci\u00f3 a l&#8217;alumne\/a i el contacte amb els serveis d&#8217;urg\u00e8ncia.<\/p>\n<p><b>VACUNACIONS I ALTRES REVISIONS<\/b><\/p>\n<p>En el Calendari de vacunacions del Departament de Salut P\u00fablica, hi ha actualitzades les vacunes que s&#8217;administren en cada Estat.<\/p>\n<p>Els \/Les alumnes de 6\u00e8, seguint els plans de salut escolar, seran vacunats de l\u2019hepatitis A+ B .En el cas de les nenes, tamb\u00e9 les vacunaran del papil\u00b7loma. En el seu moment, s\u2019informar\u00e0 a les fam\u00edlies que hauran de portar l\u2019autoritzaci\u00f3. Igualment, es vacunen de la varicel\u00b7la si s&#8217;escau, aix\u00ed com altres que en un moment el Departament de Salut consideri convenient.<\/p>\n<p>Amb els\/les alumnes de <b>sis\u00e8 i primer de prim\u00e0ria<\/b>, sempre i quan les fam\u00edlies ho autoritzin, es faran revisions odontol\u00f2giques, sempre i quan ho requereixi el Departament de Salut p\u00fablica.<br \/>\nUn cop feta aquestes revisions ,les fam\u00edlies rebreu un informe detallat.<\/p>\n<p><strong>HIGIENE<\/strong><\/p>\n<p>I Pediculosis: \u00c9s una infestaci\u00f3 cut\u00e0nia produ\u00efda per polls. S&#8217;encomana per contacta de cap amb cap. En el moment que es detecti un cas, es trucar\u00e0 a la fam\u00edlia perqu\u00e8 prengui les mesures oportunes.<br \/>\nCada cert temps\u00a0 enviem un e-mail recordatori a les fam\u00edlies perqu\u00e8 estiguin pendent. \u00c9s molt important revisar el cap del fill\/a el mateix dia que rebeu el e-mail.<\/p>\n","protected":false},"excerpt":{"rendered":"<p>ALIMENTACI\u00d3 Per tal de conscienciar-los cap a una alimentaci\u00f3 sana, cada dimecres els\/les alumnes hauran de portar a l\u2019escola fruita i\/o fruits secs (no es podr\u00e0 portar ni blat de moro ni pipes). Des de l\u00b4escola s\u00b4anima a les fam\u00edlies a qu\u00e8 portin els\/les seus\/ves fills\/es menjars saludables. Recomanem l\u2019\u00fas de carmanyola o altres embolcalls [&hellip;]<\/p>\n","protected":false},"author":1,"featured_media":0,"parent":22,"menu_order":100,"comment_status":"closed","ping_status":"closed","template":"page-templates\/side-menu.php","meta":{"_bbp_topic_count":0,"_bbp_reply_count":0,"_bbp_total_topic_count":0,"_bbp_total_reply_count":0,"_bbp_voice_count":0,"_bbp_anonymous_reply_count":0,"_bbp_topic_count_hidden":0,"_bbp_reply_count_hidden":0,"_bbp_forum_subforum_count":0,"site-sidebar-layout":"default","site-content-layout":"","ast-site-content-layout":"","site-content-style":"default","site-sidebar-style":"default","ast-global-header-display":"","ast-banner-title-visibility":"","ast-main-header-display":"","ast-hfb-above-header-display":"","ast-hfb-below-header-display":"","ast-hfb-mobile-header-display":"","site-post-title":"","ast-breadcrumbs-content":"","ast-featured-img":"","footer-sml-layout":"","theme-transparent-header-meta":"","adv-header-id-meta":"","stick-header-meta":"","header-above-stick-meta":"","header-main-stick-meta":"","header-below-stick-meta":"","astra-migrate-meta-layouts":"default","ast-page-background-enabled":"default","ast-page-background-meta":{"desktop":{"background-color":"var(--ast-global-color-4)","background-image":"","background-repeat":"repeat","background-position":"center center","background-size":"auto","background-attachment":"scroll","background-type":"","background-media":"","overlay-type":"","overlay-color":"","overlay-opacity":"","overlay-gradient":""},"tablet":{"background-color":"","background-image":"","background-repeat":"repeat","background-position":"center center","background-size":"auto","background-attachment":"scroll","background-type":"","background-media":"","overlay-type":"","overlay-color":"","overlay-opacity":"","overlay-gradient":""},"mobile":{"background-color":"","background-image":"","background-repeat":"repeat","background-position":"center center","background-size":"auto","background-attachment":"scroll","background-type":"","background-media":"","overlay-type":"","overlay-color":"","overlay-opacity":"","overlay-gradient":""}},"ast-content-background-meta":{"desktop":{"background-color":"var(--ast-global-color-5)","background-image":"","background-repeat":"repeat","background-position":"center center","background-size":"auto","background-attachment":"scroll","background-type":"","background-media":"","overlay-type":"","overlay-color":"","overlay-opacity":"","overlay-gradient":""},"tablet":{"background-color":"var(--ast-global-color-5)","background-image":"","background-repeat":"repeat","background-position":"center center","background-size":"auto","background-attachment":"scroll","background-type":"","background-media":"","overlay-type":"","overlay-color":"","overlay-opacity":"","overlay-gradient":""},"mobile":{"background-color":"var(--ast-global-color-5)","background-image":"","background-repeat":"repeat","background-position":"center center","background-size":"auto","background-attachment":"scroll","background-type":"","background-media":"","overlay-type":"","overlay-color":"","overlay-opacity":"","overlay-gradient":""}},"footnotes":""},"class_list":["post-38","page","type-page","status-publish","hentry"],"post_mailing_queue_ids":[],"_links":{"self":[{"href":"https:\/\/agora.xtec.cat\/ceipsantjust\/wp-json\/wp\/v2\/pages\/38","targetHints":{"allow":["GET"]}}],"collection":[{"href":"https:\/\/agora.xtec.cat\/ceipsantjust\/wp-json\/wp\/v2\/pages"}],"about":[{"href":"https:\/\/agora.xtec.cat\/ceipsantjust\/wp-json\/wp\/v2\/types\/page"}],"author":[{"embeddable":true,"href":"https:\/\/agora.xtec.cat\/ceipsantjust\/wp-json\/wp\/v2\/users\/1"}],"replies":[{"embeddable":true,"href":"https:\/\/agora.xtec.cat\/ceipsantjust\/wp-json\/wp\/v2\/comments?post=38"}],"version-history":[{"count":4,"href":"https:\/\/agora.xtec.cat\/ceipsantjust\/wp-json\/wp\/v2\/pages\/38\/revisions"}],"predecessor-version":[{"id":2146,"href":"https:\/\/agora.xtec.cat\/ceipsantjust\/wp-json\/wp\/v2\/pages\/38\/revisions\/2146"}],"up":[{"embeddable":true,"href":"https:\/\/agora.xtec.cat\/ceipsantjust\/wp-json\/wp\/v2\/pages\/22"}],"wp:attachment":[{"href":"https:\/\/agora.xtec.cat\/ceipsantjust\/wp-json\/wp\/v2\/media?parent=38"}],"curies":[{"name":"wp","href":"https:\/\/api.w.org\/{rel}","templated":true}]}}