{"id":2729,"date":"2025-12-08T21:42:30","date_gmt":"2025-12-08T20:42:30","guid":{"rendered":"https:\/\/agora.xtec.cat\/ceipsantjust\/?page_id=2729"},"modified":"2026-01-12T20:11:42","modified_gmt":"2026-01-12T19:11:42","slug":"cicle-mitja","status":"publish","type":"page","link":"https:\/\/agora.xtec.cat\/ceipsantjust\/cicle-mitja\/","title":{"rendered":"CICLE MITJ\u00c0"},"content":{"rendered":"<p data-start=\"2069\" data-end=\"2349\">El Cicle Mitj\u00e0 de la nostra escola compr\u00e8n els cursos de 3r i 4t de prim\u00e0ria. En aquesta etapa, els infants consoliden els aprenentatges b\u00e0sics i aprofundeixen en els diferents \u00e0mbits del curr\u00edculum, desenvolupant progressivament m\u00e9s autonomia, responsabilitat i esperit cr\u00edtic.<\/p>\n<p data-start=\"2356\" data-end=\"2609\">Apostem per metodologies actives i cooperatives que fomenten la participaci\u00f3, la investigaci\u00f3 i la resoluci\u00f3 de problemes. Donem import\u00e0ncia tant als aprenentatges acad\u00e8mics com al creixement personal i emocional, en un entorn de confian\u00e7a i respecte.<\/p>\n<p data-start=\"2616\" data-end=\"2734\">La col\u00b7laboraci\u00f3 amb les fam\u00edlies \u00e9s essencial per acompanyar l\u2019alumnat en aquesta etapa clau del seu desenvolupament.<\/p>\n<p data-start=\"2616\" data-end=\"2734\"><a href=\"https:\/\/agora.xtec.cat\/ceipsantjust\/wp-content\/uploads\/usu1862\/2026\/01\/cicle_mitja_final.jpg\"><img loading=\"lazy\" decoding=\"async\" class=\"aligncenter size-full wp-image-2842\" src=\"https:\/\/agora.xtec.cat\/ceipsantjust\/wp-content\/uploads\/usu1862\/2026\/01\/cicle_mitja_final.jpg\" alt=\"\" width=\"1024\" height=\"683\" srcset=\"https:\/\/agora.xtec.cat\/ceipsantjust\/wp-content\/uploads\/usu1862\/2026\/01\/cicle_mitja_final.jpg 1024w, https:\/\/agora.xtec.cat\/ceipsantjust\/wp-content\/uploads\/usu1862\/2026\/01\/cicle_mitja_final-300x200.jpg 300w, https:\/\/agora.xtec.cat\/ceipsantjust\/wp-content\/uploads\/usu1862\/2026\/01\/cicle_mitja_final-768x512.jpg 768w\" sizes=\"auto, (max-width: 1024px) 100vw, 1024px\" \/><\/a><\/p>\n","protected":false},"excerpt":{"rendered":"<p>El Cicle Mitj\u00e0 de la nostra escola compr\u00e8n els cursos de 3r i 4t de prim\u00e0ria. En aquesta etapa, els infants consoliden els aprenentatges b\u00e0sics i aprofundeixen en els diferents \u00e0mbits del curr\u00edculum, desenvolupant progressivament m\u00e9s autonomia, responsabilitat i esperit cr\u00edtic. Apostem per metodologies actives i cooperatives que fomenten la participaci\u00f3, la investigaci\u00f3 i la [&hellip;]<\/p>\n","protected":false},"author":1,"featured_media":0,"parent":0,"menu_order":0,"comment_status":"closed","ping_status":"closed","template":"","meta":{"_bbp_topic_count":0,"_bbp_reply_count":0,"_bbp_total_topic_count":0,"_bbp_total_reply_count":0,"_bbp_voice_count":0,"_bbp_anonymous_reply_count":0,"_bbp_topic_count_hidden":0,"_bbp_reply_count_hidden":0,"_bbp_forum_subforum_count":0,"site-sidebar-layout":"default","site-content-layout":"","ast-site-content-layout":"default","site-content-style":"default","site-sidebar-style":"default","ast-global-header-display":"","ast-banner-title-visibility":"","ast-main-header-display":"","ast-hfb-above-header-display":"","ast-hfb-below-header-display":"","ast-hfb-mobile-header-display":"","site-post-title":"","ast-breadcrumbs-content":"","ast-featured-img":"","footer-sml-layout":"","theme-transparent-header-meta":"default","adv-header-id-meta":"","stick-header-meta":"","header-above-stick-meta":"","header-main-stick-meta":"","header-below-stick-meta":"","astra-migrate-meta-layouts":"set","ast-page-background-enabled":"default","ast-page-background-meta":{"desktop":{"background-color":"var(--ast-global-color-4)","background-image":"","background-repeat":"repeat","background-position":"center center","background-size":"auto","background-attachment":"scroll","background-type":"","background-media":"","overlay-type":"","overlay-color":"","overlay-opacity":"","overlay-gradient":""},"tablet":{"background-color":"","background-image":"","background-repeat":"repeat","background-position":"center center","background-size":"auto","background-attachment":"scroll","background-type":"","background-media":"","overlay-type":"","overlay-color":"","overlay-opacity":"","overlay-gradient":""},"mobile":{"background-color":"","background-image":"","background-repeat":"repeat","background-position":"center center","background-size":"auto","background-attachment":"scroll","background-type":"","background-media":"","overlay-type":"","overlay-color":"","overlay-opacity":"","overlay-gradient":""}},"ast-content-background-meta":{"desktop":{"background-color":"var(--ast-global-color-5)","background-image":"","background-repeat":"repeat","background-position":"center center","background-size":"auto","background-attachment":"scroll","background-type":"","background-media":"","overlay-type":"","overlay-color":"","overlay-opacity":"","overlay-gradient":""},"tablet":{"background-color":"var(--ast-global-color-5)","background-image":"","background-repeat":"repeat","background-position":"center center","background-size":"auto","background-attachment":"scroll","background-type":"","background-media":"","overlay-type":"","overlay-color":"","overlay-opacity":"","overlay-gradient":""},"mobile":{"background-color":"var(--ast-global-color-5)","background-image":"","background-repeat":"repeat","background-position":"center center","background-size":"auto","background-attachment":"scroll","background-type":"","background-media":"","overlay-type":"","overlay-color":"","overlay-opacity":"","overlay-gradient":""}},"footnotes":""},"class_list":["post-2729","page","type-page","status-publish","hentry"],"post_mailing_queue_ids":[],"_links":{"self":[{"href":"https:\/\/agora.xtec.cat\/ceipsantjust\/wp-json\/wp\/v2\/pages\/2729","targetHints":{"allow":["GET"]}}],"collection":[{"href":"https:\/\/agora.xtec.cat\/ceipsantjust\/wp-json\/wp\/v2\/pages"}],"about":[{"href":"https:\/\/agora.xtec.cat\/ceipsantjust\/wp-json\/wp\/v2\/types\/page"}],"author":[{"embeddable":true,"href":"https:\/\/agora.xtec.cat\/ceipsantjust\/wp-json\/wp\/v2\/users\/1"}],"replies":[{"embeddable":true,"href":"https:\/\/agora.xtec.cat\/ceipsantjust\/wp-json\/wp\/v2\/comments?post=2729"}],"version-history":[{"count":2,"href":"https:\/\/agora.xtec.cat\/ceipsantjust\/wp-json\/wp\/v2\/pages\/2729\/revisions"}],"predecessor-version":[{"id":2843,"href":"https:\/\/agora.xtec.cat\/ceipsantjust\/wp-json\/wp\/v2\/pages\/2729\/revisions\/2843"}],"wp:attachment":[{"href":"https:\/\/agora.xtec.cat\/ceipsantjust\/wp-json\/wp\/v2\/media?parent=2729"}],"curies":[{"name":"wp","href":"https:\/\/api.w.org\/{rel}","templated":true}]}}

CICLE MITJÀ

<p data-start="2069" data-end="2349">El Cicle Mitjà de la nostra escola comprèn els cursos de 3r i 4t de primària. En aquesta etapa, els infants consoliden els aprenentatges bàsics i aprofundeixen en els diferents àmbits del currículum, desenvolupant progressivament més autonomia, responsabilitat i esperit crític.</p>
<p data-start="2356" data-end="2609">Apostem per metodologies actives i cooperatives que fomenten la participació, la investigació i la resolució de problemes. Donem importància tant als aprenentatges acadèmics com al creixement personal i emocional, en un entorn de confiança i respecte.</p>
<p data-start="2616" data-end="2734">La col·laboració amb les famílies és essencial per acompanyar l’alumnat en aquesta etapa clau del seu desenvolupament.</p>
<p data-start="2616" data-end="2734"><a href="https://agora.xtec.cat/ceipsantjust/wp-content/uploads/usu1862/2026/01/cicle_mitja_final.jpg"><img loading="lazy" decoding="async" class="aligncenter size-full wp-image-2842" src="https://agora.xtec.cat/ceipsantjust/wp-content/uploads/usu1862/2026/01/cicle_mitja_final.jpg" alt="" width="1024" height="683" srcset="https://agora.xtec.cat/ceipsantjust/wp-content/uploads/usu1862/2026/01/cicle_mitja_final.jpg 1024w, https://agora.xtec.cat/ceipsantjust/wp-content/uploads/usu1862/2026/01/cicle_mitja_final-300x200.jpg 300w, https://agora.xtec.cat/ceipsantjust/wp-content/uploads/usu1862/2026/01/cicle_mitja_final-768x512.jpg 768w" sizes="auto, (max-width: 1024px) 100vw, 1024px" /></a></p>

<p>El Cicle Mitjà de la nostra escola comprèn els cursos de 3r i 4t de primària. En aquesta etapa, els infants consoliden els aprenentatges bàsics i aprofundeixen en els diferents àmbits del currículum, desenvolupant progressivament més autonomia, responsabilitat i esperit crític. Apostem per metodologies actives i cooperatives que fomenten la participació, la investigació i la [&hellip;]</p>
