{"id":2691,"date":"2025-12-08T21:23:32","date_gmt":"2025-12-08T20:23:32","guid":{"rendered":"https:\/\/agora.xtec.cat\/ceipsantjust\/?page_id=2691"},"modified":"2025-12-08T21:23:32","modified_gmt":"2025-12-08T20:23:32","slug":"primaria","status":"publish","type":"page","link":"https:\/\/agora.xtec.cat\/ceipsantjust\/primaria\/","title":{"rendered":"PRIM\u00c0RIA"},"content":{"rendered":"<p>L\u2019etapa de Prim\u00e0ria a la nostra escola abra\u00e7a els tres cicles: Inicial, Mitj\u00e0 i Superior, un cam\u00ed de sis anys ple d\u2019aprenentatges, reptes i viv\u00e8ncies que acompanyen l\u2019alumnat en el seu creixement personal i acad\u00e8mic.<br \/>\nEl pas d\u2019Infantil a Prim\u00e0ria representa un canvi important, ja que els infants guanyen autonomia, assumeixen noves responsabilitats i comencen a desenvolupar h\u00e0bits de treball m\u00e9s estructurats.<\/p>\n<p>A la nostra escola donem un valor especial a la lectura, les matem\u00e0tiques i la llengua, com a pilars fonamentals per al desenvolupament competencial. Treballem perqu\u00e8 els infants aprenguin d\u2019una manera significativa, cr\u00edtica i creativa, potenciant el pensament, la comprensi\u00f3 i la comunicaci\u00f3 en totes les seves formes.<\/p>\n<p>Creiem en una educaci\u00f3 que combina esfor\u00e7, motivaci\u00f3 i descoberta, i que acompanya els nois i noies perqu\u00e8 esdevinguin persones capaces, respectuoses i preparades per afrontar nous reptes.<br \/>\n<a href=\"https:\/\/agora.xtec.cat\/ceipsantjust\/wp-content\/uploads\/usu1862\/2025\/12\/Captura-de-pantalla-2025-12-08-212254.png\"><img loading=\"lazy\" decoding=\"async\" src=\"https:\/\/agora.xtec.cat\/ceipsantjust\/wp-content\/uploads\/usu1862\/2025\/12\/Captura-de-pantalla-2025-12-08-212254.png\" alt=\"\" width=\"576\" height=\"461\" class=\"aligncenter size-full wp-image-2711\" srcset=\"https:\/\/agora.xtec.cat\/ceipsantjust\/wp-content\/uploads\/usu1862\/2025\/12\/Captura-de-pantalla-2025-12-08-212254.png 576w, https:\/\/agora.xtec.cat\/ceipsantjust\/wp-content\/uploads\/usu1862\/2025\/12\/Captura-de-pantalla-2025-12-08-212254-300x240.png 300w\" sizes=\"auto, (max-width: 576px) 100vw, 576px\" \/><\/a><\/p>\n","protected":false},"excerpt":{"rendered":"<p>L\u2019etapa de Prim\u00e0ria a la nostra escola abra\u00e7a els tres cicles: Inicial, Mitj\u00e0 i Superior, un cam\u00ed de sis anys ple d\u2019aprenentatges, reptes i viv\u00e8ncies que acompanyen l\u2019alumnat en el seu creixement personal i acad\u00e8mic. El pas d\u2019Infantil a Prim\u00e0ria representa un canvi important, ja que els infants guanyen autonomia, assumeixen noves responsabilitats i comencen [&hellip;]<\/p>\n","protected":false},"author":1,"featured_media":0,"parent":0,"menu_order":0,"comment_status":"closed","ping_status":"closed","template":"","meta":{"_bbp_topic_count":0,"_bbp_reply_count":0,"_bbp_total_topic_count":0,"_bbp_total_reply_count":0,"_bbp_voice_count":0,"_bbp_anonymous_reply_count":0,"_bbp_topic_count_hidden":0,"_bbp_reply_count_hidden":0,"_bbp_forum_subforum_count":0,"site-sidebar-layout":"default","site-content-layout":"","ast-site-content-layout":"default","site-content-style":"default","site-sidebar-style":"default","ast-global-header-display":"","ast-banner-title-visibility":"","ast-main-header-display":"","ast-hfb-above-header-display":"","ast-hfb-below-header-display":"","ast-hfb-mobile-header-display":"","site-post-title":"","ast-breadcrumbs-content":"","ast-featured-img":"","footer-sml-layout":"","theme-transparent-header-meta":"default","adv-header-id-meta":"","stick-header-meta":"","header-above-stick-meta":"","header-main-stick-meta":"","header-below-stick-meta":"","astra-migrate-meta-layouts":"set","ast-page-background-enabled":"default","ast-page-background-meta":{"desktop":{"background-color":"var(--ast-global-color-4)","background-image":"","background-repeat":"repeat","background-position":"center center","background-size":"auto","background-attachment":"scroll","background-type":"","background-media":"","overlay-type":"","overlay-color":"","overlay-opacity":"","overlay-gradient":""},"tablet":{"background-color":"","background-image":"","background-repeat":"repeat","background-position":"center center","background-size":"auto","background-attachment":"scroll","background-type":"","background-media":"","overlay-type":"","overlay-color":"","overlay-opacity":"","overlay-gradient":""},"mobile":{"background-color":"","background-image":"","background-repeat":"repeat","background-position":"center center","background-size":"auto","background-attachment":"scroll","background-type":"","background-media":"","overlay-type":"","overlay-color":"","overlay-opacity":"","overlay-gradient":""}},"ast-content-background-meta":{"desktop":{"background-color":"var(--ast-global-color-5)","background-image":"","background-repeat":"repeat","background-position":"center center","background-size":"auto","background-attachment":"scroll","background-type":"","background-media":"","overlay-type":"","overlay-color":"","overlay-opacity":"","overlay-gradient":""},"tablet":{"background-color":"var(--ast-global-color-5)","background-image":"","background-repeat":"repeat","background-position":"center center","background-size":"auto","background-attachment":"scroll","background-type":"","background-media":"","overlay-type":"","overlay-color":"","overlay-opacity":"","overlay-gradient":""},"mobile":{"background-color":"var(--ast-global-color-5)","background-image":"","background-repeat":"repeat","background-position":"center center","background-size":"auto","background-attachment":"scroll","background-type":"","background-media":"","overlay-type":"","overlay-color":"","overlay-opacity":"","overlay-gradient":""}},"footnotes":""},"class_list":["post-2691","page","type-page","status-publish","hentry"],"post_mailing_queue_ids":[],"_links":{"self":[{"href":"https:\/\/agora.xtec.cat\/ceipsantjust\/wp-json\/wp\/v2\/pages\/2691","targetHints":{"allow":["GET"]}}],"collection":[{"href":"https:\/\/agora.xtec.cat\/ceipsantjust\/wp-json\/wp\/v2\/pages"}],"about":[{"href":"https:\/\/agora.xtec.cat\/ceipsantjust\/wp-json\/wp\/v2\/types\/page"}],"author":[{"embeddable":true,"href":"https:\/\/agora.xtec.cat\/ceipsantjust\/wp-json\/wp\/v2\/users\/1"}],"replies":[{"embeddable":true,"href":"https:\/\/agora.xtec.cat\/ceipsantjust\/wp-json\/wp\/v2\/comments?post=2691"}],"version-history":[{"count":1,"href":"https:\/\/agora.xtec.cat\/ceipsantjust\/wp-json\/wp\/v2\/pages\/2691\/revisions"}],"predecessor-version":[{"id":2712,"href":"https:\/\/agora.xtec.cat\/ceipsantjust\/wp-json\/wp\/v2\/pages\/2691\/revisions\/2712"}],"wp:attachment":[{"href":"https:\/\/agora.xtec.cat\/ceipsantjust\/wp-json\/wp\/v2\/media?parent=2691"}],"curies":[{"name":"wp","href":"https:\/\/api.w.org\/{rel}","templated":true}]}}

PRIMÀRIA

<p>L’etapa de Primària a la nostra escola abraça els tres cicles: Inicial, Mitjà i Superior, un camí de sis anys ple d’aprenentatges, reptes i vivències que acompanyen l’alumnat en el seu creixement personal i acadèmic.<br />
El pas d’Infantil a Primària representa un canvi important, ja que els infants guanyen autonomia, assumeixen noves responsabilitats i comencen a desenvolupar hàbits de treball més estructurats.</p>
<p>A la nostra escola donem un valor especial a la lectura, les matemàtiques i la llengua, com a pilars fonamentals per al desenvolupament competencial. Treballem perquè els infants aprenguin d’una manera significativa, crítica i creativa, potenciant el pensament, la comprensió i la comunicació en totes les seves formes.</p>
<p>Creiem en una educació que combina esforç, motivació i descoberta, i que acompanya els nois i noies perquè esdevinguin persones capaces, respectuoses i preparades per afrontar nous reptes.<br />
<a href="https://agora.xtec.cat/ceipsantjust/wp-content/uploads/usu1862/2025/12/Captura-de-pantalla-2025-12-08-212254.png"><img loading="lazy" decoding="async" src="https://agora.xtec.cat/ceipsantjust/wp-content/uploads/usu1862/2025/12/Captura-de-pantalla-2025-12-08-212254.png" alt="" width="576" height="461" class="aligncenter size-full wp-image-2711" srcset="https://agora.xtec.cat/ceipsantjust/wp-content/uploads/usu1862/2025/12/Captura-de-pantalla-2025-12-08-212254.png 576w, https://agora.xtec.cat/ceipsantjust/wp-content/uploads/usu1862/2025/12/Captura-de-pantalla-2025-12-08-212254-300x240.png 300w" sizes="auto, (max-width: 576px) 100vw, 576px" /></a></p>

<p>L’etapa de Primària a la nostra escola abraça els tres cicles: Inicial, Mitjà i Superior, un camí de sis anys ple d’aprenentatges, reptes i vivències que acompanyen l’alumnat en el seu creixement personal i acadèmic. El pas d’Infantil a Primària representa un canvi important, ja que els infants guanyen autonomia, assumeixen noves responsabilitats i comencen [&hellip;]</p>
