{"id":2609,"date":"2025-12-08T12:17:33","date_gmt":"2025-12-08T11:17:33","guid":{"rendered":"https:\/\/agora.xtec.cat\/ceipsantjust\/?page_id=2609"},"modified":"2025-12-08T12:17:33","modified_gmt":"2025-12-08T11:17:33","slug":"els-artistes-a-educacio-infantil","status":"publish","type":"page","link":"https:\/\/agora.xtec.cat\/ceipsantjust\/nivells\/infantil\/els-artistes-a-educacio-infantil\/","title":{"rendered":"ELS ARTISTES A EDUCACI\u00d3 INFANTIL"},"content":{"rendered":"<p>L\u2019art est\u00e0 molt present en totes les nostres activitats al parvulari. Fomentar la creativitat \u00e9s una prioritat per a nosaltres, ja que permet als infants expressar-se lliurement i desenvolupar la seva imaginaci\u00f3.<\/p>\n<p>A tota l\u2019escola treballem l\u2019art a partir de diferents artistes. A partir del segon o tercer trimestre, comencem a con\u00e8ixer aspectes de la vida de l\u2019artista i el seu estil, i reprodu\u00efm les seves obres utilitzant diferents t\u00e8cniques.<\/p>\n<p>Per treballar aquests artistes, organitzem tallers l\u00fadics i art\u00edstics. Cada any experimentem diverses t\u00e8cniques que utilitzaven els artistes, descobrim la seva biografia i coneixem les seves obres m\u00e9s importants. Finalment, preparem petites exposicions perqu\u00e8 la resta de la comunitat educativa pugui veure els treballs dels infants.<br \/>\n<a href=\"https:\/\/agora.xtec.cat\/ceipsantjust\/wp-content\/uploads\/usu1862\/2025\/12\/baixa-42.jpg\"><img loading=\"lazy\" decoding=\"async\" src=\"https:\/\/agora.xtec.cat\/ceipsantjust\/wp-content\/uploads\/usu1862\/2025\/12\/baixa-42.jpg\" alt=\"\" width=\"225\" height=\"225\" class=\"aligncenter size-full wp-image-2610\" srcset=\"https:\/\/agora.xtec.cat\/ceipsantjust\/wp-content\/uploads\/usu1862\/2025\/12\/baixa-42.jpg 225w, https:\/\/agora.xtec.cat\/ceipsantjust\/wp-content\/uploads\/usu1862\/2025\/12\/baixa-42-150x150.jpg 150w\" sizes=\"auto, (max-width: 225px) 100vw, 225px\" \/><\/a><\/p>\n","protected":false},"excerpt":{"rendered":"<p>L\u2019art est\u00e0 molt present en totes les nostres activitats al parvulari. Fomentar la creativitat \u00e9s una prioritat per a nosaltres, ja que permet als infants expressar-se lliurement i desenvolupar la seva imaginaci\u00f3. A tota l\u2019escola treballem l\u2019art a partir de diferents artistes. A partir del segon o tercer trimestre, comencem a con\u00e8ixer aspectes de la [&hellip;]<\/p>\n","protected":false},"author":1,"featured_media":0,"parent":2491,"menu_order":0,"comment_status":"closed","ping_status":"closed","template":"","meta":{"_bbp_topic_count":0,"_bbp_reply_count":0,"_bbp_total_topic_count":0,"_bbp_total_reply_count":0,"_bbp_voice_count":0,"_bbp_anonymous_reply_count":0,"_bbp_topic_count_hidden":0,"_bbp_reply_count_hidden":0,"_bbp_forum_subforum_count":0,"site-sidebar-layout":"default","site-content-layout":"","ast-site-content-layout":"default","site-content-style":"default","site-sidebar-style":"default","ast-global-header-display":"","ast-banner-title-visibility":"","ast-main-header-display":"","ast-hfb-above-header-display":"","ast-hfb-below-header-display":"","ast-hfb-mobile-header-display":"","site-post-title":"","ast-breadcrumbs-content":"","ast-featured-img":"","footer-sml-layout":"","theme-transparent-header-meta":"default","adv-header-id-meta":"","stick-header-meta":"","header-above-stick-meta":"","header-main-stick-meta":"","header-below-stick-meta":"","astra-migrate-meta-layouts":"set","ast-page-background-enabled":"default","ast-page-background-meta":{"desktop":{"background-color":"var(--ast-global-color-4)","background-image":"","background-repeat":"repeat","background-position":"center center","background-size":"auto","background-attachment":"scroll","background-type":"","background-media":"","overlay-type":"","overlay-color":"","overlay-opacity":"","overlay-gradient":""},"tablet":{"background-color":"","background-image":"","background-repeat":"repeat","background-position":"center center","background-size":"auto","background-attachment":"scroll","background-type":"","background-media":"","overlay-type":"","overlay-color":"","overlay-opacity":"","overlay-gradient":""},"mobile":{"background-color":"","background-image":"","background-repeat":"repeat","background-position":"center center","background-size":"auto","background-attachment":"scroll","background-type":"","background-media":"","overlay-type":"","overlay-color":"","overlay-opacity":"","overlay-gradient":""}},"ast-content-background-meta":{"desktop":{"background-color":"var(--ast-global-color-5)","background-image":"","background-repeat":"repeat","background-position":"center center","background-size":"auto","background-attachment":"scroll","background-type":"","background-media":"","overlay-type":"","overlay-color":"","overlay-opacity":"","overlay-gradient":""},"tablet":{"background-color":"var(--ast-global-color-5)","background-image":"","background-repeat":"repeat","background-position":"center center","background-size":"auto","background-attachment":"scroll","background-type":"","background-media":"","overlay-type":"","overlay-color":"","overlay-opacity":"","overlay-gradient":""},"mobile":{"background-color":"var(--ast-global-color-5)","background-image":"","background-repeat":"repeat","background-position":"center center","background-size":"auto","background-attachment":"scroll","background-type":"","background-media":"","overlay-type":"","overlay-color":"","overlay-opacity":"","overlay-gradient":""}},"footnotes":""},"class_list":["post-2609","page","type-page","status-publish","hentry"],"post_mailing_queue_ids":[],"_links":{"self":[{"href":"https:\/\/agora.xtec.cat\/ceipsantjust\/wp-json\/wp\/v2\/pages\/2609","targetHints":{"allow":["GET"]}}],"collection":[{"href":"https:\/\/agora.xtec.cat\/ceipsantjust\/wp-json\/wp\/v2\/pages"}],"about":[{"href":"https:\/\/agora.xtec.cat\/ceipsantjust\/wp-json\/wp\/v2\/types\/page"}],"author":[{"embeddable":true,"href":"https:\/\/agora.xtec.cat\/ceipsantjust\/wp-json\/wp\/v2\/users\/1"}],"replies":[{"embeddable":true,"href":"https:\/\/agora.xtec.cat\/ceipsantjust\/wp-json\/wp\/v2\/comments?post=2609"}],"version-history":[{"count":1,"href":"https:\/\/agora.xtec.cat\/ceipsantjust\/wp-json\/wp\/v2\/pages\/2609\/revisions"}],"predecessor-version":[{"id":2611,"href":"https:\/\/agora.xtec.cat\/ceipsantjust\/wp-json\/wp\/v2\/pages\/2609\/revisions\/2611"}],"up":[{"embeddable":true,"href":"https:\/\/agora.xtec.cat\/ceipsantjust\/wp-json\/wp\/v2\/pages\/2491"}],"wp:attachment":[{"href":"https:\/\/agora.xtec.cat\/ceipsantjust\/wp-json\/wp\/v2\/media?parent=2609"}],"curies":[{"name":"wp","href":"https:\/\/api.w.org\/{rel}","templated":true}]}}

ELS ARTISTES A EDUCACIÓ INFANTIL

<p>L’art està molt present en totes les nostres activitats al parvulari. Fomentar la creativitat és una prioritat per a nosaltres, ja que permet als infants expressar-se lliurement i desenvolupar la seva imaginació.</p>
<p>A tota l’escola treballem l’art a partir de diferents artistes. A partir del segon o tercer trimestre, comencem a conèixer aspectes de la vida de l’artista i el seu estil, i reproduïm les seves obres utilitzant diferents tècniques.</p>
<p>Per treballar aquests artistes, organitzem tallers lúdics i artístics. Cada any experimentem diverses tècniques que utilitzaven els artistes, descobrim la seva biografia i coneixem les seves obres més importants. Finalment, preparem petites exposicions perquè la resta de la comunitat educativa pugui veure els treballs dels infants.<br />
<a href="https://agora.xtec.cat/ceipsantjust/wp-content/uploads/usu1862/2025/12/baixa-42.jpg"><img loading="lazy" decoding="async" src="https://agora.xtec.cat/ceipsantjust/wp-content/uploads/usu1862/2025/12/baixa-42.jpg" alt="" width="225" height="225" class="aligncenter size-full wp-image-2610" srcset="https://agora.xtec.cat/ceipsantjust/wp-content/uploads/usu1862/2025/12/baixa-42.jpg 225w, https://agora.xtec.cat/ceipsantjust/wp-content/uploads/usu1862/2025/12/baixa-42-150x150.jpg 150w" sizes="auto, (max-width: 225px) 100vw, 225px" /></a></p>

<p>L’art està molt present en totes les nostres activitats al parvulari. Fomentar la creativitat és una prioritat per a nosaltres, ja que permet als infants expressar-se lliurement i desenvolupar la seva imaginació. A tota l’escola treballem l’art a partir de diferents artistes. A partir del segon o tercer trimestre, comencem a conèixer aspectes de la [&hellip;]</p>
